{"id":299,"date":"2015-01-28T11:21:22","date_gmt":"2015-01-28T10:21:22","guid":{"rendered":"http:\/\/agora.xtec.cat\/cfajverdaguercastelldefels\/\/?page_id=299"},"modified":"2024-08-04T07:09:26","modified_gmt":"2024-08-04T05:09:26","slug":"llengua-castellana","status":"publish","type":"page","link":"https:\/\/agora.xtec.cat\/cfacastelldefels\/ensenyaments\/ensenyaments-inicials-i-formacio-basica\/llengua-castellana\/","title":{"rendered":"Llengua castellana"},"content":{"rendered":"<p><strong>Els cursos de llengua castellana per a no castellanoparlants\u00a0<\/strong><\/p>\n<ul>\n<li><span style=\"font-family: inherit; font-size: 1em;\">Permeten que les persones adultes assoleixin un grau de compet\u00e8ncia comunicativa b\u00e0sica en llengua castellana.<\/span><\/li>\n<li>L\u2019alumnat que accedeix de nou a un d\u2019aquests cursos far\u00e0 una prova de nivell.<\/li>\n<li>Per accedir cal tenir 18 anys, fer la preinscripci\u00f3 al juny i la matr\u00edcula al setembre.<\/li>\n<li>Nivells A1 \/ A2\u00a0 \/ B1 del MECR-Marc Europeu Com\u00fa de Refer\u00e8ncia per a les Lleng\u00fces.<\/li>\n<li>Durada un curs escolar: De setembre\u00a0 a juny.<\/li>\n<li>Organitzaci\u00f3: Nivell A1 (105 H, 3 hores setmanals), Nivells A2 i B1(140 H, 4 hores setmanals).<\/li>\n<li>Curr\u00edculum: Correspon al MECR (A1\/ A2\/ B1).<\/li>\n<li>Recursos: Aula virtual.<\/li>\n<li>Avaluaci\u00f3. Avaluaci\u00f3 continua, amb proves de nivell i avaluaci\u00f3 final.<\/li>\n<li>Promoci\u00f3 de curs i\/o obtenci\u00f3 de certificaci\u00f3: Cal una calificaci\u00f3 d&#8217;Apte i una assist\u00e8ncia del &gt;80% de les classes per obtenir certificat del curs.<\/li>\n<\/ul>\n<p><strong style=\"font-family: inherit; font-size: 1em;\">Los cursos de lengua castellana para no castellanohablantes<\/strong><\/p>\n<div class=\"jhH5U\">\n<div id=\"tw-ob\" class=\"tw-src-ltr\">\n<div class=\"oSioSc\">\n<div id=\"tw-target\">\n<div id=\"kAz1tf\" class=\"g9WsWb\">\n<div id=\"tw-target-text-container\" class=\"tw-ta-container hide-focus-ring tw-nfl\" tabindex=\"0\">\n<ul>\n<li><span style=\"font-family: inherit; font-size: 1em;\">Permiten que las persones adultas consigan\u00a0 un grado de competencia comunicativa b\u00e1sica en lengua castellana.<\/span><\/li>\n<li>El alumnado que accede de nuevo a uno de estos cursos realizar\u00e1 una prueba de nivel.<\/li>\n<li>Para acceder hay que tener 18 a\u00f1os, hacer la preinscripci\u00f3n en junio y la matr\u00edcula en septiembre.<\/li>\n<li>Niveles A1 \/ A2\u00a0 \/ B1 del MECR-Marco Europeo Com\u00fan de Referencia para las Lenguas.<\/li>\n<li>Duraci\u00f3n: Un curso escolar, de septiembre\u00a0 a junio.<\/li>\n<li>Organizaci\u00f3n.\u00a0 Nivel A1 (105 H, 3 horas semanales), Niveles A2 y B1(140 H, 4 horas semanales).<\/li>\n<li>Curr\u00edculum: Corresponde al MECR (A1\/ A2\/ B1).<\/li>\n<li>Recursos: Aula virtual.<\/li>\n<li>Evaluaci\u00f3n: Evaluaci\u00f3n continua, con pruebas de nivel y evaluaci\u00f3n final.<\/li>\n<li>Promoci\u00f3n de curso y\/o obtenci\u00f3n de certificaci\u00f3n: Es necesario obtener una calificaci\u00f3n de Apto y una asistencia del &gt;80% de les clases para obtener certificado del curso.<\/li>\n<\/ul>\n<\/div>\n<div id=\"tw-target-rmn-container\" class=\"tw-ta-container hide-focus-ring tw-nfl\">\n<pre id=\"tw-target-rmn\" class=\"tw-data-placeholder tw-text-small tw-ta\" dir=\"ltr\" data-placeholder=\"\"><\/pre>\n<\/div>\n<div class=\"iYB33c\">\n<div class=\"dlJLJe\">\n<div data-cviv=\"false\" data-ved=\"2ahUKEwjl49aq2vLpAhVQzRoKHdr9BmIQz_AEMAB6BAgBEA4\">\n<div class=\"U9URNb\"><\/div>\n<\/div>\n<\/div>\n<div id=\"tw-tmenu\" class=\"tw-menu\"><\/div>\n<\/div>\n<\/div>\n<\/div>\n<\/div>\n<\/div>\n<div id=\"tw-images\"><\/div>\n<div class=\"dURPtb\"><\/div>\n<div>\n<div><\/div>\n<\/div>\n<\/div>\n","protected":false},"excerpt":{"rendered":"<p>Els cursos de llengua castellana per a no castellanoparlants\u00a0 Permeten que les persones adultes assoleixin un grau de compet\u00e8ncia comunicativa b\u00e0sica en llengua castellana. L\u2019alumnat que accedeix de nou a un d\u2019aquests cursos far\u00e0 una prova de nivell. Per accedir cal tenir 18 anys, fer la preinscripci\u00f3 al juny i la matr\u00edcula al setembre. Nivells [&hellip;]<\/p>\n","protected":false},"author":2,"featured_media":0,"parent":283,"menu_order":0,"comment_status":"closed","ping_status":"closed","template":"page-templates\/side-menu.php","meta":{"_bbp_topic_count":0,"_bbp_reply_count":0,"_bbp_total_topic_count":0,"_bbp_total_reply_count":0,"_bbp_voice_count":0,"_bbp_anonymous_reply_count":0,"_bbp_topic_count_hidden":0,"_bbp_reply_count_hidden":0,"_bbp_forum_subforum_count":0,"site-sidebar-layout":"default","site-content-layout":"","ast-site-content-layout":"","site-content-style":"default","site-sidebar-style":"default","ast-global-header-display":"","ast-banner-title-visibility":"","ast-main-header-display":"","ast-hfb-above-header-display":"","ast-hfb-below-header-display":"","ast-hfb-mobile-header-display":"","site-post-title":"","ast-breadcrumbs-content":"","ast-featured-img":"","footer-sml-layout":"","theme-transparent-header-meta":"","adv-header-id-meta":"","stick-header-meta":"","header-above-stick-meta":"","header-main-stick-meta":"","header-below-stick-meta":"","astra-migrate-meta-layouts":"default","ast-page-background-enabled":"default","ast-page-background-meta":{"desktop":{"background-color":"var(--ast-global-color-4)","background-image":"","background-repeat":"repeat","background-position":"center center","background-size":"auto","background-attachment":"scroll","background-type":"","background-media":"","overlay-type":"","overlay-color":"","overlay-opacity":"","overlay-gradient":""},"tablet":{"background-color":"","background-image":"","background-repeat":"repeat","background-position":"center center","background-size":"auto","background-attachment":"scroll","background-type":"","background-media":"","overlay-type":"","overlay-color":"","overlay-opacity":"","overlay-gradient":""},"mobile":{"background-color":"","background-image":"","background-repeat":"repeat","background-position":"center center","background-size":"auto","background-attachment":"scroll","background-type":"","background-media":"","overlay-type":"","overlay-color":"","overlay-opacity":"","overlay-gradient":""}},"ast-content-background-meta":{"desktop":{"background-color":"var(--ast-global-color-5)","background-image":"","background-repeat":"repeat","background-position":"center center","background-size":"auto","background-attachment":"scroll","background-type":"","background-media":"","overlay-type":"","overlay-color":"","overlay-opacity":"","overlay-gradient":""},"tablet":{"background-color":"var(--ast-global-color-5)","background-image":"","background-repeat":"repeat","background-position":"center center","background-size":"auto","background-attachment":"scroll","background-type":"","background-media":"","overlay-type":"","overlay-color":"","overlay-opacity":"","overlay-gradient":""},"mobile":{"background-color":"var(--ast-global-color-5)","background-image":"","background-repeat":"repeat","background-position":"center center","background-size":"auto","background-attachment":"scroll","background-type":"","background-media":"","overlay-type":"","overlay-color":"","overlay-opacity":"","overlay-gradient":""}},"footnotes":""},"class_list":["post-299","page","type-page","status-publish","hentry"],"post_mailing_queue_ids":[],"_links":{"self":[{"href":"https:\/\/agora.xtec.cat\/cfacastelldefels\/wp-json\/wp\/v2\/pages\/299","targetHints":{"allow":["GET"]}}],"collection":[{"href":"https:\/\/agora.xtec.cat\/cfacastelldefels\/wp-json\/wp\/v2\/pages"}],"about":[{"href":"https:\/\/agora.xtec.cat\/cfacastelldefels\/wp-json\/wp\/v2\/types\/page"}],"author":[{"embeddable":true,"href":"https:\/\/agora.xtec.cat\/cfacastelldefels\/wp-json\/wp\/v2\/users\/2"}],"replies":[{"embeddable":true,"href":"https:\/\/agora.xtec.cat\/cfacastelldefels\/wp-json\/wp\/v2\/comments?post=299"}],"version-history":[{"count":4,"href":"https:\/\/agora.xtec.cat\/cfacastelldefels\/wp-json\/wp\/v2\/pages\/299\/revisions"}],"predecessor-version":[{"id":4925,"href":"https:\/\/agora.xtec.cat\/cfacastelldefels\/wp-json\/wp\/v2\/pages\/299\/revisions\/4925"}],"up":[{"embeddable":true,"href":"https:\/\/agora.xtec.cat\/cfacastelldefels\/wp-json\/wp\/v2\/pages\/283"}],"wp:attachment":[{"href":"https:\/\/agora.xtec.cat\/cfacastelldefels\/wp-json\/wp\/v2\/media?parent=299"}],"curies":[{"name":"wp","href":"https:\/\/api.w.org\/{rel}","templated":true}]}}

<p><strong>Els cursos de llengua castellana per a no castellanoparlants </strong></p>
<ul>
<li><span style="font-family: inherit; font-size: 1em;">Permeten que les persones adultes assoleixin un grau de competència comunicativa bàsica en llengua castellana.</span></li>
<li>L’alumnat que accedeix de nou a un d’aquests cursos farà una prova de nivell.</li>
<li>Per accedir cal tenir 18 anys, fer la preinscripció al juny i la matrícula al setembre.</li>
<li>Nivells A1 / A2  / B1 del MECR-Marc Europeu Comú de Referència per a les Llengües.</li>
<li>Durada un curs escolar: De setembre  a juny.</li>
<li>Organització: Nivell A1 (105 H, 3 hores setmanals), Nivells A2 i B1(140 H, 4 hores setmanals).</li>
<li>Currículum: Correspon al MECR (A1/ A2/ B1).</li>
<li>Recursos: Aula virtual.</li>
<li>Avaluació. Avaluació continua, amb proves de nivell i avaluació final.</li>
<li>Promoció de curs i/o obtenció de certificació: Cal una calificació d&#8217;Apte i una assistència del &gt;80% de les classes per obtenir certificat del curs.</li>
</ul>
<p><strong style="font-family: inherit; font-size: 1em;">Los cursos de lengua castellana para no castellanohablantes</strong></p>
<div class="jhH5U">
<div id="tw-ob" class="tw-src-ltr">
<div class="oSioSc">
<div id="tw-target">
<div id="kAz1tf" class="g9WsWb">
<div id="tw-target-text-container" class="tw-ta-container hide-focus-ring tw-nfl" tabindex="0">
<ul>
<li><span style="font-family: inherit; font-size: 1em;">Permiten que las persones adultas consigan  un grado de competencia comunicativa básica en lengua castellana.</span></li>
<li>El alumnado que accede de nuevo a uno de estos cursos realizará una prueba de nivel.</li>
<li>Para acceder hay que tener 18 años, hacer la preinscripción en junio y la matrícula en septiembre.</li>
<li>Niveles A1 / A2  / B1 del MECR-Marco Europeo Común de Referencia para las Lenguas.</li>
<li>Duración: Un curso escolar, de septiembre  a junio.</li>
<li>Organización.  Nivel A1 (105 H, 3 horas semanales), Niveles A2 y B1(140 H, 4 horas semanales).</li>
<li>Currículum: Corresponde al MECR (A1/ A2/ B1).</li>
<li>Recursos: Aula virtual.</li>
<li>Evaluación: Evaluación continua, con pruebas de nivel y evaluación final.</li>
<li>Promoción de curso y/o obtención de certificación: Es necesario obtener una calificación de Apto y una asistencia del &gt;80% de les clases para obtener certificado del curso.</li>
</ul>
</div>
<div id="tw-target-rmn-container" class="tw-ta-container hide-focus-ring tw-nfl">
<pre id="tw-target-rmn" class="tw-data-placeholder tw-text-small tw-ta" dir="ltr" data-placeholder=""></pre>
</div>
<div class="iYB33c">
<div class="dlJLJe">
<div data-cviv="false" data-ved="2ahUKEwjl49aq2vLpAhVQzRoKHdr9BmIQz_AEMAB6BAgBEA4">
<div class="U9URNb"></div>
</div>
</div>
<div id="tw-tmenu" class="tw-menu"></div>
</div>
</div>
</div>
</div>
</div>
<div id="tw-images"></div>
<div class="dURPtb"></div>
<div>
<div></div>
</div>
</div>

<p>Els cursos de llengua castellana per a no castellanoparlants  Permeten que les persones adultes assoleixin un grau de competència comunicativa bàsica en llengua castellana. L’alumnat que accedeix de nou a un d’aquests cursos farà una prova de nivell. Per accedir cal tenir 18 anys, fer la preinscripció al juny i la matrícula al setembre. Nivells [&hellip;]</p>
