{"id":2831,"date":"2020-11-20T10:33:06","date_gmt":"2020-11-20T09:33:06","guid":{"rendered":"https:\/\/agora.xtec.cat\/cfacastelldefels\/?page_id=2831"},"modified":"2025-05-14T14:44:45","modified_gmt":"2025-05-14T12:44:45","slug":"ges-ioc","status":"publish","type":"page","link":"https:\/\/agora.xtec.cat\/cfacastelldefels\/ges-ioc\/","title":{"rendered":"GES IOC"},"content":{"rendered":"<p><strong>Som centre col\u00b7laborador de l\u2019IOC GES<\/strong><\/p>\n<p>Qu\u00e8 \u00e9s l\u2019IOC? \u00c9s l\u2019Institut Obert de Catalunya, un centre de secund\u00e0ria a dist\u00e0ncia per als alumnes que per diversos motius no poden fer els cursos de manera presencial.<\/p>\n<p>Al nostre centre pots estudiar a dist\u00e0ncia el Graduat de Secund\u00e0ria. Nosaltres som el centre tutor, el que et permet fer els tr\u00e0mits de matr\u00edcula i fer les proves presencials que corresponguin. Els estudis de Graduat en ESO permeten completar els ensenyaments b\u00e0sics i obtenir el t\u00edtol corresponent.<\/p>\n<p>Els alumnes presencials poden fer part del curr\u00edculum del GES a dist\u00e0ncia a l&#8217;IOC.<\/p>\n<p>Els alumnes de CFGS presencials poden fer les mat\u00e8ries espec\u00edfiques que no oferim a l\u2019IOC.<\/p>\n<p><strong>Com matricular-te per fer el GES a trav\u00e9s del IOC\u00a0<\/strong><\/p>\n<p style=\"text-align: left;\">Per matricular-se cal seguir dos passos:<\/p>\n<p style=\"text-align: left;\">PAS 1<br \/>\nDe l\u20192 al 8 de setembre, cal fer la <a href=\"https:\/\/ioc.xtec.cat\/secretaria\/cpl\/MatTeleAlta.php\" target=\"_blank\" rel=\"noopener\">preinscripci\u00f3<\/a> per crear l\u2019espai individual a l\u2019IOC i pujar al vostre espai la documentaci\u00f3 necess\u00e0ria. Ho podreu fer des d\u2019aquest <a href=\"https:\/\/ioc.xtec.cat\/secretaria\/cpl\/MatTeleAlta.php\" target=\"_blank\" rel=\"noopener\">enlla\u00e7<\/a>.<\/p>\n<p>PAS 2<br \/>\nDel 3 al 9 de setembre, cal fer una entrevista personal al centre (CFA Castelldefels). Per poder fer l\u2019entrevista, \u00e9s imprescindible demanar abans CITA PR\u00c8VIA, trucant per tel\u00e8fon al 936 64 18 84 en horari d\u2019informaci\u00f3 general del centre.<\/p>\n<p>A l\u2019entrevista, cal dur la documentaci\u00f3 original: DNI o passaport i expedient acad\u00e8mic, si s\u2019escau.<\/p>\n<p><a href=\"https:\/\/ioc.xtec.cat\/educacio\/ges\" target=\"_blank\" rel=\"noopener\">Aqu\u00ed<\/a> trobareu informaci\u00f3 sobre els estudis de GES a l\u2019IOC: Preinscripci\u00f3 i matr\u00edcula, requisits, preus, bonificacions i exempcions\u2026 Feu una lectura de tota aquesta informaci\u00f3 abans del dia de la cita pr\u00e8via, aix\u00ed ser\u00e0 m\u00e9s f\u00e0cil solucionar dubtes i trobar l\u2019itinerari m\u00e9s adient per a vosaltres.<\/p>\n<p><strong>V\u00eddeos informatius<\/strong><\/p>\n<p>Aqu\u00ed teniu dos v\u00eddeos que us resoldran molts dels vostres dubtes:<\/p>\n<p><iframe loading=\"lazy\" src=\"\/\/player.vimeo.com\/video\/299165219?title=0&amp;amp;byline=0\" width=\"425\" height=\"350\"><\/iframe><\/p>\n<p>Informaci\u00f3 sobre el campus virtual del graduat de secund\u00e0ria:<\/p>\n<p><iframe loading=\"lazy\" src=\"https:\/\/player.vimeo.com\/video\/315632132\" width=\"640\" height=\"360\" frameborder=\"0\"><\/iframe><\/p>\n","protected":false},"excerpt":{"rendered":"<p>Som centre col\u00b7laborador de l\u2019IOC GES Qu\u00e8 \u00e9s l\u2019IOC? \u00c9s l\u2019Institut Obert de Catalunya, un centre de secund\u00e0ria a dist\u00e0ncia per als alumnes que per diversos motius no poden fer els cursos de manera presencial. Al nostre centre pots estudiar a dist\u00e0ncia el Graduat de Secund\u00e0ria. Nosaltres som el centre tutor, el que et permet [&hellip;]<\/p>\n","protected":false},"author":1,"featured_media":0,"parent":0,"menu_order":0,"comment_status":"closed","ping_status":"closed","template":"","meta":{"_bbp_topic_count":0,"_bbp_reply_count":0,"_bbp_total_topic_count":0,"_bbp_total_reply_count":0,"_bbp_voice_count":0,"_bbp_anonymous_reply_count":0,"_bbp_topic_count_hidden":0,"_bbp_reply_count_hidden":0,"_bbp_forum_subforum_count":0,"site-sidebar-layout":"default","site-content-layout":"","ast-site-content-layout":"","site-content-style":"default","site-sidebar-style":"default","ast-global-header-display":"","ast-banner-title-visibility":"","ast-main-header-display":"","ast-hfb-above-header-display":"","ast-hfb-below-header-display":"","ast-hfb-mobile-header-display":"","site-post-title":"","ast-breadcrumbs-content":"","ast-featured-img":"","footer-sml-layout":"","theme-transparent-header-meta":"","adv-header-id-meta":"","stick-header-meta":"","header-above-stick-meta":"","header-main-stick-meta":"","header-below-stick-meta":"","astra-migrate-meta-layouts":"default","ast-page-background-enabled":"default","ast-page-background-meta":{"desktop":{"background-color":"var(--ast-global-color-4)","background-image":"","background-repeat":"repeat","background-position":"center center","background-size":"auto","background-attachment":"scroll","background-type":"","background-media":"","overlay-type":"","overlay-color":"","overlay-opacity":"","overlay-gradient":""},"tablet":{"background-color":"","background-image":"","background-repeat":"repeat","background-position":"center center","background-size":"auto","background-attachment":"scroll","background-type":"","background-media":"","overlay-type":"","overlay-color":"","overlay-opacity":"","overlay-gradient":""},"mobile":{"background-color":"","background-image":"","background-repeat":"repeat","background-position":"center center","background-size":"auto","background-attachment":"scroll","background-type":"","background-media":"","overlay-type":"","overlay-color":"","overlay-opacity":"","overlay-gradient":""}},"ast-content-background-meta":{"desktop":{"background-color":"var(--ast-global-color-5)","background-image":"","background-repeat":"repeat","background-position":"center center","background-size":"auto","background-attachment":"scroll","background-type":"","background-media":"","overlay-type":"","overlay-color":"","overlay-opacity":"","overlay-gradient":""},"tablet":{"background-color":"var(--ast-global-color-5)","background-image":"","background-repeat":"repeat","background-position":"center center","background-size":"auto","background-attachment":"scroll","background-type":"","background-media":"","overlay-type":"","overlay-color":"","overlay-opacity":"","overlay-gradient":""},"mobile":{"background-color":"var(--ast-global-color-5)","background-image":"","background-repeat":"repeat","background-position":"center center","background-size":"auto","background-attachment":"scroll","background-type":"","background-media":"","overlay-type":"","overlay-color":"","overlay-opacity":"","overlay-gradient":""}},"footnotes":""},"class_list":["post-2831","page","type-page","status-publish","hentry"],"post_mailing_queue_ids":[],"_links":{"self":[{"href":"https:\/\/agora.xtec.cat\/cfacastelldefels\/wp-json\/wp\/v2\/pages\/2831","targetHints":{"allow":["GET"]}}],"collection":[{"href":"https:\/\/agora.xtec.cat\/cfacastelldefels\/wp-json\/wp\/v2\/pages"}],"about":[{"href":"https:\/\/agora.xtec.cat\/cfacastelldefels\/wp-json\/wp\/v2\/types\/page"}],"author":[{"embeddable":true,"href":"https:\/\/agora.xtec.cat\/cfacastelldefels\/wp-json\/wp\/v2\/users\/1"}],"replies":[{"embeddable":true,"href":"https:\/\/agora.xtec.cat\/cfacastelldefels\/wp-json\/wp\/v2\/comments?post=2831"}],"version-history":[{"count":6,"href":"https:\/\/agora.xtec.cat\/cfacastelldefels\/wp-json\/wp\/v2\/pages\/2831\/revisions"}],"predecessor-version":[{"id":5287,"href":"https:\/\/agora.xtec.cat\/cfacastelldefels\/wp-json\/wp\/v2\/pages\/2831\/revisions\/5287"}],"wp:attachment":[{"href":"https:\/\/agora.xtec.cat\/cfacastelldefels\/wp-json\/wp\/v2\/media?parent=2831"}],"curies":[{"name":"wp","href":"https:\/\/api.w.org\/{rel}","templated":true}]}}