{"id":265,"date":"2015-01-27T17:28:56","date_gmt":"2015-01-27T16:28:56","guid":{"rendered":"http:\/\/agora.xtec.cat\/cfajverdaguercastelldefels\/\/?page_id=265"},"modified":"2026-01-12T11:31:39","modified_gmt":"2026-01-12T10:31:39","slug":"organitzacio-interna","status":"publish","type":"page","link":"https:\/\/agora.xtec.cat\/cfacastelldefels\/el-centre\/organitzacio-interna\/","title":{"rendered":"Organitzaci\u00f3 interna"},"content":{"rendered":"<h5><strong>Centre de Formaci\u00f3 de persones Adultes \u00a0Castelldefels<\/strong><\/h5>\n<ul>\n<li><strong>Direcci\u00f3<\/strong>: carrer Muralla s\/n, Castelldefels<\/li>\n<li><strong>Equip directiu<\/strong>\n<ul>\n<li>Directora: Ester Mellado<\/li>\n<li>Cap d&#8217;Estudis: Juan Jos\u00e9 En\u00e9riz<\/li>\n<li>Secret\u00e0ria: Magda Bold\u00fa<\/li>\n<\/ul>\n<\/li>\n<li><strong>Coordinacions<\/strong>:\n<ul>\n<li>Proves d&#8217;acc\u00e9s: Esther Haro<\/li>\n<li>Ensenyaments inicials (lleng\u00fces): S\u00f2nia Pascau<\/li>\n<li>Formaci\u00f3 b\u00e0sica (GES): Laia Cerezo<\/li>\n<li>Compet\u00e8ncies per a la societat de la informaci\u00f3 (TIC): Ester Mellado<\/li>\n<li>Riscos laborals: Ester Mellado<\/li>\n<li>Cocobe: Marta Garc\u00eda<\/li>\n<\/ul>\n<\/li>\n<li><strong>PAS<\/strong>\n<ul>\n<li>Administrativa: Noelia Quir\u00f3s<\/li>\n<li>Conserges: Alfredo Salido i Antonio Robles<\/li>\n<\/ul>\n<\/li>\n<li><strong>Neteja<\/strong>: Cristina Mart\u00edn<\/li>\n<li><strong>Consell escolar de centre<\/strong>. Representants:\n<ul>\n<li>Equip directiu<\/li>\n<li>Professorat del centre: Laia Cerezo, Alba Fierro, Marta Garc\u00eda, S\u00f2nia Pascau i \u00d2scar Rondoni<\/li>\n<li>Alumnat: Mikel Artiaga, T\u00e0nia Galiot, Gl\u00f2ria Ginabreda, Isabel Nogu\u00e9s i Eva Rold\u00e1n<\/li>\n<li>Ajuntament: Mar\u00eda de los \u00c1ngeles Ortega<\/li>\n<li>PAS: Noelia Quir\u00f3s<\/li>\n<\/ul>\n<\/li>\n<\/ul>\n<ul>\n<li>Som membres permanents del Consell escolar Municipal de Castelldefels<\/li>\n<\/ul>\n","protected":false},"excerpt":{"rendered":"<p>Centre de Formaci\u00f3 de persones Adultes \u00a0Castelldefels Direcci\u00f3: carrer Muralla s\/n, Castelldefels Equip directiu Directora: Ester Mellado Cap d&#8217;Estudis: Juan Jos\u00e9 En\u00e9riz Secret\u00e0ria: Magda Bold\u00fa Coordinacions: Proves d&#8217;acc\u00e9s: Esther Haro Ensenyaments inicials (lleng\u00fces): S\u00f2nia Pascau Formaci\u00f3 b\u00e0sica (GES): Laia Cerezo Compet\u00e8ncies per a la societat de la informaci\u00f3 (TIC): Ester Mellado Riscos laborals: Ester Mellado [&hellip;]<\/p>\n","protected":false},"author":2,"featured_media":0,"parent":261,"menu_order":40,"comment_status":"closed","ping_status":"closed","template":"","meta":{"_bbp_topic_count":0,"_bbp_reply_count":0,"_bbp_total_topic_count":0,"_bbp_total_reply_count":0,"_bbp_voice_count":0,"_bbp_anonymous_reply_count":0,"_bbp_topic_count_hidden":0,"_bbp_reply_count_hidden":0,"_bbp_forum_subforum_count":0,"site-sidebar-layout":"default","site-content-layout":"","ast-site-content-layout":"default","site-content-style":"default","site-sidebar-style":"default","ast-global-header-display":"","ast-banner-title-visibility":"","ast-main-header-display":"","ast-hfb-above-header-display":"","ast-hfb-below-header-display":"","ast-hfb-mobile-header-display":"","site-post-title":"","ast-breadcrumbs-content":"","ast-featured-img":"","footer-sml-layout":"","theme-transparent-header-meta":"","adv-header-id-meta":"","stick-header-meta":"","header-above-stick-meta":"","header-main-stick-meta":"","header-below-stick-meta":"","astra-migrate-meta-layouts":"set","ast-page-background-enabled":"default","ast-page-background-meta":{"desktop":{"background-color":"var(--ast-global-color-4)","background-image":"","background-repeat":"repeat","background-position":"center center","background-size":"auto","background-attachment":"scroll","background-type":"","background-media":"","overlay-type":"","overlay-color":"","overlay-opacity":"","overlay-gradient":""},"tablet":{"background-color":"","background-image":"","background-repeat":"repeat","background-position":"center center","background-size":"auto","background-attachment":"scroll","background-type":"","background-media":"","overlay-type":"","overlay-color":"","overlay-opacity":"","overlay-gradient":""},"mobile":{"background-color":"","background-image":"","background-repeat":"repeat","background-position":"center center","background-size":"auto","background-attachment":"scroll","background-type":"","background-media":"","overlay-type":"","overlay-color":"","overlay-opacity":"","overlay-gradient":""}},"ast-content-background-meta":{"desktop":{"background-color":"var(--ast-global-color-5)","background-image":"","background-repeat":"repeat","background-position":"center center","background-size":"auto","background-attachment":"scroll","background-type":"","background-media":"","overlay-type":"","overlay-color":"","overlay-opacity":"","overlay-gradient":""},"tablet":{"background-color":"var(--ast-global-color-5)","background-image":"","background-repeat":"repeat","background-position":"center center","background-size":"auto","background-attachment":"scroll","background-type":"","background-media":"","overlay-type":"","overlay-color":"","overlay-opacity":"","overlay-gradient":""},"mobile":{"background-color":"var(--ast-global-color-5)","background-image":"","background-repeat":"repeat","background-position":"center center","background-size":"auto","background-attachment":"scroll","background-type":"","background-media":"","overlay-type":"","overlay-color":"","overlay-opacity":"","overlay-gradient":""}},"footnotes":""},"class_list":["post-265","page","type-page","status-publish","hentry"],"post_mailing_queue_ids":[],"_links":{"self":[{"href":"https:\/\/agora.xtec.cat\/cfacastelldefels\/wp-json\/wp\/v2\/pages\/265","targetHints":{"allow":["GET"]}}],"collection":[{"href":"https:\/\/agora.xtec.cat\/cfacastelldefels\/wp-json\/wp\/v2\/pages"}],"about":[{"href":"https:\/\/agora.xtec.cat\/cfacastelldefels\/wp-json\/wp\/v2\/types\/page"}],"author":[{"embeddable":true,"href":"https:\/\/agora.xtec.cat\/cfacastelldefels\/wp-json\/wp\/v2\/users\/2"}],"replies":[{"embeddable":true,"href":"https:\/\/agora.xtec.cat\/cfacastelldefels\/wp-json\/wp\/v2\/comments?post=265"}],"version-history":[{"count":6,"href":"https:\/\/agora.xtec.cat\/cfacastelldefels\/wp-json\/wp\/v2\/pages\/265\/revisions"}],"predecessor-version":[{"id":5542,"href":"https:\/\/agora.xtec.cat\/cfacastelldefels\/wp-json\/wp\/v2\/pages\/265\/revisions\/5542"}],"up":[{"embeddable":true,"href":"https:\/\/agora.xtec.cat\/cfacastelldefels\/wp-json\/wp\/v2\/pages\/261"}],"wp:attachment":[{"href":"https:\/\/agora.xtec.cat\/cfacastelldefels\/wp-json\/wp\/v2\/media?parent=265"}],"curies":[{"name":"wp","href":"https:\/\/api.w.org\/{rel}","templated":true}]}}

Organització interna

<h5><strong>Centre de Formació de persones Adultes  Castelldefels</strong></h5>
<ul>
<li><strong>Direcció</strong>: carrer Muralla s/n, Castelldefels</li>
<li><strong>Equip directiu</strong>
<ul>
<li>Directora: Ester Mellado</li>
<li>Cap d&#8217;Estudis: Juan José Enériz</li>
<li>Secretària: Magda Boldú</li>
</ul>
</li>
<li><strong>Coordinacions</strong>:
<ul>
<li>Proves d&#8217;accés: Esther Haro</li>
<li>Ensenyaments inicials (llengües): Sònia Pascau</li>
<li>Formació bàsica (GES): Laia Cerezo</li>
<li>Competències per a la societat de la informació (TIC): Ester Mellado</li>
<li>Riscos laborals: Ester Mellado</li>
<li>Cocobe: Marta García</li>
</ul>
</li>
<li><strong>PAS</strong>
<ul>
<li>Administrativa: Noelia Quirós</li>
<li>Conserges: Alfredo Salido i Antonio Robles</li>
</ul>
</li>
<li><strong>Neteja</strong>: Cristina Martín</li>
<li><strong>Consell escolar de centre</strong>. Representants:
<ul>
<li>Equip directiu</li>
<li>Professorat del centre: Laia Cerezo, Alba Fierro, Marta García, Sònia Pascau i Òscar Rondoni</li>
<li>Alumnat: Mikel Artiaga, Tània Galiot, Glòria Ginabreda, Isabel Nogués i Eva Roldán</li>
<li>Ajuntament: María de los Ángeles Ortega</li>
<li>PAS: Noelia Quirós</li>
</ul>
</li>
</ul>
<ul>
<li>Som membres permanents del Consell escolar Municipal de Castelldefels</li>
</ul>

<p>Centre de Formació de persones Adultes  Castelldefels Direcció: carrer Muralla s/n, Castelldefels Equip directiu Directora: Ester Mellado Cap d&#8217;Estudis: Juan José Enériz Secretària: Magda Boldú Coordinacions: Proves d&#8217;accés: Esther Haro Ensenyaments inicials (llengües): Sònia Pascau Formació bàsica (GES): Laia Cerezo Competències per a la societat de la informació (TIC): Ester Mellado Riscos laborals: Ester Mellado [&hellip;]</p>
