{"id":39,"date":"2014-09-17T16:36:44","date_gmt":"2014-09-17T14:36:44","guid":{"rendered":"http:\/\/agora.xtec.cat\/cfacanyelles\/?page_id=39"},"modified":"2025-06-25T12:31:20","modified_gmt":"2025-06-25T10:31:20","slug":"instal%c2%b7lacions","status":"publish","type":"page","link":"https:\/\/agora.xtec.cat\/cfacanyelles\/el-centre\/instal%c2%b7lacions\/","title":{"rendered":"Instal\u00b7lacions"},"content":{"rendered":"<p>Actualment, el centre comparteix espais amb l\u2019escola d\u2019infantil i prim\u00e0ria Tom\u00e0s Moro. El CFA Canyelles ocupa les antigues aules d\u2019educaci\u00f3 infantil del centre Tom\u00e0s Moro. Al pis de sota de l\u2019escola d\u2019adults, l\u2019escola d\u2019infantil i prim\u00e0ria t\u00e9 la seva aula de psicomotricitat.<\/p>\n<p><img loading=\"lazy\" decoding=\"async\" class=\"wp-image-2497 aligncenter\" src=\"https:\/\/agora.xtec.cat\/cfacanyelles\/wp-content\/uploads\/usu1792\/2025\/06\/escola.jpg\" alt=\"\" width=\"415\" height=\"332\" srcset=\"https:\/\/agora.xtec.cat\/cfacanyelles\/wp-content\/uploads\/usu1792\/2025\/06\/escola.jpg 537w, https:\/\/agora.xtec.cat\/cfacanyelles\/wp-content\/uploads\/usu1792\/2025\/06\/escola-300x240.jpg 300w\" sizes=\"auto, (max-width: 415px) 100vw, 415px\" \/><\/p>\n<p>L\u2019entrada al CFA Canyelles, pel Carrer Juan Ram\u00f3n Jim\u00e9nez, es produeix per una rampa que permet l\u2019acc\u00e9s de persones amb mobilitat redu\u00efda. En entrar ens trobem amb un hall ample i agradable que dona la benvinguda a l\u2019escola. El centre, d\u2019una sola planta, est\u00e0 distribu\u00eft en forma d\u2019U al votant d\u2019un pati central.<\/p>\n<p><img loading=\"lazy\" decoding=\"async\" class=\"alignnone  wp-image-2494\" src=\"https:\/\/agora.xtec.cat\/cfacanyelles\/wp-content\/uploads\/usu1792\/2025\/06\/escola-4.jpg\" alt=\"\" width=\"438\" height=\"328\" srcset=\"https:\/\/agora.xtec.cat\/cfacanyelles\/wp-content\/uploads\/usu1792\/2025\/06\/escola-4.jpg 757w, https:\/\/agora.xtec.cat\/cfacanyelles\/wp-content\/uploads\/usu1792\/2025\/06\/escola-4-300x225.jpg 300w, https:\/\/agora.xtec.cat\/cfacanyelles\/wp-content\/uploads\/usu1792\/2025\/06\/escola-4-200x150.jpg 200w\" sizes=\"auto, (max-width: 438px) 100vw, 438px\" \/> <img loading=\"lazy\" decoding=\"async\" class=\"wp-image-2493 alignright\" src=\"https:\/\/agora.xtec.cat\/cfacanyelles\/wp-content\/uploads\/usu1792\/2025\/06\/escola-3.jpg\" alt=\"\" width=\"244\" height=\"326\" srcset=\"https:\/\/agora.xtec.cat\/cfacanyelles\/wp-content\/uploads\/usu1792\/2025\/06\/escola-3.jpg 426w, https:\/\/agora.xtec.cat\/cfacanyelles\/wp-content\/uploads\/usu1792\/2025\/06\/escola-3-225x300.jpg 225w\" sizes=\"auto, (max-width: 244px) 100vw, 244px\" \/><\/p>\n<p>L\u2019edifici compta amb 3 aules grans, 1 aula petita, 2 aules d\u2019inform\u00e0tica, 1 office (cuina), sala de mestres, despatx de direcci\u00f3, de secretaria i de consergeria.<\/p>\n<p>L\u2019escola disposa de 19 ordinadors a l\u2019aula d\u2019inform\u00e0tica (aula 5) i 18 ordinadors m\u00e9s a l\u2019aula 1 (aula polivalent). Tamb\u00e9 trobem ordinadors de sobretaula de gesti\u00f3 i per a docents, a m\u00e9s de la dotaci\u00f3 de port\u00e0tils del Departament d\u2019Educaci\u00f3 per cada docent. El curs 24-25 es van afegir panells t\u00e0ctils interactius a totes les aules.<\/p>\n<p><img loading=\"lazy\" decoding=\"async\" class=\"alignnone  wp-image-2496\" src=\"https:\/\/agora.xtec.cat\/cfacanyelles\/wp-content\/uploads\/usu1792\/2025\/06\/escola-6.jpg\" alt=\"\" width=\"289\" height=\"386\" srcset=\"https:\/\/agora.xtec.cat\/cfacanyelles\/wp-content\/uploads\/usu1792\/2025\/06\/escola-6.jpg 425w, https:\/\/agora.xtec.cat\/cfacanyelles\/wp-content\/uploads\/usu1792\/2025\/06\/escola-6-225x300.jpg 225w\" sizes=\"auto, (max-width: 289px) 100vw, 289px\" \/><span style=\"font-family: inherit; font-size: 1em;\"> <img loading=\"lazy\" decoding=\"async\" class=\" wp-image-2495 alignright\" src=\"https:\/\/agora.xtec.cat\/cfacanyelles\/wp-content\/uploads\/usu1792\/2025\/06\/escola-5.jpg\" alt=\"\" width=\"501\" height=\"376\" srcset=\"https:\/\/agora.xtec.cat\/cfacanyelles\/wp-content\/uploads\/usu1792\/2025\/06\/escola-5.jpg 526w, https:\/\/agora.xtec.cat\/cfacanyelles\/wp-content\/uploads\/usu1792\/2025\/06\/escola-5-300x225.jpg 300w, https:\/\/agora.xtec.cat\/cfacanyelles\/wp-content\/uploads\/usu1792\/2025\/06\/escola-5-200x150.jpg 200w\" sizes=\"auto, (max-width: 501px) 100vw, 501px\" \/><\/span><\/p>\n<p>&nbsp;<\/p>\n<p>&nbsp;<\/p>\n","protected":false},"excerpt":{"rendered":"<p>Actualment, el centre comparteix espais amb l\u2019escola d\u2019infantil i prim\u00e0ria Tom\u00e0s Moro. El CFA Canyelles ocupa les antigues aules d\u2019educaci\u00f3 infantil del centre Tom\u00e0s Moro. Al pis de sota de l\u2019escola d\u2019adults, l\u2019escola d\u2019infantil i prim\u00e0ria t\u00e9 la seva aula de psicomotricitat.<\/p>\n<p>L\u2019entrada al CFA Canyelles,&hellip;  <a href=\"https:\/\/agora.xtec.cat\/cfacanyelles\/el-centre\/instal%c2%b7lacions\/\" title=\"Read Instal\u00b7lacions\">Llegeix m\u00e9s\u00bb<\/a><\/p>\n","protected":false},"author":1,"featured_media":0,"parent":261,"menu_order":50,"comment_status":"closed","ping_status":"closed","template":"page-templates\/side-menu.php","meta":{"_bbp_topic_count":0,"_bbp_reply_count":0,"_bbp_total_topic_count":0,"_bbp_total_reply_count":0,"_bbp_voice_count":0,"_bbp_anonymous_reply_count":0,"_bbp_topic_count_hidden":0,"_bbp_reply_count_hidden":0,"_bbp_forum_subforum_count":0,"footnotes":""},"class_list":["post-39","page","type-page","status-publish","hentry"],"post_mailing_queue_ids":[],"_links":{"self":[{"href":"https:\/\/agora.xtec.cat\/cfacanyelles\/wp-json\/wp\/v2\/pages\/39","targetHints":{"allow":["GET"]}}],"collection":[{"href":"https:\/\/agora.xtec.cat\/cfacanyelles\/wp-json\/wp\/v2\/pages"}],"about":[{"href":"https:\/\/agora.xtec.cat\/cfacanyelles\/wp-json\/wp\/v2\/types\/page"}],"author":[{"embeddable":true,"href":"https:\/\/agora.xtec.cat\/cfacanyelles\/wp-json\/wp\/v2\/users\/1"}],"replies":[{"embeddable":true,"href":"https:\/\/agora.xtec.cat\/cfacanyelles\/wp-json\/wp\/v2\/comments?post=39"}],"version-history":[{"count":4,"href":"https:\/\/agora.xtec.cat\/cfacanyelles\/wp-json\/wp\/v2\/pages\/39\/revisions"}],"predecessor-version":[{"id":2498,"href":"https:\/\/agora.xtec.cat\/cfacanyelles\/wp-json\/wp\/v2\/pages\/39\/revisions\/2498"}],"up":[{"embeddable":true,"href":"https:\/\/agora.xtec.cat\/cfacanyelles\/wp-json\/wp\/v2\/pages\/261"}],"wp:attachment":[{"href":"https:\/\/agora.xtec.cat\/cfacanyelles\/wp-json\/wp\/v2\/media?parent=39"}],"curies":[{"name":"wp","href":"https:\/\/api.w.org\/{rel}","templated":true}]}}