{"id":316,"date":"2015-01-28T11:33:51","date_gmt":"2015-01-28T10:33:51","guid":{"rendered":"http:\/\/agora.xtec.cat\/cfacanyelles\/?page_id=316"},"modified":"2024-09-06T10:49:31","modified_gmt":"2024-09-06T08:49:31","slug":"competencia-digital-competic","status":"publish","type":"page","link":"https:\/\/agora.xtec.cat\/cfacanyelles\/ensenyaments\/transprofessionals\/competencia-digital-competic\/","title":{"rendered":"Compet\u00e8ncia digital COMPETIC"},"content":{"rendered":"<p>Els ensenyaments d&#8217;inform\u00e0tica tenen com objectiu facilitar l&#8217;adquisici\u00f3 de la compet\u00e8ncia digital, entesa com la combinaci\u00f3 de coneixements, habilitats i actituds en l&#8217;\u00e0mbit de les tecnologies de la informaci\u00f3 i la comunicaci\u00f3 (TIC) per desenvolupar-se en la societat actual. S&#8217;imparteixen en quatre nivells: COMPETIC Inicial, 1, 2 i 3.<\/p>\n<p><span dir=\"ltr\" role=\"presentation\">Els continguts d&#8217;aquests cursos estan vinculats a les 8 compet\u00e8ncies <\/span><span dir=\"ltr\" role=\"presentation\">de l&#8217;acreditaci\u00f3 de compet\u00e8ncies en <\/span><span dir=\"ltr\" role=\"presentation\">tecnologies de la informaci\u00f3 i la comunicaci\u00f3 (<a href=\"https:\/\/actic.gencat.cat\/ca\/inici\/\">ACTIC<\/a>), de manera que l<\/span>es persones que superin l\u2019avaluaci\u00f3 corresponent a un d&#8217;aquests cursos obtindran un certificat que oficialment es considerar\u00e0 equivalent als de l\u2019ACTIC en els termes i les condicions seg\u00fcents:<\/p>\n<ul style=\"list-style-type: circle;\">\n<li>El certificat COMPETIC 1 equival al certificat b\u00e0sic de l\u2019ACTIC.<\/li>\n<li>El certificat COMPETIC 2 equival al certificat mitj\u00e0 de l\u2019ACTIC.\u00a0Permet inscriure\u2019s a un curs COMPETIC 3.<\/li>\n<li>El certificat COMPETIC 3 equival al certificat avan\u00e7at de l\u2019ACTIC (sempre que hi constin dues compet\u00e8ncies aprovades com a m\u00ednim).<\/li>\n<li>El certificat COMPETIC 2 permetr\u00e0 presentar-se a la prova del nivell 3 de l\u2019ACTIC.<\/li>\n<li>El certificat mitj\u00e0 de l\u2019ACTIC permet inscriure\u2019s a un curs COMPETIC 3.<\/li>\n<\/ul>\n<table style=\"border-collapse: collapse; width: 100%;\">\n<tbody>\n<tr>\n<td style=\"width: 25%; text-align: center;\"><strong>COMPETIC INICIAL<\/strong><\/td>\n<td style=\"width: 25%; text-align: center;\"><strong>COMPETIC 1<\/strong><\/td>\n<td style=\"width: 25%; text-align: center;\"><strong>COMPETIC 2<\/strong><\/td>\n<td style=\"width: 25%; text-align: center;\"><strong>COMPETIC 3<\/strong><\/td>\n<\/tr>\n<tr>\n<td style=\"width: 25%; text-align: center;\"><a href=\"https:\/\/www.gencat.cat\/ensenyament\/eac\/pdf\/FANR____COMI_CA.pdf\">DESCRIPCI\u00d3<\/a><\/td>\n<td style=\"width: 25%; text-align: center;\"><a href=\"https:\/\/www.gencat.cat\/ensenyament\/eac\/pdf\/FANR____COM1_CA.pdf\">DESCRIPCI\u00d3<\/a><\/td>\n<td style=\"width: 25%; text-align: center;\"><a href=\"https:\/\/www.gencat.cat\/ensenyament\/eac\/pdf\/FANR____COM2_CA.pdf\">DESCRIPCI\u00d3<\/a><\/td>\n<td style=\"width: 25%; text-align: center;\"><a href=\"https:\/\/www.gencat.cat\/ensenyament\/eac\/pdf\/FANR____COM3_CA.pdf\">DESCRIPCI\u00d3<\/a><\/td>\n<\/tr>\n<tr>\n<td style=\"width: 25%; text-align: center;\"><span style=\"text-decoration: underline;\">HORARIS<\/span> (Tarda)<\/p>\n<p>Dimarts de 17h30 a 20h30<\/td>\n<td style=\"width: 25%; text-align: center;\"><span style=\"text-decoration: underline;\">HORARIS<\/span> (Mat\u00ed o Tarda)<\/p>\n<p>Dilluns i dimecres de 11h30 a 13h<\/p>\n<p>o<\/p>\n<p>Dijous de 16h a 19h<\/td>\n<td style=\"width: 25%; text-align: center;\"><span style=\"text-decoration: underline;\">HORARIS<\/span> (Mat\u00ed o Tarda)<\/p>\n<p>Dilluns i dimecres de 11h30 a 13h30<\/p>\n<p>o<\/p>\n<p>Dijous de 17h a 21h<\/td>\n<td style=\"width: 25%; text-align: center;\"><span style=\"text-decoration: underline;\">HORARIS<\/span> (Mat\u00ed o Tarda)<\/p>\n<p>Dimarts de 10h a 13h<\/p>\n<p>o<\/p>\n<p>Dimarts de 17h30 a 20h30<\/td>\n<\/tr>\n<tr>\n<td style=\"width: 25%; text-align: center;\">AVALUACI\u00d3<\/td>\n<td style=\"width: 25%; text-align: center;\">AVALUACI\u00d3<\/td>\n<td style=\"width: 25%; text-align: center;\">AVALUACI\u00d3<\/td>\n<td style=\"width: 25%; text-align: center;\">AVALUACI\u00d3<\/td>\n<\/tr>\n<\/tbody>\n<\/table>\n","protected":false},"excerpt":{"rendered":"<p>Els ensenyaments d&#8217;inform\u00e0tica tenen com objectiu facilitar l&#8217;adquisici\u00f3 de la compet\u00e8ncia digital, entesa com la combinaci\u00f3 de coneixements, habilitats i actituds en l&#8217;\u00e0mbit de les tecnologies de la informaci\u00f3 i la comunicaci\u00f3 (TIC) per desenvolupar-se en la societat actual. S&#8217;imparteixen en quatre nivells: COMPETIC Inicial,&hellip;  <a href=\"https:\/\/agora.xtec.cat\/cfacanyelles\/ensenyaments\/transprofessionals\/competencia-digital-competic\/\" title=\"Read Compet\u00e8ncia digital COMPETIC\">Llegeix m\u00e9s\u00bb<\/a><\/p>\n","protected":false},"author":1,"featured_media":0,"parent":1588,"menu_order":20,"comment_status":"closed","ping_status":"closed","template":"page-templates\/side-menu.php","meta":{"_bbp_topic_count":0,"_bbp_reply_count":0,"_bbp_total_topic_count":0,"_bbp_total_reply_count":0,"_bbp_voice_count":0,"_bbp_anonymous_reply_count":0,"_bbp_topic_count_hidden":0,"_bbp_reply_count_hidden":0,"_bbp_forum_subforum_count":0,"footnotes":""},"class_list":["post-316","page","type-page","status-publish","hentry"],"post_mailing_queue_ids":[],"_links":{"self":[{"href":"https:\/\/agora.xtec.cat\/cfacanyelles\/wp-json\/wp\/v2\/pages\/316","targetHints":{"allow":["GET"]}}],"collection":[{"href":"https:\/\/agora.xtec.cat\/cfacanyelles\/wp-json\/wp\/v2\/pages"}],"about":[{"href":"https:\/\/agora.xtec.cat\/cfacanyelles\/wp-json\/wp\/v2\/types\/page"}],"author":[{"embeddable":true,"href":"https:\/\/agora.xtec.cat\/cfacanyelles\/wp-json\/wp\/v2\/users\/1"}],"replies":[{"embeddable":true,"href":"https:\/\/agora.xtec.cat\/cfacanyelles\/wp-json\/wp\/v2\/comments?post=316"}],"version-history":[{"count":5,"href":"https:\/\/agora.xtec.cat\/cfacanyelles\/wp-json\/wp\/v2\/pages\/316\/revisions"}],"predecessor-version":[{"id":2301,"href":"https:\/\/agora.xtec.cat\/cfacanyelles\/wp-json\/wp\/v2\/pages\/316\/revisions\/2301"}],"up":[{"embeddable":true,"href":"https:\/\/agora.xtec.cat\/cfacanyelles\/wp-json\/wp\/v2\/pages\/1588"}],"wp:attachment":[{"href":"https:\/\/agora.xtec.cat\/cfacanyelles\/wp-json\/wp\/v2\/media?parent=316"}],"curies":[{"name":"wp","href":"https:\/\/api.w.org\/{rel}","templated":true}]}}