{"id":265,"date":"2015-01-27T17:28:56","date_gmt":"2015-01-27T16:28:56","guid":{"rendered":"http:\/\/agora.xtec.cat\/cfacanyelles\/?page_id=265"},"modified":"2025-09-02T18:04:20","modified_gmt":"2025-09-02T16:04:20","slug":"organitzacio-interna","status":"publish","type":"page","link":"https:\/\/agora.xtec.cat\/cfacanyelles\/el-centre\/organitzacio-interna\/","title":{"rendered":"Organitzaci\u00f3 interna"},"content":{"rendered":"<h4>Equip directiu:<\/h4>\n<ul style=\"list-style-type: circle;\">\n<li style=\"text-align: justify;\"><strong>Directora:<\/strong> Ma Jes\u00fas Matas<\/li>\n<li><strong>Cap d&#8217;estudis: <\/strong>Trini Pedrero<\/li>\n<li><strong>Secret\u00e0ria:<\/strong> Susana Albero<\/li>\n<\/ul>\n<h4>Equip docent:<\/h4>\n<ul style=\"list-style-type: circle;\">\n<li>Elias Sala, Toni Breda, Eva Sirvent, Maria Jos\u00e9 Magallan i Gemma Segura<\/li>\n<\/ul>\n<h4>Personal d&#8217;administraci\u00f3 i serveis (PAS):<\/h4>\n<ul style=\"list-style-type: circle;\">\n<li><strong>Administraci\u00f3:\u00a0<\/strong>Laura G\u00f3mez<\/li>\n<li><strong>Consergeria:<\/strong> \u00c0lex Garc\u00eda (mat\u00ed) i Marc Barba (tarda).<\/li>\n<\/ul>\n","protected":false},"excerpt":{"rendered":"<p>Equip directiu:<\/p>\n<ul style=\"list-style-type: circle;\">\n<li style=\"text-align: justify;\">Directora: Ma Jes\u00fas Matas<\/li>\n<li>Cap d&#8217;estudis: Trini Pedrero<\/li>\n<li>Secret\u00e0ria: Susana Albero<\/li>\n<\/ul>\n<p>Equip docent:<\/p>\n<ul style=\"list-style-type: circle;\">\n<li>Elias Sala, Toni Breda, Eva Sirvent, Maria Jos\u00e9 Magallan i Gemma Segura<\/li>\n<\/ul>\n<p>Personal d&#8217;administraci\u00f3 i serveis (PAS):<\/p>\n<ul style=\"list-style-type: circle;\">\n<li>Administraci\u00f3:\u00a0Laura G\u00f3mez<\/li>\n<li>Consergeria: \u00c0lex Garc\u00eda (mat\u00ed) i Marc Barba (tarda).<\/li>\n<\/ul>\n","protected":false},"author":1,"featured_media":0,"parent":261,"menu_order":60,"comment_status":"closed","ping_status":"closed","template":"page-templates\/side-menu.php","meta":{"_bbp_topic_count":0,"_bbp_reply_count":0,"_bbp_total_topic_count":0,"_bbp_total_reply_count":0,"_bbp_voice_count":0,"_bbp_anonymous_reply_count":0,"_bbp_topic_count_hidden":0,"_bbp_reply_count_hidden":0,"_bbp_forum_subforum_count":0,"footnotes":""},"class_list":["post-265","page","type-page","status-publish","hentry"],"post_mailing_queue_ids":[],"_links":{"self":[{"href":"https:\/\/agora.xtec.cat\/cfacanyelles\/wp-json\/wp\/v2\/pages\/265","targetHints":{"allow":["GET"]}}],"collection":[{"href":"https:\/\/agora.xtec.cat\/cfacanyelles\/wp-json\/wp\/v2\/pages"}],"about":[{"href":"https:\/\/agora.xtec.cat\/cfacanyelles\/wp-json\/wp\/v2\/types\/page"}],"author":[{"embeddable":true,"href":"https:\/\/agora.xtec.cat\/cfacanyelles\/wp-json\/wp\/v2\/users\/1"}],"replies":[{"embeddable":true,"href":"https:\/\/agora.xtec.cat\/cfacanyelles\/wp-json\/wp\/v2\/comments?post=265"}],"version-history":[{"count":6,"href":"https:\/\/agora.xtec.cat\/cfacanyelles\/wp-json\/wp\/v2\/pages\/265\/revisions"}],"predecessor-version":[{"id":2544,"href":"https:\/\/agora.xtec.cat\/cfacanyelles\/wp-json\/wp\/v2\/pages\/265\/revisions\/2544"}],"up":[{"embeddable":true,"href":"https:\/\/agora.xtec.cat\/cfacanyelles\/wp-json\/wp\/v2\/pages\/261"}],"wp:attachment":[{"href":"https:\/\/agora.xtec.cat\/cfacanyelles\/wp-json\/wp\/v2\/media?parent=265"}],"curies":[{"name":"wp","href":"https:\/\/api.w.org\/{rel}","templated":true}]}}