{"id":452,"date":"2016-09-02T18:58:30","date_gmt":"2016-09-02T17:58:30","guid":{"rendered":"http:\/\/agora.xtec.cat\/cfacanserra\/?page_id=452"},"modified":"2025-06-06T00:31:54","modified_gmt":"2025-06-05T22:31:54","slug":"projectes-educatius-descola","status":"publish","type":"page","link":"https:\/\/agora.xtec.cat\/cfacanserra\/projectes-educatius-descola\/","title":{"rendered":"Projectes Educatius d&#8217;Escola. Aprenentatge i Servei"},"content":{"rendered":"<p>A l&#8217;Escola d&#8217;Adults Can Serra es duen a terme, a m\u00e9s de les activitats docents pr\u00f2pies d&#8217;una escola, altres projectes que contribueixen a la formaci\u00f3 de l&#8217;alumnat, a la cohesi\u00f3 dels grups d&#8217;estudiants i a la integraci\u00f3 al centre i al barri.<\/p>\n<p>Un dels projectes m\u00e9s consolidats \u00e9s <strong><span style=\"color: #ff0000;\">&#8220;EL BARRI CAMINA&#8221;,\u00a0 <\/span><\/strong>un projecte d&#8217;aprenentatge i servei que es duu a terme anualment.<\/p>\n<p><strong><span style=\"color: #ff0000;\">&#8220;EL BARRI CAMINA&#8221;<\/span><\/strong><\/p>\n<p>\u00c9s una activitat que promou el voluntariat en el barri en la qual pot participar qualsevol alumne de l&#8217;escola. Aquest projecte es desenvolupa en col\u00b7laboraci\u00f3 amb la Resid\u00e8ncia de gent gran Francisco Padilla i l&#8217;Esplai Can Serra.<\/p>\n<p>Durant el primer trimestre els participants reben una formaci\u00f3 te\u00f2rica a l&#8217;escola on aprenen, entre altres coses, qu\u00e8 implica el voluntariat, habilitats socials i comunicatives, estrat\u00e8gies per relacionar-se amb els nens i amb la gent gran, com es treballa a l&#8217;esplai i a la resid\u00e8ncia&#8230;<\/p>\n<p style=\"text-align: justify;\">Despr\u00e9s d&#8217;aquest per\u00edode de formaci\u00f3, els participants escullen l&#8217;equipament on faran el servei: la resid\u00e8ncia o l&#8217;esplai i, durant un trimestre, fan de voluntaris integrant-se en les din\u00e0miques pr\u00f2pies de cada centre.<\/p>\n<p style=\"text-align: justify;\">El projecte finalitza amb una festa al pati del CFA Can Serra que uneix tots els participants: alumnes de l&#8217;escola, usuaris de la resid\u00e8ncia i nens i nenes de l&#8217;esplai.<\/p>\n<p><a href=\"http:\/\/agora.xtec.cat\/cfacanserra\/wp-content\/uploads\/usu856\/2016\/09\/cam.jpg\"><img loading=\"lazy\" decoding=\"async\" class=\"wp-image-453 alignleft\" src=\"http:\/\/agora.xtec.cat\/cfacanserra\/wp-content\/uploads\/usu856\/2016\/09\/cam-300x225.jpg\" alt=\"cam\" width=\"379\" height=\"285\" srcset=\"https:\/\/agora.xtec.cat\/cfacanserra\/wp-content\/uploads\/usu856\/2016\/09\/cam-300x225.jpg 300w, https:\/\/agora.xtec.cat\/cfacanserra\/wp-content\/uploads\/usu856\/2016\/09\/cam-768x576.jpg 768w, https:\/\/agora.xtec.cat\/cfacanserra\/wp-content\/uploads\/usu856\/2016\/09\/cam-1024x768.jpg 1024w, https:\/\/agora.xtec.cat\/cfacanserra\/wp-content\/uploads\/usu856\/2016\/09\/cam-200x150.jpg 200w, https:\/\/agora.xtec.cat\/cfacanserra\/wp-content\/uploads\/usu856\/2016\/09\/cam.jpg 1600w\" sizes=\"auto, (max-width: 379px) 100vw, 379px\" \/><\/a><\/p>\n<p><a href=\"http:\/\/agora.xtec.cat\/cfacanserra\/wp-content\/uploads\/usu856\/2016\/09\/foto3.jpg\"><img loading=\"lazy\" decoding=\"async\" class=\"wp-image-555 aligncenter\" src=\"http:\/\/agora.xtec.cat\/cfacanserra\/wp-content\/uploads\/usu856\/2016\/09\/foto3-1024x492.jpg\" alt=\"foto3\" width=\"508\" height=\"244\" srcset=\"https:\/\/agora.xtec.cat\/cfacanserra\/wp-content\/uploads\/usu856\/2016\/09\/foto3-1024x492.jpg 1024w, https:\/\/agora.xtec.cat\/cfacanserra\/wp-content\/uploads\/usu856\/2016\/09\/foto3-300x144.jpg 300w, https:\/\/agora.xtec.cat\/cfacanserra\/wp-content\/uploads\/usu856\/2016\/09\/foto3-768x369.jpg 768w, https:\/\/agora.xtec.cat\/cfacanserra\/wp-content\/uploads\/usu856\/2016\/09\/foto3.jpg 1207w\" sizes=\"auto, (max-width: 508px) 100vw, 508px\" \/><\/a><\/p>\n<p>&nbsp;<\/p>\n<p>&nbsp;<\/p>\n<blockquote class=\"wp-embedded-content\" data-secret=\"3wVSce8Yoz\"><p><a href=\"https:\/\/agora.xtec.cat\/cfacanserra\/portada\/partipant-a-la-jornada-daprenentatge-servei\/\">Participant a la Jornada d&#8217;Aprenentatge Servei<\/a><\/p><\/blockquote>\n<p><iframe loading=\"lazy\" class=\"wp-embedded-content\" sandbox=\"allow-scripts\" security=\"restricted\" style=\"position: absolute; visibility: hidden;\" title=\"&#8220;Participant a la Jornada d&#8217;Aprenentatge Servei&#8221; &#8212; CFA Can Serra\" src=\"https:\/\/agora.xtec.cat\/cfacanserra\/portada\/partipant-a-la-jornada-daprenentatge-servei\/embed\/#?secret=zJJMXKHLcO#?secret=3wVSce8Yoz\" data-secret=\"3wVSce8Yoz\" width=\"500\" height=\"282\" frameborder=\"0\" marginwidth=\"0\" marginheight=\"0\" scrolling=\"no\"><\/iframe><\/p>\n<p>&nbsp;<\/p>\n<p><!----comment node----><!--a=1--><\/p>\n","protected":false},"excerpt":{"rendered":"<p>A l&#8217;Escola d&#8217;Adults Can Serra es duen a terme, a m\u00e9s de les activitats docents pr\u00f2pies d&#8217;una escola, altres projectes que contribueixen a la formaci\u00f3 de l&#8217;alumnat, a la cohesi\u00f3 dels grups d&#8217;estudiants i a la integraci\u00f3 al centre i al barri.<br \/>\nUn dels projectes m\u00e9s&hellip;  <a href=\"https:\/\/agora.xtec.cat\/cfacanserra\/projectes-educatius-descola\/\" title=\"Read Projectes Educatius d&#8217;Escola. Aprenentatge i Servei\">Llegeix m\u00e9s\u00bb<\/a><\/p>\n","protected":false},"author":1,"featured_media":0,"parent":0,"menu_order":0,"comment_status":"closed","ping_status":"closed","template":"","meta":{"_bbp_topic_count":0,"_bbp_reply_count":0,"_bbp_total_topic_count":0,"_bbp_total_reply_count":0,"_bbp_voice_count":0,"_bbp_anonymous_reply_count":0,"_bbp_topic_count_hidden":0,"_bbp_reply_count_hidden":0,"_bbp_forum_subforum_count":0,"footnotes":""},"class_list":["post-452","page","type-page","status-publish","hentry"],"post_mailing_queue_ids":[],"_links":{"self":[{"href":"https:\/\/agora.xtec.cat\/cfacanserra\/wp-json\/wp\/v2\/pages\/452","targetHints":{"allow":["GET"]}}],"collection":[{"href":"https:\/\/agora.xtec.cat\/cfacanserra\/wp-json\/wp\/v2\/pages"}],"about":[{"href":"https:\/\/agora.xtec.cat\/cfacanserra\/wp-json\/wp\/v2\/types\/page"}],"author":[{"embeddable":true,"href":"https:\/\/agora.xtec.cat\/cfacanserra\/wp-json\/wp\/v2\/users\/1"}],"replies":[{"embeddable":true,"href":"https:\/\/agora.xtec.cat\/cfacanserra\/wp-json\/wp\/v2\/comments?post=452"}],"version-history":[{"count":5,"href":"https:\/\/agora.xtec.cat\/cfacanserra\/wp-json\/wp\/v2\/pages\/452\/revisions"}],"predecessor-version":[{"id":2502,"href":"https:\/\/agora.xtec.cat\/cfacanserra\/wp-json\/wp\/v2\/pages\/452\/revisions\/2502"}],"wp:attachment":[{"href":"https:\/\/agora.xtec.cat\/cfacanserra\/wp-json\/wp\/v2\/media?parent=452"}],"curies":[{"name":"wp","href":"https:\/\/api.w.org\/{rel}","templated":true}]}}