{"id":322,"date":"2015-01-28T11:36:17","date_gmt":"2015-01-28T10:36:17","guid":{"rendered":"http:\/\/agora.xtec.cat\/cfacanserra\/?page_id=322"},"modified":"2019-09-04T14:40:12","modified_gmt":"2019-09-04T12:40:12","slug":"a-la-universitat-per-a-majors-de-25-anys","status":"publish","type":"page","link":"https:\/\/agora.xtec.cat\/cfacanserra\/ensenyaments\/ensenyaments-per-a-la-preparacio-de-proves-dacces\/a-la-universitat-per-a-majors-de-25-anys\/","title":{"rendered":"A la universitat per a m\u00e9s grans de 25 anys"},"content":{"rendered":"<p>S&#8217;ofereix un grup en horari de matins.<\/p>\n<p><strong>Mat\u00e8ries comunes<\/strong>: Catal\u00e0, Castell\u00e0, Angl\u00e8s i Comentari de Text<\/p>\n<p><strong>Mat\u00e8ries optatives<\/strong>: Es d\u00f3na la possibilitat d&#8217;assistir a les classes de les mat\u00e8ries espec\u00edfiques del curs de preparaci\u00f3 a les proves d&#8217;acc\u00e9s a grau superior, per\u00f2 s&#8217;ha de tenir present que el temari no t\u00e9 un coincid\u00e8ncia del 100%. L&#8217;assignatura d&#8217;Hist\u00f2ria del M\u00f3n Contemporani s\u00ed \u00e9s exclusiva per l&#8217;alumnat que es prepara per l&#8217;acc\u00e9s a la universitat.<\/p>\n<p>Optatives: <b>Biologia i Qu\u00edmica<\/b>: Carreres de Ci\u00e8ncies i Ci\u00e8ncies de la Salut<\/p>\n<p><b>\u00a0 \u00a0 \u00a0 \u00a0 \u00a0 \u00a0 \u00a0 \u00a0 \u00a0Geografia i Hist\u00f2ria Contempor\u00e0nia<\/b>: Carreres de Ci\u00e8ncies Socials i Jur\u00eddiques, Arts i Humanitats<\/p>\n<p>Tamb\u00e9 preparem la prova d&#8217;acc\u00e9s a m\u00e9s grans de 45, que nom\u00e9s inclou la prova de Catal\u00e0, Castell\u00e0 i Comentari de Text. Posteriorment cal fer una entrevista personal a la facultat triada per cursar la carrera.<\/p>\n<p>&nbsp;<\/p>\n<p><a href=\"http:\/\/agora.xtec.cat\/cfacanserra\/wp-content\/uploads\/usu856\/2015\/01\/2567548741_15891cd3c7_z.jpg\"><img loading=\"lazy\" decoding=\"async\" class=\" wp-image-446 aligncenter\" src=\"http:\/\/agora.xtec.cat\/cfacanserra\/wp-content\/uploads\/usu856\/2015\/01\/2567548741_15891cd3c7_z-150x150.jpg\" alt=\"2567548741_15891cd3c7_z\" width=\"354\" height=\"353\" \/><\/a><\/p>\n<p>&nbsp;<\/p>\n<p>&nbsp;<\/p>\n<p>&nbsp;<\/p>\n","protected":false},"excerpt":{"rendered":"<p>S&#8217;ofereix un grup en horari de matins.<br \/>\nMat\u00e8ries comunes: Catal\u00e0, Castell\u00e0, Angl\u00e8s i Comentari de Text<br \/>\nMat\u00e8ries optatives: Es d\u00f3na la possibilitat d&#8217;assistir a les classes de les mat\u00e8ries espec\u00edfiques del curs de preparaci\u00f3 a les proves d&#8217;acc\u00e9s a grau superior, per\u00f2 s&#8217;ha de tenir present que&hellip;  <a href=\"https:\/\/agora.xtec.cat\/cfacanserra\/ensenyaments\/ensenyaments-per-a-la-preparacio-de-proves-dacces\/a-la-universitat-per-a-majors-de-25-anys\/\" title=\"Read A la universitat per a m\u00e9s grans de 25 anys\">Llegeix m\u00e9s\u00bb<\/a><\/p>\n","protected":false},"author":1,"featured_media":0,"parent":288,"menu_order":0,"comment_status":"closed","ping_status":"closed","template":"page-templates\/side-menu.php","meta":{"_bbp_topic_count":0,"_bbp_reply_count":0,"_bbp_total_topic_count":0,"_bbp_total_reply_count":0,"_bbp_voice_count":0,"_bbp_anonymous_reply_count":0,"_bbp_topic_count_hidden":0,"_bbp_reply_count_hidden":0,"_bbp_forum_subforum_count":0,"footnotes":""},"class_list":["post-322","page","type-page","status-publish","hentry"],"post_mailing_queue_ids":[],"_links":{"self":[{"href":"https:\/\/agora.xtec.cat\/cfacanserra\/wp-json\/wp\/v2\/pages\/322","targetHints":{"allow":["GET"]}}],"collection":[{"href":"https:\/\/agora.xtec.cat\/cfacanserra\/wp-json\/wp\/v2\/pages"}],"about":[{"href":"https:\/\/agora.xtec.cat\/cfacanserra\/wp-json\/wp\/v2\/types\/page"}],"author":[{"embeddable":true,"href":"https:\/\/agora.xtec.cat\/cfacanserra\/wp-json\/wp\/v2\/users\/1"}],"replies":[{"embeddable":true,"href":"https:\/\/agora.xtec.cat\/cfacanserra\/wp-json\/wp\/v2\/comments?post=322"}],"version-history":[{"count":3,"href":"https:\/\/agora.xtec.cat\/cfacanserra\/wp-json\/wp\/v2\/pages\/322\/revisions"}],"predecessor-version":[{"id":1296,"href":"https:\/\/agora.xtec.cat\/cfacanserra\/wp-json\/wp\/v2\/pages\/322\/revisions\/1296"}],"up":[{"embeddable":true,"href":"https:\/\/agora.xtec.cat\/cfacanserra\/wp-json\/wp\/v2\/pages\/288"}],"wp:attachment":[{"href":"https:\/\/agora.xtec.cat\/cfacanserra\/wp-json\/wp\/v2\/media?parent=322"}],"curies":[{"name":"wp","href":"https:\/\/api.w.org\/{rel}","templated":true}]}}