{"id":316,"date":"2015-01-28T11:33:51","date_gmt":"2015-01-28T10:33:51","guid":{"rendered":"http:\/\/agora.xtec.cat\/cfacanserra\/?page_id=316"},"modified":"2018-07-19T00:23:44","modified_gmt":"2018-07-18T22:23:44","slug":"competencia-digital-competic","status":"publish","type":"page","link":"https:\/\/agora.xtec.cat\/cfacanserra\/ensenyaments\/ensenyaments-transprofessionals\/competencia-digital-competic\/","title":{"rendered":"Compet\u00e8ncia digital COMPETIC"},"content":{"rendered":"<p>A l&#8217;escola es fan quatre nivells d&#8217;inform\u00e0tica:<\/p>\n<p>COMPETIC inicial: Grups al mat\u00ed i tarda.<\/p>\n<p>COMPETIC 1: Grups al mat\u00ed, tarda i vespre. Si s&#8217;aprova aquest curs s&#8217;obt\u00e9 el certificat que equival al certificat de nivell b\u00e0sic ACTIC.<\/p>\n<p>COMPETIC 2: Grups al mat\u00ed i vespre. Si s&#8217;aprova aquest curs s&#8217;obt\u00e9 el certificat que equival al certificat de nivell mitj\u00e0 ACTIC.<\/p>\n<p>COMPETIC 3: Grups al mat\u00ed i vespre. Si s&#8217;aprova aquest curs s&#8217;obt\u00e9 el certificat que equival al certificat de nivell avan\u00e7at ACTIC. Al centre s&#8217;fereixen les 5 compet\u00e8ncies possibles:<\/p>\n<ul>\n<li><span style=\"color: #000000;\">C4: Tractament de la informaci\u00f3 escrita.<\/span><\/li>\n<li><span style=\"color: #000000;\">C5: Tractament de la informaci\u00f3 gr\u00e0fica, sonora i de la imatge en moviment.<\/span><\/li>\n<li><span style=\"color: #000000;\">C6: Tractament de la informaci\u00f3 num\u00e8rica.<\/span><\/li>\n<li><span style=\"color: #000000;\">C7: Tractament de les dades.<\/span><\/li>\n<li><span style=\"color: #000000;\">C8: Presentaci\u00f3 de continguts.\u00a0<\/span><\/li>\n<\/ul>\n<p>Podeu obtenir m\u00e9s informaci\u00f3 al<a href=\"https:\/\/sites.google.com\/a\/xtec.cat\/competic-fpa\/home\"> web del Departament d&#8217;Ensenyament sobre Compet\u00e8ncia Digital<\/a><\/p>\n<p><a href=\"http:\/\/agora.xtec.cat\/cfacanserra\/wp-content\/uploads\/usu856\/2014\/09\/Inform\u00e0tica.jpg\"><img loading=\"lazy\" decoding=\"async\" class=\"alignnone size-thumbnail wp-image-426\" src=\"http:\/\/agora.xtec.cat\/cfacanserra\/wp-content\/uploads\/usu856\/2014\/09\/Inform\u00e0tica-150x150.jpg\" alt=\"Inform\u00e0tica\" width=\"150\" height=\"150\" \/><\/a><\/p>\n","protected":false},"excerpt":{"rendered":"<p>A l&#8217;escola es fan quatre nivells d&#8217;inform\u00e0tica:<br \/>\nCOMPETIC inicial: Grups al mat\u00ed i tarda.<br \/>\nCOMPETIC 1: Grups al mat\u00ed, tarda i vespre. Si s&#8217;aprova aquest curs s&#8217;obt\u00e9 el certificat que equival al certificat de nivell b\u00e0sic ACTIC.<br \/>\nCOMPETIC 2: Grups al mat\u00ed i vespre. Si s&#8217;aprova aquest curs&hellip;  <a href=\"https:\/\/agora.xtec.cat\/cfacanserra\/ensenyaments\/ensenyaments-transprofessionals\/competencia-digital-competic\/\" title=\"Read Compet\u00e8ncia digital COMPETIC\">Llegeix m\u00e9s\u00bb<\/a><\/p>\n","protected":false},"author":1,"featured_media":0,"parent":286,"menu_order":0,"comment_status":"closed","ping_status":"closed","template":"page-templates\/side-menu.php","meta":{"_bbp_topic_count":0,"_bbp_reply_count":0,"_bbp_total_topic_count":0,"_bbp_total_reply_count":0,"_bbp_voice_count":0,"_bbp_anonymous_reply_count":0,"_bbp_topic_count_hidden":0,"_bbp_reply_count_hidden":0,"_bbp_forum_subforum_count":0,"footnotes":""},"class_list":["post-316","page","type-page","status-publish","hentry"],"post_mailing_queue_ids":[],"_links":{"self":[{"href":"https:\/\/agora.xtec.cat\/cfacanserra\/wp-json\/wp\/v2\/pages\/316","targetHints":{"allow":["GET"]}}],"collection":[{"href":"https:\/\/agora.xtec.cat\/cfacanserra\/wp-json\/wp\/v2\/pages"}],"about":[{"href":"https:\/\/agora.xtec.cat\/cfacanserra\/wp-json\/wp\/v2\/types\/page"}],"author":[{"embeddable":true,"href":"https:\/\/agora.xtec.cat\/cfacanserra\/wp-json\/wp\/v2\/users\/1"}],"replies":[{"embeddable":true,"href":"https:\/\/agora.xtec.cat\/cfacanserra\/wp-json\/wp\/v2\/comments?post=316"}],"version-history":[{"count":3,"href":"https:\/\/agora.xtec.cat\/cfacanserra\/wp-json\/wp\/v2\/pages\/316\/revisions"}],"predecessor-version":[{"id":1035,"href":"https:\/\/agora.xtec.cat\/cfacanserra\/wp-json\/wp\/v2\/pages\/316\/revisions\/1035"}],"up":[{"embeddable":true,"href":"https:\/\/agora.xtec.cat\/cfacanserra\/wp-json\/wp\/v2\/pages\/286"}],"wp:attachment":[{"href":"https:\/\/agora.xtec.cat\/cfacanserra\/wp-json\/wp\/v2\/media?parent=316"}],"curies":[{"name":"wp","href":"https:\/\/api.w.org\/{rel}","templated":true}]}}