{"id":1524,"date":"2021-02-05T11:53:23","date_gmt":"2021-02-05T10:53:23","guid":{"rendered":"http:\/\/agora.xtec.cat\/cfacanserra\/?page_id=1524"},"modified":"2021-02-05T12:28:19","modified_gmt":"2021-02-05T11:28:19","slug":"orientacio","status":"publish","type":"page","link":"https:\/\/agora.xtec.cat\/cfacanserra\/orientacio\/","title":{"rendered":"Orientaci\u00f3"},"content":{"rendered":"<p>En aquest apartat podeu trobar recursos per a l&#8217;orientaci\u00f3 acad\u00e8mica i laboral.<\/p>\n<p><strong>ORIENTACI\u00d3 ACAD\u00c8MICA<\/strong><\/p>\n<ul>\n<li><a href=\"http:\/\/queestudiar.gencat.cat\/ca\/\">Departament d&#8217;educaci\u00f3. Estudiar a Catalunya<\/a><\/li>\n<li><a href=\"https:\/\/www.unportal.net\/\">El web de l&#8217;educaci\u00f3 superior a Catalunya<\/a><\/li>\n<li><a href=\"https:\/\/ioc.xtec.cat\/educacio\/\">Institut obert de Catalunya<\/a><\/li>\n<li><a href=\"https:\/\/www.mywaypass.com\/auth\/register\">Plataforma orientaci\u00f3 acad\u00e8mica-laboral per a nadius digitals<\/a><\/li>\n<\/ul>\n<p><strong>ORIENTACI\u00d3 LABORAL<\/strong><\/p>\n<ul>\n<li><a href=\"http:\/\/www.dinamitzaciolocallh.cat\/\">Ajuntament Hospitalet. Recursos per al foment de l&#8217;ocupaci\u00f3.<\/a><\/li>\n<\/ul>\n<p>&nbsp;<\/p>\n","protected":false},"excerpt":{"rendered":"<p>En aquest apartat podeu trobar recursos per a l&#8217;orientaci\u00f3 acad\u00e8mica i laboral.<br \/>\nORIENTACI\u00d3 ACAD\u00c8MICA<\/p>\n<ul>\n<li><a href=\"http:\/\/queestudiar.gencat.cat\/ca\/\">Departament d&#8217;educaci\u00f3. Estudiar a Catalunya<\/a><\/li>\n<li><a href=\"https:\/\/www.unportal.net\/\">El web de l&#8217;educaci\u00f3 superior a Catalunya<\/a><\/li>\n<li><a href=\"https:\/\/ioc.xtec.cat\/educacio\/\">Institut obert de Catalunya<\/a><\/li>\n<li><a href=\"https:\/\/www.mywaypass.com\/auth\/register\">Plataforma orientaci\u00f3 acad\u00e8mica-laboral per a nadius digitals<\/a><\/li>\n<\/ul>\n<p>ORIENTACI\u00d3 LABORAL<\/p>\n<ul>\n<li><a href=\"http:\/\/www.dinamitzaciolocallh.cat\/\">Ajuntament Hospitalet. Recursos per al foment de l&#8217;ocupaci\u00f3.<\/a><\/li>\n<\/ul>\n<p>&nbsp;<\/p>\n","protected":false},"author":1,"featured_media":0,"parent":0,"menu_order":0,"comment_status":"closed","ping_status":"closed","template":"","meta":{"_bbp_topic_count":0,"_bbp_reply_count":0,"_bbp_total_topic_count":0,"_bbp_total_reply_count":0,"_bbp_voice_count":0,"_bbp_anonymous_reply_count":0,"_bbp_topic_count_hidden":0,"_bbp_reply_count_hidden":0,"_bbp_forum_subforum_count":0,"footnotes":""},"class_list":["post-1524","page","type-page","status-publish","hentry"],"post_mailing_queue_ids":[],"_links":{"self":[{"href":"https:\/\/agora.xtec.cat\/cfacanserra\/wp-json\/wp\/v2\/pages\/1524","targetHints":{"allow":["GET"]}}],"collection":[{"href":"https:\/\/agora.xtec.cat\/cfacanserra\/wp-json\/wp\/v2\/pages"}],"about":[{"href":"https:\/\/agora.xtec.cat\/cfacanserra\/wp-json\/wp\/v2\/types\/page"}],"author":[{"embeddable":true,"href":"https:\/\/agora.xtec.cat\/cfacanserra\/wp-json\/wp\/v2\/users\/1"}],"replies":[{"embeddable":true,"href":"https:\/\/agora.xtec.cat\/cfacanserra\/wp-json\/wp\/v2\/comments?post=1524"}],"version-history":[{"count":3,"href":"https:\/\/agora.xtec.cat\/cfacanserra\/wp-json\/wp\/v2\/pages\/1524\/revisions"}],"predecessor-version":[{"id":1530,"href":"https:\/\/agora.xtec.cat\/cfacanserra\/wp-json\/wp\/v2\/pages\/1524\/revisions\/1530"}],"wp:attachment":[{"href":"https:\/\/agora.xtec.cat\/cfacanserra\/wp-json\/wp\/v2\/media?parent=1524"}],"curies":[{"name":"wp","href":"https:\/\/api.w.org\/{rel}","templated":true}]}}