{"id":5065,"date":"2023-11-28T09:00:26","date_gmt":"2023-11-28T08:00:26","guid":{"rendered":"https:\/\/agora.xtec.cat\/cfacanovelles\/?page_id=5065"},"modified":"2023-11-30T10:08:31","modified_gmt":"2023-11-30T09:08:31","slug":"competencia-del-professorat","status":"publish","type":"page","link":"https:\/\/agora.xtec.cat\/cfacanovelles\/cultura-digital\/competencia-del-professorat\/","title":{"rendered":"Compet\u00e8ncia del professorat"},"content":{"rendered":"<p>La formaci\u00f3 del professorat en cultura digital \u00e9s un aspecte clau en la consecuci\u00f3 dels objectius de la nostra Estrat\u00e8gia digital. Aquesta formaci\u00f3 s\u2019articula a trav\u00e9s de:<\/p>\n<ul>\n<li>\n<ul>\n<li>\n<ul>\n<li>L\u2019acreditaci\u00f3 dels docents (certificats ACTIC o COMPETIC)<\/li>\n<li>El curs passat vora el 80% de la plantilla va assistir al FIC relacionada amb l&#8217;EDC.<\/li>\n<li>Formaci\u00f3 dins el Pla d\u2019acolliment del professorat.<\/li>\n<li>Les sessions d\u2019assessorament i suport\u00a0 que incorporen aspectes relacionats amb recursos digitals, especialment al comen\u00e7ament del curs per al professorat novell.<\/li>\n<li>L&#8217;equip directiu envia al professorat informaci\u00f3 sobre cursos relacionats amb el desenvolupament i millora de la seva compet\u00e8ncia digital.<\/li>\n<\/ul>\n<\/li>\n<\/ul>\n<\/li>\n<\/ul>\n<p>Tot el professorat del centre t\u00e9 alguna formaci\u00f3 quant a l\u2019\u00fas de les noves tecnologies. Est\u00e0 pendent l\u2019establiment de l\u2019equival\u00e8ncia de la seva formaci\u00f3 amb el Marc de refer\u00e8ncia europeu de la CDD.<\/p>\n","protected":false},"excerpt":{"rendered":"<p>La formaci\u00f3 del professorat en cultura digital \u00e9s un aspecte clau en la consecuci\u00f3 dels objectius de la nostra Estrat\u00e8gia digital. Aquesta formaci\u00f3 s\u2019articula a trav\u00e9s de:<\/p>\n<ul>\n<li>\n<ul>\n<li>\n<ul>\n<li>L\u2019acreditaci\u00f3 dels docents (certificats ACTIC o COMPETIC)<\/li>\n<li>El curs passat vora el 80% de la plantilla va assistir al FIC&hellip;  <a href=\"https:\/\/agora.xtec.cat\/cfacanovelles\/cultura-digital\/competencia-del-professorat\/\" title=\"Read Compet\u00e8ncia del professorat\">Llegeix m\u00e9s\u00bb<\/a><br \/>\n","protected":false},"author":4,"featured_media":0,"parent":4670,"menu_order":0,"comment_status":"closed","ping_status":"closed","template":"page-templates\/side-menu.php","meta":{"_bbp_topic_count":0,"_bbp_reply_count":0,"_bbp_total_topic_count":0,"_bbp_total_reply_count":0,"_bbp_voice_count":0,"_bbp_anonymous_reply_count":0,"_bbp_topic_count_hidden":0,"_bbp_reply_count_hidden":0,"_bbp_forum_subforum_count":0,"footnotes":""},"class_list":["post-5065","page","type-page","status-publish","hentry"],"post_mailing_queue_ids":[],"_links":{"self":[{"href":"https:\/\/agora.xtec.cat\/cfacanovelles\/wp-json\/wp\/v2\/pages\/5065","targetHints":{"allow":["GET"]}}],"collection":[{"href":"https:\/\/agora.xtec.cat\/cfacanovelles\/wp-json\/wp\/v2\/pages"}],"about":[{"href":"https:\/\/agora.xtec.cat\/cfacanovelles\/wp-json\/wp\/v2\/types\/page"}],"author":[{"embeddable":true,"href":"https:\/\/agora.xtec.cat\/cfacanovelles\/wp-json\/wp\/v2\/users\/4"}],"replies":[{"embeddable":true,"href":"https:\/\/agora.xtec.cat\/cfacanovelles\/wp-json\/wp\/v2\/comments?post=5065"}],"version-history":[{"count":2,"href":"https:\/\/agora.xtec.cat\/cfacanovelles\/wp-json\/wp\/v2\/pages\/5065\/revisions"}],"predecessor-version":[{"id":5087,"href":"https:\/\/agora.xtec.cat\/cfacanovelles\/wp-json\/wp\/v2\/pages\/5065\/revisions\/5087"}],"up":[{"embeddable":true,"href":"https:\/\/agora.xtec.cat\/cfacanovelles\/wp-json\/wp\/v2\/pages\/4670"}],"wp:attachment":[{"href":"https:\/\/agora.xtec.cat\/cfacanovelles\/wp-json\/wp\/v2\/media?parent=5065"}],"curies":[{"name":"wp","href":"https:\/\/api.w.org\/{rel}","templated":true}]}}

Competència del professorat

<p>La formació del professorat en cultura digital és un aspecte clau en la consecució dels objectius de la nostra Estratègia digital. Aquesta formació s’articula a través de:</p>
<ul>
<li>
<ul>
<li>
<ul>
<li>L’acreditació dels docents (certificats ACTIC o COMPETIC)</li>
<li>El curs passat vora el 80% de la plantilla va assistir al FIC relacionada amb l&#8217;EDC.</li>
<li>Formació dins el Pla d’acolliment del professorat.</li>
<li>Les sessions d’assessorament i suport  que incorporen aspectes relacionats amb recursos digitals, especialment al començament del curs per al professorat novell.</li>
<li>L&#8217;equip directiu envia al professorat informació sobre cursos relacionats amb el desenvolupament i millora de la seva competència digital.</li>
</ul>
</li>
</ul>
</li>
</ul>
<p>Tot el professorat del centre té alguna formació quant a l’ús de les noves tecnologies. Està pendent l’establiment de l’equivalència de la seva formació amb el Marc de referència europeu de la CDD.</p>

<p>La formació del professorat en cultura digital és un aspecte clau en la consecució dels objectius de la nostra Estratègia digital. Aquesta formació s’articula a través de:</p>
<ul>
<li>
<ul>
<li>
<ul>
<li>L’acreditació dels docents (certificats ACTIC o COMPETIC)</li>
<li>El curs passat vora el 80% de la plantilla va assistir al FIC&hellip;  <a href="https://agora.xtec.cat/cfacanovelles/cultura-digital/competencia-del-professorat/" title="Read Competència del professorat">Llegeix més»</a><br />
