{"id":5059,"date":"2023-11-28T08:56:33","date_gmt":"2023-11-28T07:56:33","guid":{"rendered":"https:\/\/agora.xtec.cat\/cfacanovelles\/?page_id=5059"},"modified":"2023-12-16T20:41:48","modified_gmt":"2023-12-16T19:41:48","slug":"usuaris-del-centre","status":"publish","type":"page","link":"https:\/\/agora.xtec.cat\/cfacanovelles\/cultura-digital\/usuaris-del-centre\/","title":{"rendered":"Usuaris del centre"},"content":{"rendered":"<h1>2.1. EVA (Entorn Virtual d\u2019Aprenentatge)<\/h1>\n<p>Tots els docents i alumnes del centre tenen acc\u00e9s a les p\u00e0gines del NODES de l&#8217;escola, les qual s\u00f3n gestionades pel\/ per la\u00a0 tutor\/a del grup i en el cas del GES pel\/ per la professor\/a del m\u00f2dul corresponent. L&#8217;acc\u00e9s a aquestes p\u00e0gines poden ser obertes o restringides al p\u00fablic.<\/p>\n<p>A banda del NODES, el centre tamb\u00e9 disposa del G Suite, el qual permet treballar als docents i alumnat a trav\u00e9s de <em>Google Classroom<\/em>. Per accedir a aquest \u00faltim, i a petici\u00f3 del o del professor\/a, es crea un compte d&#8217;usuari <strong><span class=\"\">@cfacanovelles<\/span>.cat<\/strong>. Els membre de la Comissi\u00f3 Digital del Centre s\u2019encarreguen de proporcionar un usuari i contrasenya a aquest usuaris, que queden enregistrats a la unitat compartida al Drive compartida de l&#8217;EDC al curs corresponent. .<\/p>\n<h1><a name=\"_Toc138849532\"><\/a>2.2. Acollida digital dels docents, de l\u2019alumnat i del PAS<\/h1>\n<p>L\u2019acollida digital dels docents, de l\u2019alumnat i del PAS \u00e9s un aspecte de l\u2019acollida general. Dins dels dossiers d\u2019acollida de cadascun d\u2019aquests col\u00b7lectius, hi ha un apartat espec\u00edfic sobre l\u2019acollida digital. Aquests documents s\u00f3n d\u2019\u00fas intern i s\u2019actualitzen cada curs.<\/p>\n<p><a href=\"https:\/\/docs.google.com\/document\/d\/e\/2PACX-1vTpQr-el5MZUfL3C-3Nc4gXs_Yyt0T9kLcG-wtFg82FcLmNkWFVdb1F7IT2flYBfPMpR97E2XzDeANQ\/pub\" target=\"_blank\" rel=\"noopener\">Document acollida digital professorat nou<\/a><\/p>\n<p>El professorat i el PAS disposen del correu corporatiu\u00a0<em>xtec.cat<\/em>.<\/p>\n<p>Alguns professors opten per correus alternatius per comunicar-se amb els alumnes.<\/p>\n<p>Els alumnes utilitzen el seu correu personal\u00a0<em>gmail.com<\/em> o <em>hotmail.es<\/em> per a treballar als NODES (formularis de Google i altres aplicacions) i la comunicaci\u00f3 amb el centre.<\/p>\n<p>A la sala del professorat penjat al tauler 4 figuren el tel\u00e8fon del professorat i de la PAS. Els correus electr\u00f2nics es troben en documents compartits o amb l&#8217;enviament de reunions del clausyre o de les coordinacions.<\/p>\n<p>Al document d\u2019acollida de l\u2019alumnat hi ha el correu del seu tutor o tutor.\u00a0 El correu corporatiu del centre per comunicar-se amb la direcci\u00f3, si cal, es troba destacat a la portada del web del CFA Canovelles.<\/p>\n<p>A\u00a0<em>Google Drive<\/em>\u00a0el professorat, a banda d\u2019un espai personal, troba l\u2019acc\u00e9s a diferents\u00a0unitats compartides, tant com a lector com a editor. En aquestes unitats es desen tots els arxius del centre i, per exemple, es troben carpetes per desar i accedir a actes de les reunions, calendaris i horaris, documentaci\u00f3 del centre, registres i dades de l\u2019alumnat.<\/p>\n<p>&nbsp;<\/p>\n<p><a href=\"https:\/\/docs.google.com\/document\/d\/e\/2PACX-1vQP51C9QM3HIJPIAvNwd4hngNp9TD5IViWJ1ECjYhPjsTJEok7O8if0llq4bsVBrwbvI2fsp4Fz3up6\/pub\" target=\"_blank\" rel=\"noopener\">Document acollida digital l&#8217;alumnat<\/a><\/p>\n<p>La p\u00e0gina web del centre \u00e9s <a href=\"https:\/\/agora.xtec.cat\/cfacanovelles\/\" target=\"_blank\" rel=\"noopener\">https:\/\/agora.xtec.cat\/cfacanovelles\/<\/a>\u00a0La informaci\u00f3 que hi apareix sobre el centre i, en concret, sobre els estudis, s\u2019actualitza permanentment.<\/p>\n<p>Des de la p\u00e0gina web es pot accedir a trav\u00e9s de la pestanya men\u00fa\u00a0 <img loading=\"lazy\" decoding=\"async\" class=\"\" src=\"https:\/\/docs.google.com\/drawings\/d\/e\/2PACX-1vSywMglNyJcoR7UpQYsrW3R9EmI28nqaHHgmrvLtLYK2D5QyGN5Hyd9zImp3iQTdloj6Hh3STv3EJzY\/pub?w=960&amp;h=720\" width=\"143\" height=\"107\" \/> i des d&#8217;aqu\u00ed a la de cada ensenyament o m\u00f2dul de GES.<\/p>\n<p>El primer dia lectiu el tutor fa signar a l\u2019alumne l\u2019<a href=\"https:\/\/documents.espai.educacio.gencat.cat\/FormularisModels\/ProteccioDades\/A254.pdf\" target=\"_blank\" rel=\"noopener\">autoritzaci\u00f3 d\u2019us d\u2019imatge i de recursos digitals<\/a>. L\u2019equip directiu ho fa amb el personal de nova incorporaci\u00f3.<\/p>\n<p>Pel que fa a la protecci\u00f3 de dades el CFA Canovelles es regeix en tot moment per la normativa del Departament d\u2019Educaci\u00f3 <a href=\"https:\/\/educacio.gencat.cat\/ca\/departament\/proteccio-dades\/centres-educatius\/\" target=\"_blank\" rel=\"noopener\">https:\/\/educacio.gencat.cat\/ca\/departament\/proteccio-dades\/centres-educatius\/<\/a><\/p>\n<p>Pel que fa a l\u2019\u00fas dels\u00a0<strong>dispositius m\u00f2bils:<\/strong><\/p>\n<ul>\n<li>\n<ul>\n<li>\n<ul>\n<li>Alumnat:<\/li>\n<\/ul>\n<\/li>\n<\/ul>\n<\/li>\n<\/ul>\n<p>Nom\u00e9s es pot utilitzar el m\u00f2bil a les aules amb l\u2019autoritzaci\u00f3 del professorat i sempre per usos acad\u00e8mics.<\/p>\n<p>Als passadissos durant l\u2019esbarjo es pot utilitzar per connectar-se a internet i enviar missatges. Tamb\u00e9 es podr\u00e0 escoltar m\u00fasica sempre i quan es faci de manera respectuosa.<\/p>\n<p>Per trucades de veu, l\u2019alumnat haur\u00e0 de sortir de la classe i col\u00b7locar-se en un lloc en qu\u00e8 no interrompi les altres classes.<\/p>\n<ul>\n<li>\n<ul>\n<li>\n<ul>\n<li>Professorat i PAS:<\/li>\n<\/ul>\n<\/li>\n<\/ul>\n<\/li>\n<\/ul>\n<p>El professorat far\u00e0 \u00fas personal dels m\u00f2bils a la sala que t\u00e9 assignada. Extraordin\u00e0riament, el portar\u00e0 a l\u2019aula per usos personals o professionals.<\/p>\n<p>El PAS far\u00e0 \u00fas personal dels m\u00f2bils, de manera extraordin\u00e0ria, als espais on treballa.<\/p>\n<p>En qualsevol cas, el centre disposa d\u2019atenci\u00f3 telef\u00f2nica durant tot l\u2019horari lectiu perqu\u00e8 el personal i l\u2019alumnat puguin ser contactats davant d\u2019una emerg\u00e8ncia.<\/p>\n","protected":false},"excerpt":{"rendered":"<p>2.1. EVA (Entorn Virtual d\u2019Aprenentatge)<br \/>\nTots els docents i alumnes del centre tenen acc\u00e9s a les p\u00e0gines del NODES de l&#8217;escola, les qual s\u00f3n gestionades pel\/ per la\u00a0 tutor\/a del grup i en el cas del GES pel\/ per la professor\/a del m\u00f2dul corresponent. L&#8217;acc\u00e9s a&hellip;  <a href=\"https:\/\/agora.xtec.cat\/cfacanovelles\/cultura-digital\/usuaris-del-centre\/\" title=\"Read Usuaris del centre\">Llegeix m\u00e9s\u00bb<\/a><\/p>\n","protected":false},"author":4,"featured_media":0,"parent":4670,"menu_order":0,"comment_status":"closed","ping_status":"closed","template":"page-templates\/side-menu.php","meta":{"_bbp_topic_count":0,"_bbp_reply_count":0,"_bbp_total_topic_count":0,"_bbp_total_reply_count":0,"_bbp_voice_count":0,"_bbp_anonymous_reply_count":0,"_bbp_topic_count_hidden":0,"_bbp_reply_count_hidden":0,"_bbp_forum_subforum_count":0,"footnotes":""},"class_list":["post-5059","page","type-page","status-publish","hentry"],"post_mailing_queue_ids":[],"_links":{"self":[{"href":"https:\/\/agora.xtec.cat\/cfacanovelles\/wp-json\/wp\/v2\/pages\/5059","targetHints":{"allow":["GET"]}}],"collection":[{"href":"https:\/\/agora.xtec.cat\/cfacanovelles\/wp-json\/wp\/v2\/pages"}],"about":[{"href":"https:\/\/agora.xtec.cat\/cfacanovelles\/wp-json\/wp\/v2\/types\/page"}],"author":[{"embeddable":true,"href":"https:\/\/agora.xtec.cat\/cfacanovelles\/wp-json\/wp\/v2\/users\/4"}],"replies":[{"embeddable":true,"href":"https:\/\/agora.xtec.cat\/cfacanovelles\/wp-json\/wp\/v2\/comments?post=5059"}],"version-history":[{"count":6,"href":"https:\/\/agora.xtec.cat\/cfacanovelles\/wp-json\/wp\/v2\/pages\/5059\/revisions"}],"predecessor-version":[{"id":5120,"href":"https:\/\/agora.xtec.cat\/cfacanovelles\/wp-json\/wp\/v2\/pages\/5059\/revisions\/5120"}],"up":[{"embeddable":true,"href":"https:\/\/agora.xtec.cat\/cfacanovelles\/wp-json\/wp\/v2\/pages\/4670"}],"wp:attachment":[{"href":"https:\/\/agora.xtec.cat\/cfacanovelles\/wp-json\/wp\/v2\/media?parent=5059"}],"curies":[{"name":"wp","href":"https:\/\/api.w.org\/{rel}","templated":true}]}}