{"id":5025,"date":"2023-11-09T15:33:37","date_gmt":"2023-11-09T14:33:37","guid":{"rendered":"https:\/\/agora.xtec.cat\/cfacanovelles\/?page_id=5025"},"modified":"2026-02-09T14:57:08","modified_gmt":"2026-02-09T13:57:08","slug":"aula-de-capacitacio-digital","status":"publish","type":"page","link":"https:\/\/agora.xtec.cat\/cfacanovelles\/el-centre\/aula-de-capacitacio-digital\/","title":{"rendered":"AULA DE CAPACITACI\u00d3 DIGITAL"},"content":{"rendered":"<p><img loading=\"lazy\" decoding=\"async\" class=\"\" title=\"logo finan\u00e7at per:\" src=\"https:\/\/www.tarrega.cat\/pee\/imatges\/logo-financat-per\/image\" alt=\"logo finan\u00e7at per:\" width=\"1177\" height=\"157\" \/><\/p>\n<p>&nbsp;<\/p>\n<p>Les aules de capacitaci\u00f3 digital volen ser espais que permetin a la ciutadania formar-se en<br \/>\ncompet\u00e8ncies digitals transversals necess\u00e0ries per desenvolupar-se, de forma quotidiana, en una<br \/>\nsocietat cada vegada m\u00e9s digitalitzada, en qu\u00e8 serveis essencials com ara la banca, l\u2019acc\u00e9s a les<br \/>\nadministracions p\u00fabliques o el consum es fa de forma telem\u00e0tica, excloent-ne de facto a un sector de<br \/>\nla poblaci\u00f3 que, b\u00e9 per la seva edat, pel seu baix nivell de formaci\u00f3, o per la seva vulnerabilitat, no<br \/>\ntenen les compet\u00e8ncies digitals necess\u00e0ries, situant-los en desavantatge respecte de la poblaci\u00f3<br \/>\ngeneral i empitjorant de forma significativa la seva qualitat de vida.<\/p>\n<p>Aquest curs 2025-2026\u00a0 oferirem diverses formacions de capacitaci\u00f3 digital. El quart curs que oferirem s\u2019iniciar\u00e0 la setmana del <strong>23 de febrer al 6 de maig<\/strong>\u00a0<strong>els dilluns i els dimecres de 10 .30 a 12 hores.<\/strong><\/p>\n<p>Si esteu interessats en algun dels cursos, ompliu el seg\u00fcent formulari i ens posarem en contacte amb vosaltres per explicar-vos i donar-vos m\u00e9s informaci\u00f3:<\/p>\n<p><iframe loading=\"lazy\" src=\"https:\/\/docs.google.com\/forms\/d\/e\/1FAIpQLSe-fqFaeaqHCgYjBRR9Zo3poXuon9vb5QwE5UIbKl2apTe5AQ\/viewform?embedded=true\" width=\"640\" height=\"1833\" frameborder=\"0\" marginwidth=\"0\" marginheight=\"0\">S&#8217;est\u00e0 carregant\u2026<\/iframe><\/p>\n<p>S\u00f3n cursos gratu\u00efts, nivells diversos i amb equipament facilitat pel centre.<\/p>\n<p>Animeu-vos i trobeu el vostre curs!<\/p>\n<p>&nbsp;<\/p>\n<p>&nbsp;<\/p>\n<p><img loading=\"lazy\" decoding=\"async\" class=\"alignnone wp-image-6588 size-large\" src=\"https:\/\/agora.xtec.cat\/cfacanovelles\/wp-content\/uploads\/usu1982\/2026\/02\/Cartell_C4_CFACanovelles-1024x709.png\" alt=\"\" width=\"1024\" height=\"709\" srcset=\"https:\/\/agora.xtec.cat\/cfacanovelles\/wp-content\/uploads\/usu1982\/2026\/02\/Cartell_C4_CFACanovelles-1024x709.png 1024w, https:\/\/agora.xtec.cat\/cfacanovelles\/wp-content\/uploads\/usu1982\/2026\/02\/Cartell_C4_CFACanovelles-300x208.png 300w, https:\/\/agora.xtec.cat\/cfacanovelles\/wp-content\/uploads\/usu1982\/2026\/02\/Cartell_C4_CFACanovelles-768x532.png 768w, https:\/\/agora.xtec.cat\/cfacanovelles\/wp-content\/uploads\/usu1982\/2026\/02\/Cartell_C4_CFACanovelles.png 1040w\" sizes=\"auto, (max-width: 1024px) 100vw, 1024px\" \/><\/p>\n","protected":false},"excerpt":{"rendered":"<p>&nbsp;<br \/>\nLes aules de capacitaci\u00f3 digital volen ser espais que permetin a la ciutadania formar-se en<br \/>\ncompet\u00e8ncies digitals transversals necess\u00e0ries per desenvolupar-se, de forma quotidiana, en una<br \/>\nsocietat cada vegada m\u00e9s digitalitzada, en qu\u00e8 serveis essencials com ara la banca, l\u2019acc\u00e9s a les<br \/>\nadministracions p\u00fabliques o el consum es&hellip;  <a href=\"https:\/\/agora.xtec.cat\/cfacanovelles\/el-centre\/aula-de-capacitacio-digital\/\" title=\"Read AULA DE CAPACITACI\u00d3 DIGITAL\">Llegeix m\u00e9s\u00bb<\/a><\/p>\n","protected":false},"author":4,"featured_media":0,"parent":261,"menu_order":0,"comment_status":"closed","ping_status":"closed","template":"","meta":{"_bbp_topic_count":0,"_bbp_reply_count":0,"_bbp_total_topic_count":0,"_bbp_total_reply_count":0,"_bbp_voice_count":0,"_bbp_anonymous_reply_count":0,"_bbp_topic_count_hidden":0,"_bbp_reply_count_hidden":0,"_bbp_forum_subforum_count":0,"footnotes":""},"class_list":["post-5025","page","type-page","status-publish","hentry"],"post_mailing_queue_ids":[],"_links":{"self":[{"href":"https:\/\/agora.xtec.cat\/cfacanovelles\/wp-json\/wp\/v2\/pages\/5025","targetHints":{"allow":["GET"]}}],"collection":[{"href":"https:\/\/agora.xtec.cat\/cfacanovelles\/wp-json\/wp\/v2\/pages"}],"about":[{"href":"https:\/\/agora.xtec.cat\/cfacanovelles\/wp-json\/wp\/v2\/types\/page"}],"author":[{"embeddable":true,"href":"https:\/\/agora.xtec.cat\/cfacanovelles\/wp-json\/wp\/v2\/users\/4"}],"replies":[{"embeddable":true,"href":"https:\/\/agora.xtec.cat\/cfacanovelles\/wp-json\/wp\/v2\/comments?post=5025"}],"version-history":[{"count":6,"href":"https:\/\/agora.xtec.cat\/cfacanovelles\/wp-json\/wp\/v2\/pages\/5025\/revisions"}],"predecessor-version":[{"id":6590,"href":"https:\/\/agora.xtec.cat\/cfacanovelles\/wp-json\/wp\/v2\/pages\/5025\/revisions\/6590"}],"up":[{"embeddable":true,"href":"https:\/\/agora.xtec.cat\/cfacanovelles\/wp-json\/wp\/v2\/pages\/261"}],"wp:attachment":[{"href":"https:\/\/agora.xtec.cat\/cfacanovelles\/wp-json\/wp\/v2\/media?parent=5025"}],"curies":[{"name":"wp","href":"https:\/\/api.w.org\/{rel}","templated":true}]}}

AULA DE CAPACITACIÓ DIGITAL

<p><img loading="lazy" decoding="async" class="" title="logo finançat per:" src="https://www.tarrega.cat/pee/imatges/logo-financat-per/image" alt="logo finançat per:" width="1177" height="157" /></p>
<p>&nbsp;</p>
<p>Les aules de capacitació digital volen ser espais que permetin a la ciutadania formar-se en<br />
competències digitals transversals necessàries per desenvolupar-se, de forma quotidiana, en una<br />
societat cada vegada més digitalitzada, en què serveis essencials com ara la banca, l’accés a les<br />
administracions públiques o el consum es fa de forma telemàtica, excloent-ne de facto a un sector de<br />
la població que, bé per la seva edat, pel seu baix nivell de formació, o per la seva vulnerabilitat, no<br />
tenen les competències digitals necessàries, situant-los en desavantatge respecte de la població<br />
general i empitjorant de forma significativa la seva qualitat de vida.</p>
<p>Aquest curs 2025-2026  oferirem diverses formacions de capacitació digital. El quart curs que oferirem s’iniciarà la setmana del <strong>23 de febrer al 6 de maig</strong> <strong>els dilluns i els dimecres de 10 .30 a 12 hores.</strong></p>
<p>Si esteu interessats en algun dels cursos, ompliu el següent formulari i ens posarem en contacte amb vosaltres per explicar-vos i donar-vos més informació:</p>
<p><iframe loading="lazy" src="https://docs.google.com/forms/d/e/1FAIpQLSe-fqFaeaqHCgYjBRR9Zo3poXuon9vb5QwE5UIbKl2apTe5AQ/viewform?embedded=true" width="640" height="1833" frameborder="0" marginwidth="0" marginheight="0">S&#8217;està carregant…</iframe></p>
<p>Són cursos gratuïts, nivells diversos i amb equipament facilitat pel centre.</p>
<p>Animeu-vos i trobeu el vostre curs!</p>
<p>&nbsp;</p>
<p>&nbsp;</p>
<p><img loading="lazy" decoding="async" class="alignnone wp-image-6588 size-large" src="https://agora.xtec.cat/cfacanovelles/wp-content/uploads/usu1982/2026/02/Cartell_C4_CFACanovelles-1024x709.png" alt="" width="1024" height="709" srcset="https://agora.xtec.cat/cfacanovelles/wp-content/uploads/usu1982/2026/02/Cartell_C4_CFACanovelles-1024x709.png 1024w, https://agora.xtec.cat/cfacanovelles/wp-content/uploads/usu1982/2026/02/Cartell_C4_CFACanovelles-300x208.png 300w, https://agora.xtec.cat/cfacanovelles/wp-content/uploads/usu1982/2026/02/Cartell_C4_CFACanovelles-768x532.png 768w, https://agora.xtec.cat/cfacanovelles/wp-content/uploads/usu1982/2026/02/Cartell_C4_CFACanovelles.png 1040w" sizes="auto, (max-width: 1024px) 100vw, 1024px" /></p>

<p>&nbsp;<br />
Les aules de capacitació digital volen ser espais que permetin a la ciutadania formar-se en<br />
competències digitals transversals necessàries per desenvolupar-se, de forma quotidiana, en una<br />
societat cada vegada més digitalitzada, en què serveis essencials com ara la banca, l’accés a les<br />
administracions públiques o el consum es&hellip;  <a href="https://agora.xtec.cat/cfacanovelles/el-centre/aula-de-capacitacio-digital/" title="Read AULA DE CAPACITACIÓ DIGITAL">Llegeix més»</a></p>
