{"id":4634,"date":"2023-02-04T07:48:03","date_gmt":"2023-02-04T06:48:03","guid":{"rendered":"https:\/\/agora.xtec.cat\/cfacanovelles\/?page_id=4634"},"modified":"2023-02-14T19:48:48","modified_gmt":"2023-02-14T18:48:48","slug":"estrategia-digital-de-centre","status":"publish","type":"page","link":"https:\/\/agora.xtec.cat\/cfacanovelles\/estrategia-digital-de-centre\/","title":{"rendered":"ESTRAT\u00c8GIA DIGITAL DE CENTRE"},"content":{"rendered":"<h3>Estrat\u00e8gia Digital de Centre<\/h3>\n<p><a href=\"https:\/\/agora.xtec.cat\/cfacanovelles\/wp-content\/uploads\/usu1982\/2023\/02\/Screenshot-2023-02-10-at-16-59-23-Part-estrategica.png\"><img loading=\"lazy\" decoding=\"async\" class=\"size-full wp-image-4680 alignleft\" src=\"https:\/\/agora.xtec.cat\/cfacanovelles\/wp-content\/uploads\/usu1982\/2023\/02\/Screenshot-2023-02-10-at-16-59-23-Part-estrategica.png\" alt=\"\" width=\"1024\" height=\"130\" srcset=\"https:\/\/agora.xtec.cat\/cfacanovelles\/wp-content\/uploads\/usu1982\/2023\/02\/Screenshot-2023-02-10-at-16-59-23-Part-estrategica.png 1024w, https:\/\/agora.xtec.cat\/cfacanovelles\/wp-content\/uploads\/usu1982\/2023\/02\/Screenshot-2023-02-10-at-16-59-23-Part-estrategica-300x38.png 300w, https:\/\/agora.xtec.cat\/cfacanovelles\/wp-content\/uploads\/usu1982\/2023\/02\/Screenshot-2023-02-10-at-16-59-23-Part-estrategica-768x98.png 768w\" sizes=\"auto, (max-width: 1024px) 100vw, 1024px\" \/><\/a><\/p>\n<p>&nbsp;<\/p>\n<p>&nbsp;<\/p>\n<p>&nbsp;<\/p>\n<p>L\u2019Estrat\u00e8gia Digital de Centre (EDC) \u00e9s un document que recull totes les accions que es realitzen al centre, i les que es realitzaran a mitj\u00e0 termini, per aconseguir la m\u00e0xima compet\u00e8ncia digital de l\u2019alumnat, del professorat i del centre educatiu. T\u00e9 com a referent el <a href=\"https:\/\/educacio.gencat.cat\/ca\/departament\/linies-estrategiques\/pla-educacio-digital\/\">Pla d\u2019educaci\u00f3 digital de Catalunya<\/a> (PEDC), on s\u2019indica la necessitat d\u2019assolir la fita d\u2019una societat digitalment competent, fent \u00e8mfasi en l\u2019equitat i tenint en compte l\u2019evoluci\u00f3 del context social i tecnol\u00f2gic.<\/p>\n<p>En el PEC del centre es detallen les dades de contextualitzaci\u00f3 general del centre. Pel que fa als aspectes sobre tecnologia digital, cal tenir en compte que el centre fa anys que ha fet una clara aposta per la digitalitzaci\u00f3 del centre. Aix\u00ed, tot l\u2019alumnat i professorat disposa d\u2019un usuari de centre que els permet tenir serveis com s\u00f3n el correu electr\u00f2nic o l\u2019emmagatzematge al n\u00favol. Amb aquests usuaris es realitza tota la comunicaci\u00f3 del centre.<\/p>\n<p>Seguint les indicacions del document definici\u00f3 de l\u2019EDC, s\u2019ha estructurat aquesta part en 4 fases: Diagnosi, Objectius, Planificaci\u00f3 i Seguiment, i Avaluaci\u00f3 i millora.<\/p>\n<p><iframe class=\"wp-embedded-content\" sandbox=\"allow-scripts\" security=\"restricted\" title=\"FASES DE L&#039;EDC\" frameborder='0' width='1200' height='675' src='https:\/\/view.genially.com\/63e66ed5ebb95e001264b4d6#?secret=wafLRBkxHb' data-secret='wafLRBkxHb' scrolling='yes'><\/iframe><\/p>\n<p>Al centre de formaci\u00f3 d\u2019adults Canovelles, s\u2019ha creat una Comissi\u00f3 d\u2019Estrat\u00e8gia Digital de Centre (CEDC)\u00a0 que est\u00e0 formada per\u00a0 2 membres de l\u2019Equip Directiu i la professora encarregada d\u2019impartir Competic 2 i 3.<\/p>\n<p>Aquest curs, estem treballant en les primeres fases de la nostra EDC, a partir de la diagnosi realitzada, acompanyats de la figura del mentor digital i s\u2019ha dut a terme una formaci\u00f3 interna adre\u00e7ada a tots els docents per assolir la compet\u00e8ncia digital docent (FIC).<\/p>\n<p>En aquests moments la Comissi\u00f3 d\u2019EDC est\u00e0 treballant setmanalment per definir l\u2019EDC a partir de la 1a fase<b> Diagnosi, <\/b>completada a partir de l\u2019eina SELFIE i s\u2019han concretat a la 2a fase els <b>Objectius<\/b> a assolir.<\/p>\n","protected":false},"excerpt":{"rendered":"<p>Estrat\u00e8gia Digital de Centre<br \/>\n<a href=\"https:\/\/agora.xtec.cat\/cfacanovelles\/wp-content\/uploads\/usu1982\/2023\/02\/Screenshot-2023-02-10-at-16-59-23-Part-estrategica.png\"><\/a><br \/>\n&nbsp;<br \/>\n&nbsp;<br \/>\n&nbsp;<br \/>\nL\u2019Estrat\u00e8gia Digital de Centre (EDC) \u00e9s un document que recull totes les accions que es realitzen al centre, i les que es realitzaran a mitj\u00e0 termini, per aconseguir la m\u00e0xima compet\u00e8ncia digital de l\u2019alumnat, del professorat i del centre educatiu. T\u00e9&hellip;  <a href=\"https:\/\/agora.xtec.cat\/cfacanovelles\/estrategia-digital-de-centre\/\" title=\"Read ESTRAT\u00c8GIA DIGITAL DE CENTRE\">Llegeix m\u00e9s\u00bb<\/a><\/p>\n","protected":false},"author":4,"featured_media":0,"parent":0,"menu_order":0,"comment_status":"closed","ping_status":"closed","template":"","meta":{"_bbp_topic_count":0,"_bbp_reply_count":0,"_bbp_total_topic_count":0,"_bbp_total_reply_count":0,"_bbp_voice_count":0,"_bbp_anonymous_reply_count":0,"_bbp_topic_count_hidden":0,"_bbp_reply_count_hidden":0,"_bbp_forum_subforum_count":0,"footnotes":""},"class_list":["post-4634","page","type-page","status-publish","hentry"],"post_mailing_queue_ids":[],"_links":{"self":[{"href":"https:\/\/agora.xtec.cat\/cfacanovelles\/wp-json\/wp\/v2\/pages\/4634","targetHints":{"allow":["GET"]}}],"collection":[{"href":"https:\/\/agora.xtec.cat\/cfacanovelles\/wp-json\/wp\/v2\/pages"}],"about":[{"href":"https:\/\/agora.xtec.cat\/cfacanovelles\/wp-json\/wp\/v2\/types\/page"}],"author":[{"embeddable":true,"href":"https:\/\/agora.xtec.cat\/cfacanovelles\/wp-json\/wp\/v2\/users\/4"}],"replies":[{"embeddable":true,"href":"https:\/\/agora.xtec.cat\/cfacanovelles\/wp-json\/wp\/v2\/comments?post=4634"}],"version-history":[{"count":4,"href":"https:\/\/agora.xtec.cat\/cfacanovelles\/wp-json\/wp\/v2\/pages\/4634\/revisions"}],"predecessor-version":[{"id":4679,"href":"https:\/\/agora.xtec.cat\/cfacanovelles\/wp-json\/wp\/v2\/pages\/4634\/revisions\/4679"}],"wp:attachment":[{"href":"https:\/\/agora.xtec.cat\/cfacanovelles\/wp-json\/wp\/v2\/media?parent=4634"}],"curies":[{"name":"wp","href":"https:\/\/api.w.org\/{rel}","templated":true}]}}

ESTRATÈGIA DIGITAL DE CENTRE

<h3>Estratègia Digital de Centre</h3>
<p><a href="https://agora.xtec.cat/cfacanovelles/wp-content/uploads/usu1982/2023/02/Screenshot-2023-02-10-at-16-59-23-Part-estrategica.png"><img loading="lazy" decoding="async" class="size-full wp-image-4680 alignleft" src="https://agora.xtec.cat/cfacanovelles/wp-content/uploads/usu1982/2023/02/Screenshot-2023-02-10-at-16-59-23-Part-estrategica.png" alt="" width="1024" height="130" srcset="https://agora.xtec.cat/cfacanovelles/wp-content/uploads/usu1982/2023/02/Screenshot-2023-02-10-at-16-59-23-Part-estrategica.png 1024w, https://agora.xtec.cat/cfacanovelles/wp-content/uploads/usu1982/2023/02/Screenshot-2023-02-10-at-16-59-23-Part-estrategica-300x38.png 300w, https://agora.xtec.cat/cfacanovelles/wp-content/uploads/usu1982/2023/02/Screenshot-2023-02-10-at-16-59-23-Part-estrategica-768x98.png 768w" sizes="auto, (max-width: 1024px) 100vw, 1024px" /></a></p>
<p>&nbsp;</p>
<p>&nbsp;</p>
<p>&nbsp;</p>
<p>L’Estratègia Digital de Centre (EDC) és un document que recull totes les accions que es realitzen al centre, i les que es realitzaran a mitjà termini, per aconseguir la màxima competència digital de l’alumnat, del professorat i del centre educatiu. Té com a referent el <a href="https://educacio.gencat.cat/ca/departament/linies-estrategiques/pla-educacio-digital/">Pla d’educació digital de Catalunya</a> (PEDC), on s’indica la necessitat d’assolir la fita d’una societat digitalment competent, fent èmfasi en l’equitat i tenint en compte l’evolució del context social i tecnològic.</p>
<p>En el PEC del centre es detallen les dades de contextualització general del centre. Pel que fa als aspectes sobre tecnologia digital, cal tenir en compte que el centre fa anys que ha fet una clara aposta per la digitalització del centre. Així, tot l’alumnat i professorat disposa d’un usuari de centre que els permet tenir serveis com són el correu electrònic o l’emmagatzematge al núvol. Amb aquests usuaris es realitza tota la comunicació del centre.</p>
<p>Seguint les indicacions del document definició de l’EDC, s’ha estructurat aquesta part en 4 fases: Diagnosi, Objectius, Planificació i Seguiment, i Avaluació i millora.</p>
<p><iframe class="wp-embedded-content" sandbox="allow-scripts" security="restricted" title="FASES DE L&#039;EDC" frameborder='0' width='1200' height='675' src='https://view.genially.com/63e66ed5ebb95e001264b4d6#?secret=wafLRBkxHb' data-secret='wafLRBkxHb' scrolling='yes'></iframe></p>
<p>Al centre de formació d’adults Canovelles, s’ha creat una Comissió d’Estratègia Digital de Centre (CEDC)  que està formada per  2 membres de l’Equip Directiu i la professora encarregada d’impartir Competic 2 i 3.</p>
<p>Aquest curs, estem treballant en les primeres fases de la nostra EDC, a partir de la diagnosi realitzada, acompanyats de la figura del mentor digital i s’ha dut a terme una formació interna adreçada a tots els docents per assolir la competència digital docent (FIC).</p>
<p>En aquests moments la Comissió d’EDC està treballant setmanalment per definir l’EDC a partir de la 1a fase<b> Diagnosi, </b>completada a partir de l’eina SELFIE i s’han concretat a la 2a fase els <b>Objectius</b> a assolir.</p>

<p>Estratègia Digital de Centre<br />
<a href="https://agora.xtec.cat/cfacanovelles/wp-content/uploads/usu1982/2023/02/Screenshot-2023-02-10-at-16-59-23-Part-estrategica.png"></a><br />
&nbsp;<br />
&nbsp;<br />
&nbsp;<br />
L’Estratègia Digital de Centre (EDC) és un document que recull totes les accions que es realitzen al centre, i les que es realitzaran a mitjà termini, per aconseguir la màxima competència digital de l’alumnat, del professorat i del centre educatiu. Té&hellip;  <a href="https://agora.xtec.cat/cfacanovelles/estrategia-digital-de-centre/" title="Read ESTRATÈGIA DIGITAL DE CENTRE">Llegeix més»</a></p>
