{"id":320,"date":"2015-01-28T11:35:13","date_gmt":"2015-01-28T10:35:13","guid":{"rendered":"http:\/\/agora.xtec.cat\/cfacanovelles\/?page_id=320"},"modified":"2019-10-01T15:32:21","modified_gmt":"2019-10-01T13:32:21","slug":"a-cicles-formatius-de-grau-superior","status":"publish","type":"page","link":"https:\/\/agora.xtec.cat\/cfacanovelles\/ensenyaments\/ensenyaments-per-a-la-preparacio-de-proves-dacces\/a-cicles-formatius-de-grau-superior\/","title":{"rendered":"A cicles formatius de grau superior"},"content":{"rendered":"<div class=\"paragraph\">\n<ul>\n<li>Aquest curs t\u00e9 com a finalitat facilitar l&#8217;acc\u00e9s als ensenyaments a qualsevol del cicles formatius de grau superior\u00a0 a aquelles persones adultes que no tenen la titulaci\u00f3 adient per accedir-hi.<\/li>\n<li>Requisits d\u2019acc\u00e9s:\n<ul>\n<li style=\"list-style-type: none;\">\n<ul>\n<li>Persones que tinguin complerts 19 anys, o els compleixin durant l\u2019any de la prova.<\/li>\n<li>Tenir complerts 18 anys d\u2019edat o b\u00e9 complir-los durant l\u2019any natural de la prova, i estar en possessi\u00f3 del t\u00edtol de T\u00e8cnic (CFGM) de la mateixa fam\u00edlia del CFGS al qual es vol accedir.<\/li>\n<\/ul>\n<\/li>\n<\/ul>\n<\/li>\n<li>Aquest curs consta:\n<ul>\n<li style=\"list-style-type: none;\">\n<ul>\n<li><strong>D\u2019una part comuna<\/strong> que agrupa les mat\u00e8ries seg\u00fcents: llengua catalana, llengua castellana, idioma estranger (<strong>angl\u00e8s<\/strong>, franc\u00e8s, alemany o itali\u00e0) i matem\u00e0tiques.<\/li>\n<li><strong>D&#8217;una part espec\u00edfica<\/strong>. Agrupa les mat\u00e8ries que corresponen a cada cicle formatiu i l\u2019alumne s\u2019examinar\u00e0 de dues mat\u00e8ries espec\u00edfiques en funci\u00f3 de la fam\u00edlia professional escollida.<br \/>\nLes mat\u00e8ries espec\u00edfiques\u00a0 es realitzaran a dist\u00e0ncia mitjan\u00e7at\u00a0<a title=\"\" href=\"http:\/\/ioc.xtec.cat\/educacio\/index.php?option=com_content&amp;view=article&amp;id=151&amp;Itemid=126\" target=\"_blank\" rel=\"noopener noreferrer\">l\u2019IOC\u00a0 (Institut Obert de Catalunya).<\/a><\/li>\n<\/ul>\n<\/li>\n<\/ul>\n<\/li>\n<\/ul>\n<\/div>\n<div class=\"paragraph\"><\/div>\n<ul>\n<li>Durada: Del 18 de Setembre al 10 de maig<\/li>\n<li>Organitzaci\u00f3<\/li>\n<li>Curr\u00edculum<\/li>\n<li>Recursos<\/li>\n<li>Aula virtual<\/li>\n<li>Avaluaci\u00f3<\/li>\n<li>Promoci\u00f3 de curs i\/o obtenci\u00f3 de certificaci\u00f3<\/li>\n<\/ul>\n","protected":false},"excerpt":{"rendered":"<ul>\n<li>Aquest curs t\u00e9 com a finalitat facilitar l&#8217;acc\u00e9s als ensenyaments a qualsevol del cicles formatius de grau superior\u00a0 a aquelles persones adultes que no tenen la titulaci\u00f3 adient per accedir-hi.<\/li>\n<li>Requisits d\u2019acc\u00e9s:\n<ul>\n<li style=\"list-style-type: none;\">\n<ul>\n<li>Persones que tinguin complerts 19 anys, o els compleixin durant l\u2019any de la&hellip;  <a href=\"https:\/\/agora.xtec.cat\/cfacanovelles\/ensenyaments\/ensenyaments-per-a-la-preparacio-de-proves-dacces\/a-cicles-formatius-de-grau-superior\/\" title=\"Read A cicles formatius de grau superior\">Llegeix m\u00e9s\u00bb<\/a><br \/>\n","protected":false},"author":1,"featured_media":0,"parent":288,"menu_order":0,"comment_status":"closed","ping_status":"closed","template":"page-templates\/side-menu.php","meta":{"_bbp_topic_count":0,"_bbp_reply_count":0,"_bbp_total_topic_count":0,"_bbp_total_reply_count":0,"_bbp_voice_count":0,"_bbp_anonymous_reply_count":0,"_bbp_topic_count_hidden":0,"_bbp_reply_count_hidden":0,"_bbp_forum_subforum_count":0,"footnotes":""},"class_list":["post-320","page","type-page","status-publish","hentry"],"post_mailing_queue_ids":[],"_links":{"self":[{"href":"https:\/\/agora.xtec.cat\/cfacanovelles\/wp-json\/wp\/v2\/pages\/320","targetHints":{"allow":["GET"]}}],"collection":[{"href":"https:\/\/agora.xtec.cat\/cfacanovelles\/wp-json\/wp\/v2\/pages"}],"about":[{"href":"https:\/\/agora.xtec.cat\/cfacanovelles\/wp-json\/wp\/v2\/types\/page"}],"author":[{"embeddable":true,"href":"https:\/\/agora.xtec.cat\/cfacanovelles\/wp-json\/wp\/v2\/users\/1"}],"replies":[{"embeddable":true,"href":"https:\/\/agora.xtec.cat\/cfacanovelles\/wp-json\/wp\/v2\/comments?post=320"}],"version-history":[{"count":2,"href":"https:\/\/agora.xtec.cat\/cfacanovelles\/wp-json\/wp\/v2\/pages\/320\/revisions"}],"predecessor-version":[{"id":604,"href":"https:\/\/agora.xtec.cat\/cfacanovelles\/wp-json\/wp\/v2\/pages\/320\/revisions\/604"}],"up":[{"embeddable":true,"href":"https:\/\/agora.xtec.cat\/cfacanovelles\/wp-json\/wp\/v2\/pages\/288"}],"wp:attachment":[{"href":"https:\/\/agora.xtec.cat\/cfacanovelles\/wp-json\/wp\/v2\/media?parent=320"}],"curies":[{"name":"wp","href":"https:\/\/api.w.org\/{rel}","templated":true}]}}

<div class="paragraph">
<ul>
<li>Aquest curs té com a finalitat facilitar l&#8217;accés als ensenyaments a qualsevol del cicles formatius de grau superior  a aquelles persones adultes que no tenen la titulació adient per accedir-hi.</li>
<li>Requisits d’accés:
<ul>
<li style="list-style-type: none;">
<ul>
<li>Persones que tinguin complerts 19 anys, o els compleixin durant l’any de la prova.</li>
<li>Tenir complerts 18 anys d’edat o bé complir-los durant l’any natural de la prova, i estar en possessió del títol de Tècnic (CFGM) de la mateixa família del CFGS al qual es vol accedir.</li>
</ul>
</li>
</ul>
</li>
<li>Aquest curs consta:
<ul>
<li style="list-style-type: none;">
<ul>
<li><strong>D’una part comuna</strong> que agrupa les matèries següents: llengua catalana, llengua castellana, idioma estranger (<strong>anglès</strong>, francès, alemany o italià) i matemàtiques.</li>
<li><strong>D&#8217;una part específica</strong>. Agrupa les matèries que corresponen a cada cicle formatiu i l’alumne s’examinarà de dues matèries específiques en funció de la família professional escollida.<br />
Les matèries específiques  es realitzaran a distància mitjançat <a title="" href="http://ioc.xtec.cat/educacio/index.php?option=com_content&amp;view=article&amp;id=151&amp;Itemid=126" target="_blank" rel="noopener noreferrer">l’IOC  (Institut Obert de Catalunya).</a></li>
</ul>
</li>
</ul>
</li>
</ul>
</div>
<div class="paragraph"></div>
<ul>
<li>Durada: Del 18 de Setembre al 10 de maig</li>
<li>Organització</li>
<li>Currículum</li>
<li>Recursos</li>
<li>Aula virtual</li>
<li>Avaluació</li>
<li>Promoció de curs i/o obtenció de certificació</li>
</ul>

<ul>
<li>Aquest curs té com a finalitat facilitar l&#8217;accés als ensenyaments a qualsevol del cicles formatius de grau superior  a aquelles persones adultes que no tenen la titulació adient per accedir-hi.</li>
<li>Requisits d’accés:
<ul>
<li style="list-style-type: none;">
<ul>
<li>Persones que tinguin complerts 19 anys, o els compleixin durant l’any de la&hellip;  <a href="https://agora.xtec.cat/cfacanovelles/ensenyaments/ensenyaments-per-a-la-preparacio-de-proves-dacces/a-cicles-formatius-de-grau-superior/" title="Read A cicles formatius de grau superior">Llegeix més»</a><br />
