{"id":314,"date":"2015-01-28T11:33:13","date_gmt":"2015-01-28T10:33:13","guid":{"rendered":"http:\/\/agora.xtec.cat\/cfacanovelles\/?page_id=314"},"modified":"2019-10-08T15:23:49","modified_gmt":"2019-10-08T13:23:49","slug":"llengua-francesa","status":"publish","type":"page","link":"https:\/\/agora.xtec.cat\/cfacanovelles\/ensenyaments\/ensenyaments-transprofessionals\/llengua-francesa\/","title":{"rendered":"Llengua francesa"},"content":{"rendered":"<p><strong>NIVELL<\/strong><\/p>\n<p>Aquest curs de franc\u00e8s contempla dos nivells d&#8217;aprenentatge diferents, per tant, va adre\u00e7at a totes aquelles persones sense coneixements previs d&#8217;aquesta llengua, o b\u00e9, a aquelles persones que tenen una noci\u00f3 molt b\u00e0sica i elemental d&#8217;aquest idioma.<\/p>\n<p><strong>DURADA I HORARIS<\/strong><\/p>\n<p><span style=\"font-family: inherit; font-size: 1em;\">El curs t\u00e9 una durada de nou mesos: s&#8217;inicia al setembre i finalitza al juny. Durant aquest curs 2019-2020 els horaris del curs de franc\u00e8s s\u00f3n dilluns i divendres de 10:15h a 12:15h.<\/span><\/p>\n<p><strong>OBJECTIUS I CONTINGUTS CURRICULARS<\/strong><\/p>\n<p>Durant el curs es treballaran diversos continguts l\u00e8xics i gramaticals, sempre partint des de l&#8217;inici, tenint en compte que els alumnes no tenen coneixements previs de la llengua. L&#8217;objectiu principal del curs \u00e9s adquirir unes nocions b\u00e0siques de franc\u00e8s per tal de poder comunicar-se m\u00ednimament en aquesta llengua. Aix\u00ed doncs, durant el curs s&#8217;aprendr\u00e0 diferent vocabulari (els colors, la roba, els aliments, les professions, els animals, etc.), els verbs (\u00eatre et avoir, pr\u00e9sent, pass\u00e9 compos\u00e9&#8230;), q\u00fcestions gramaticals com per exemple l&#8217;interrogaci\u00f3, la negaci\u00f3, \u00fas correcte dels articles&#8230; Tamb\u00e9 es treballaran aspectes fon\u00e8tics com per exemple la correlaci\u00f3 dels sons voc\u00e0lics (en franc\u00e9s &#8220;au&#8221; es pronuncia &#8220;o&#8221;, &#8220;ou&#8221; es pronuncia &#8220;u&#8221;), etc.<\/p>\n<p><strong>RECURSOS<\/strong><\/p>\n<p>Per tal de facilitat l&#8217;aprenentatge dels nostres alumnes disposem d&#8217;un blog on publiquem dia a dia els continguts treballats a classe. A trav\u00e9s d&#8217;aquest blog podem tamb\u00e9 practicar a casa el que es fa a l&#8217;aula. Tamb\u00e9 trobarem al blog diferents recursos com diccionaris, traductors, etc., un link directe al can\u00e7oner del curs (ja que durant el curs tamb\u00e9 aprendrem coses a trav\u00e9s de can\u00e7ons franc\u00f2fones), i moltes altres coses m\u00e9s.<\/p>\n<p>Podeu accedir al blog del curs fent clic <a href=\"http:\/\/cfacanovellesfrances11-12.blogspot.com\/\">aqu\u00ed<\/a>.<\/p>\n<p><strong>AVALUACI\u00d3<\/strong><\/p>\n<p>Es faran tres proves durant el curs, una al final de cada trimestre. Amb aquestes tres proves s&#8217;avaluaran les diferents habilitats implicades en l&#8217;aprenentatge d&#8217;una llengua: comprensi\u00f3 oral, comprensi\u00f3 escrita, expressi\u00f3 oral i expressi\u00f3 escrita. Aquestes proves tindran un valor del 50% de la nota. El 50% restant s&#8217;obtindr\u00e0 del treball i participaci\u00f3 diari (deures, participaci\u00f3 activa durant les classes, produccions i treballs que es facin durant el curs&#8230;)<\/p>\n<p><strong>OBTENCI\u00d3 DE CERTIFICATS<\/strong><\/p>\n<p>Segons el marc europeu com\u00fa de refer\u00e8ncia (MECR), els alumnes que finalitzin el curs satisfact\u00f2riament disposaran d&#8217;un certificat equivalent al nivell A1.<\/p>\n","protected":false},"excerpt":{"rendered":"<p>NIVELL<br \/>\nAquest curs de franc\u00e8s contempla dos nivells d&#8217;aprenentatge diferents, per tant, va adre\u00e7at a totes aquelles persones sense coneixements previs d&#8217;aquesta llengua, o b\u00e9, a aquelles persones que tenen una noci\u00f3 molt b\u00e0sica i elemental d&#8217;aquest idioma.<br \/>\nDURADA I HORARIS<br \/>\nEl curs t\u00e9 una durada de nou&hellip;  <a href=\"https:\/\/agora.xtec.cat\/cfacanovelles\/ensenyaments\/ensenyaments-transprofessionals\/llengua-francesa\/\" title=\"Read Llengua francesa\">Llegeix m\u00e9s\u00bb<\/a><\/p>\n","protected":false},"author":1,"featured_media":0,"parent":286,"menu_order":0,"comment_status":"closed","ping_status":"closed","template":"page-templates\/side-menu.php","meta":{"_bbp_topic_count":0,"_bbp_reply_count":0,"_bbp_total_topic_count":0,"_bbp_total_reply_count":0,"_bbp_voice_count":0,"_bbp_anonymous_reply_count":0,"_bbp_topic_count_hidden":0,"_bbp_reply_count_hidden":0,"_bbp_forum_subforum_count":0,"footnotes":""},"class_list":["post-314","page","type-page","status-publish","hentry"],"post_mailing_queue_ids":[],"_links":{"self":[{"href":"https:\/\/agora.xtec.cat\/cfacanovelles\/wp-json\/wp\/v2\/pages\/314","targetHints":{"allow":["GET"]}}],"collection":[{"href":"https:\/\/agora.xtec.cat\/cfacanovelles\/wp-json\/wp\/v2\/pages"}],"about":[{"href":"https:\/\/agora.xtec.cat\/cfacanovelles\/wp-json\/wp\/v2\/types\/page"}],"author":[{"embeddable":true,"href":"https:\/\/agora.xtec.cat\/cfacanovelles\/wp-json\/wp\/v2\/users\/1"}],"replies":[{"embeddable":true,"href":"https:\/\/agora.xtec.cat\/cfacanovelles\/wp-json\/wp\/v2\/comments?post=314"}],"version-history":[{"count":2,"href":"https:\/\/agora.xtec.cat\/cfacanovelles\/wp-json\/wp\/v2\/pages\/314\/revisions"}],"predecessor-version":[{"id":606,"href":"https:\/\/agora.xtec.cat\/cfacanovelles\/wp-json\/wp\/v2\/pages\/314\/revisions\/606"}],"up":[{"embeddable":true,"href":"https:\/\/agora.xtec.cat\/cfacanovelles\/wp-json\/wp\/v2\/pages\/286"}],"wp:attachment":[{"href":"https:\/\/agora.xtec.cat\/cfacanovelles\/wp-json\/wp\/v2\/media?parent=314"}],"curies":[{"name":"wp","href":"https:\/\/api.w.org\/{rel}","templated":true}]}}

<p><strong>NIVELL</strong></p>
<p>Aquest curs de francès contempla dos nivells d&#8217;aprenentatge diferents, per tant, va adreçat a totes aquelles persones sense coneixements previs d&#8217;aquesta llengua, o bé, a aquelles persones que tenen una noció molt bàsica i elemental d&#8217;aquest idioma.</p>
<p><strong>DURADA I HORARIS</strong></p>
<p><span style="font-family: inherit; font-size: 1em;">El curs té una durada de nou mesos: s&#8217;inicia al setembre i finalitza al juny. Durant aquest curs 2019-2020 els horaris del curs de francès són dilluns i divendres de 10:15h a 12:15h.</span></p>
<p><strong>OBJECTIUS I CONTINGUTS CURRICULARS</strong></p>
<p>Durant el curs es treballaran diversos continguts lèxics i gramaticals, sempre partint des de l&#8217;inici, tenint en compte que els alumnes no tenen coneixements previs de la llengua. L&#8217;objectiu principal del curs és adquirir unes nocions bàsiques de francès per tal de poder comunicar-se mínimament en aquesta llengua. Així doncs, durant el curs s&#8217;aprendrà diferent vocabulari (els colors, la roba, els aliments, les professions, els animals, etc.), els verbs (être et avoir, présent, passé composé&#8230;), qüestions gramaticals com per exemple l&#8217;interrogació, la negació, ús correcte dels articles&#8230; També es treballaran aspectes fonètics com per exemple la correlació dels sons vocàlics (en francés &#8220;au&#8221; es pronuncia &#8220;o&#8221;, &#8220;ou&#8221; es pronuncia &#8220;u&#8221;), etc.</p>
<p><strong>RECURSOS</strong></p>
<p>Per tal de facilitat l&#8217;aprenentatge dels nostres alumnes disposem d&#8217;un blog on publiquem dia a dia els continguts treballats a classe. A través d&#8217;aquest blog podem també practicar a casa el que es fa a l&#8217;aula. També trobarem al blog diferents recursos com diccionaris, traductors, etc., un link directe al cançoner del curs (ja que durant el curs també aprendrem coses a través de cançons francòfones), i moltes altres coses més.</p>
<p>Podeu accedir al blog del curs fent clic <a href="http://cfacanovellesfrances11-12.blogspot.com/">aquí</a>.</p>
<p><strong>AVALUACIÓ</strong></p>
<p>Es faran tres proves durant el curs, una al final de cada trimestre. Amb aquestes tres proves s&#8217;avaluaran les diferents habilitats implicades en l&#8217;aprenentatge d&#8217;una llengua: comprensió oral, comprensió escrita, expressió oral i expressió escrita. Aquestes proves tindran un valor del 50% de la nota. El 50% restant s&#8217;obtindrà del treball i participació diari (deures, participació activa durant les classes, produccions i treballs que es facin durant el curs&#8230;)</p>
<p><strong>OBTENCIÓ DE CERTIFICATS</strong></p>
<p>Segons el marc europeu comú de referència (MECR), els alumnes que finalitzin el curs satisfactòriament disposaran d&#8217;un certificat equivalent al nivell A1.</p>

<p>NIVELL<br />
Aquest curs de francès contempla dos nivells d&#8217;aprenentatge diferents, per tant, va adreçat a totes aquelles persones sense coneixements previs d&#8217;aquesta llengua, o bé, a aquelles persones que tenen una noció molt bàsica i elemental d&#8217;aquest idioma.<br />
DURADA I HORARIS<br />
El curs té una durada de nou&hellip;  <a href="https://agora.xtec.cat/cfacanovelles/ensenyaments/ensenyaments-transprofessionals/llengua-francesa/" title="Read Llengua francesa">Llegeix més»</a></p>
