{"id":1191,"date":"2020-06-03T20:55:08","date_gmt":"2020-06-03T18:55:08","guid":{"rendered":"https:\/\/agora.xtec.cat\/cfacanovelles\/?page_id=1191"},"modified":"2025-04-01T15:12:21","modified_gmt":"2025-04-01T13:12:21","slug":"preinscripcio-grup-ges","status":"publish","type":"page","link":"https:\/\/agora.xtec.cat\/cfacanovelles\/preinscripcio\/preinscripcio-grup-ges\/","title":{"rendered":"Preinscripci\u00f3 Grups GES"},"content":{"rendered":"<h4>Qu\u00e8 heu de fer?<\/h4>\n<p>Heu de venir al centre\u00a0 al llarg del mes de juny per informar-vos i orientar-vos.<\/p>\n<p>Del 3 al 18 de juny en aquest horari:<\/p>\n<p>Dimarts i dimecres de 9.30 a 12.30 h.<\/p>\n<p>Dilluns i dijous de 16 a 19 h.<\/p>\n<p>Del 18 al 27 de juny en aquest horari:<\/p>\n<p>MAT\u00cd:<\/p>\n<p>De 10 a 13 h.<\/p>\n<p>TARDA:<\/p>\n<p>De 17 a 20 h<\/p>\n<p>&nbsp;<\/p>\n<ul>\n<li style=\"list-style-type: none;\">\n<ul>\n<li style=\"list-style-type: none;\"><\/li>\n<\/ul>\n<\/li>\n<\/ul>\n<h4><a id=\"Documentacio\"><\/a>Documentaci\u00f3 que cal dur abans de fer la prova de nivell<\/h4>\n<ul>\n<li style=\"list-style-type: none;\">\n<ul>\n<li style=\"list-style-type: none;\">\n<ul>\n<li>DNI, NIE\u00a0 i documents d\u2019identitat del pa\u00eds d\u2019origen (doble cara) o passaport.<\/li>\n<li>Certificaci\u00f3 acad\u00e8mica d&#8217;ESO (si has estudiat ESO)<\/li>\n<li>T\u00edtol de graduat Escolar (si has estudiat l&#8217;EGB)<\/li>\n<li>Fotoc\u00f2pies del llibre d&#8217;escolaritat on es mostri clarament les qualificacions de 3r i 4t d&#8217;ESO (si has estudiat ESO)<\/li>\n<li>Menors d&#8217;edat (alumnes que no compleixin els 18 anys l&#8217;any 2023)\n<ul>\n<li style=\"list-style-type: none;\">\n<ul>\n<li style=\"list-style-type: none;\">\n<ul>\n<li style=\"list-style-type: none;\">\n<ul>\n<li style=\"list-style-type: none;\">\n<ul>\n<li style=\"list-style-type: none;\">\n<ul>\n<li>\u00a0A m\u00e9s de la sol\u00b7licitud general, el tutor haur\u00e0 d&#8217;omplir els seg\u00fcents documents:\n<ul>\n<li style=\"list-style-type: none;\">\n<ul>\n<li><a href=\"https:\/\/documents.espai.educacio.gencat.cat\/FormularisModels\/CentresDocumentacioAcademica\/A669.pdf\" target=\"_blank\" rel=\"noopener noreferrer\">Sol\u00b7licitud de menors d&#8217;edat per cursar ensenyaments d&#8217;educaci\u00f3 adults<\/a><\/li>\n<li><a href=\"https:\/\/documents.espai.educacio.gencat.cat\/FormularisModels\/CentresDocumentacioAcademica\/A670.pdf\" target=\"_blank\" rel=\"noopener noreferrer\">Autoritzaci\u00f3 a menors d&#8217;edat per cursar ensenyaments d&#8217;educaci\u00f3 adults<\/a><\/li>\n<\/ul>\n<\/li>\n<\/ul>\n<\/li>\n<li>Persones amb <strong>contracte laboral<\/strong>: el document que acrediti la seva afiliaci\u00f3 a la Seguretat Social (si no tenen obligaci\u00f3 d&#8217;estar afiliats, el certificat del familiar titular de l&#8217;empresa i la declaraci\u00f3 dels tutors legals). Tamb\u00e9 poden acreditar-la mitjan\u00e7ant l&#8217;ompliment d&#8217;aquest document:\n<ul>\n<li style=\"list-style-type: none;\">\n<ul>\n<li><a href=\"https:\/\/documents.espai.educacio.gencat.cat\/FormularisModels\/CentresDocumentacioAcademica\/A671.pdf\" target=\"_blank\" rel=\"noopener noreferrer\">Document acreditatiu de la relaci\u00f3 contractual amb l&#8217;empresa<\/a><\/li>\n<\/ul>\n<\/li>\n<\/ul>\n<\/li>\n<li>Esportistes d&#8217;<strong>alt rendiment <\/strong>que\u00a0comparteixen ensenyaments: el certificat acreditatiu expedit pel Consell Catal\u00e0 de l&#8217;Esport.<\/li>\n<li>Persones que han cursat i superat un programa de formaci\u00f3 i inserci\u00f3 (PFI): el certificat en qu\u00e8 consti que l&#8217;han cursat.<\/li>\n<li>Persones que participen al programa &#8220;<strong>Joves per l&#8217;ocupaci\u00f3<\/strong>&#8220;: el document acreditatiu expedit per l&#8217;entitat on han desenvolupat el programa.<\/li>\n<li>Fotoc\u00f2pia de Llibre de Fam\u00edlia<\/li>\n<li>Document especial on s&#8217;acrediten les circumst\u00e0ncies no esmentades abans per les quals no pot continuar estudiant en un institut de secund\u00e0ria.<\/li>\n<\/ul>\n<\/li>\n<\/ul>\n<\/li>\n<\/ul>\n<\/li>\n<\/ul>\n<\/li>\n<\/ul>\n<\/li>\n<\/ul>\n<\/li>\n<\/ul>\n<\/li>\n<\/ul>\n<\/li>\n<\/ul>\n<h4>Quin ser\u00e0 l\u2019horari?<\/h4>\n<ul>\n<li>Consulta horaris per al proper curs<\/li>\n<\/ul>\n<h4>Com s\u00e9 que he estat adm\u00e8s?<\/h4>\n<ul>\n<li>Consulta el\u00a0<a href=\"https:\/\/agora.xtec.cat\/cfacanovelles\/preinscripcio\/calendari-de-preinscripcio\/\" target=\"_blank\" rel=\"noopener noreferrer\">calendari de la preinscripci\u00f3<\/a>\u00a0i quan sortiran publicades les llistes<\/li>\n<\/ul>\n<p>&nbsp;<\/p>\n","protected":false},"excerpt":{"rendered":"<p>Qu\u00e8 heu de fer?<br \/>\nHeu de venir al centre\u00a0 al llarg del mes de juny per informar-vos i orientar-vos.<br \/>\nDel 3 al 18 de juny en aquest horari:<br \/>\nDimarts i dimecres de 9.30 a 12.30 h.<br \/>\nDilluns i dijous de 16 a 19 h.<br \/>\nDel 18 al 27 de juny&hellip;  <a href=\"https:\/\/agora.xtec.cat\/cfacanovelles\/preinscripcio\/preinscripcio-grup-ges\/\" title=\"Read Preinscripci\u00f3 Grups GES\">Llegeix m\u00e9s\u00bb<\/a><\/p>\n","protected":false},"author":4,"featured_media":0,"parent":1162,"menu_order":0,"comment_status":"closed","ping_status":"closed","template":"","meta":{"_bbp_topic_count":0,"_bbp_reply_count":0,"_bbp_total_topic_count":0,"_bbp_total_reply_count":0,"_bbp_voice_count":0,"_bbp_anonymous_reply_count":0,"_bbp_topic_count_hidden":0,"_bbp_reply_count_hidden":0,"_bbp_forum_subforum_count":0,"footnotes":""},"class_list":["post-1191","page","type-page","status-publish","hentry"],"post_mailing_queue_ids":[],"_links":{"self":[{"href":"https:\/\/agora.xtec.cat\/cfacanovelles\/wp-json\/wp\/v2\/pages\/1191","targetHints":{"allow":["GET"]}}],"collection":[{"href":"https:\/\/agora.xtec.cat\/cfacanovelles\/wp-json\/wp\/v2\/pages"}],"about":[{"href":"https:\/\/agora.xtec.cat\/cfacanovelles\/wp-json\/wp\/v2\/types\/page"}],"author":[{"embeddable":true,"href":"https:\/\/agora.xtec.cat\/cfacanovelles\/wp-json\/wp\/v2\/users\/4"}],"replies":[{"embeddable":true,"href":"https:\/\/agora.xtec.cat\/cfacanovelles\/wp-json\/wp\/v2\/comments?post=1191"}],"version-history":[{"count":6,"href":"https:\/\/agora.xtec.cat\/cfacanovelles\/wp-json\/wp\/v2\/pages\/1191\/revisions"}],"predecessor-version":[{"id":5990,"href":"https:\/\/agora.xtec.cat\/cfacanovelles\/wp-json\/wp\/v2\/pages\/1191\/revisions\/5990"}],"up":[{"embeddable":true,"href":"https:\/\/agora.xtec.cat\/cfacanovelles\/wp-json\/wp\/v2\/pages\/1162"}],"wp:attachment":[{"href":"https:\/\/agora.xtec.cat\/cfacanovelles\/wp-json\/wp\/v2\/media?parent=1191"}],"curies":[{"name":"wp","href":"https:\/\/api.w.org\/{rel}","templated":true}]}}

Preinscripció Grups GES

<h4>Què heu de fer?</h4>
<p>Heu de venir al centre  al llarg del mes de juny per informar-vos i orientar-vos.</p>
<p>Del 3 al 18 de juny en aquest horari:</p>
<p>Dimarts i dimecres de 9.30 a 12.30 h.</p>
<p>Dilluns i dijous de 16 a 19 h.</p>
<p>Del 18 al 27 de juny en aquest horari:</p>
<p>MATÍ:</p>
<p>De 10 a 13 h.</p>
<p>TARDA:</p>
<p>De 17 a 20 h</p>
<p>&nbsp;</p>
<ul>
<li style="list-style-type: none;">
<ul>
<li style="list-style-type: none;"></li>
</ul>
</li>
</ul>
<h4><a id="Documentacio"></a>Documentació que cal dur abans de fer la prova de nivell</h4>
<ul>
<li style="list-style-type: none;">
<ul>
<li style="list-style-type: none;">
<ul>
<li>DNI, NIE  i documents d’identitat del país d’origen (doble cara) o passaport.</li>
<li>Certificació acadèmica d&#8217;ESO (si has estudiat ESO)</li>
<li>Títol de graduat Escolar (si has estudiat l&#8217;EGB)</li>
<li>Fotocòpies del llibre d&#8217;escolaritat on es mostri clarament les qualificacions de 3r i 4t d&#8217;ESO (si has estudiat ESO)</li>
<li>Menors d&#8217;edat (alumnes que no compleixin els 18 anys l&#8217;any 2023)
<ul>
<li style="list-style-type: none;">
<ul>
<li style="list-style-type: none;">
<ul>
<li style="list-style-type: none;">
<ul>
<li style="list-style-type: none;">
<ul>
<li style="list-style-type: none;">
<ul>
<li> A més de la sol·licitud general, el tutor haurà d&#8217;omplir els següents documents:
<ul>
<li style="list-style-type: none;">
<ul>
<li><a href="https://documents.espai.educacio.gencat.cat/FormularisModels/CentresDocumentacioAcademica/A669.pdf" target="_blank" rel="noopener noreferrer">Sol·licitud de menors d&#8217;edat per cursar ensenyaments d&#8217;educació adults</a></li>
<li><a href="https://documents.espai.educacio.gencat.cat/FormularisModels/CentresDocumentacioAcademica/A670.pdf" target="_blank" rel="noopener noreferrer">Autorització a menors d&#8217;edat per cursar ensenyaments d&#8217;educació adults</a></li>
</ul>
</li>
</ul>
</li>
<li>Persones amb <strong>contracte laboral</strong>: el document que acrediti la seva afiliació a la Seguretat Social (si no tenen obligació d&#8217;estar afiliats, el certificat del familiar titular de l&#8217;empresa i la declaració dels tutors legals). També poden acreditar-la mitjançant l&#8217;ompliment d&#8217;aquest document:
<ul>
<li style="list-style-type: none;">
<ul>
<li><a href="https://documents.espai.educacio.gencat.cat/FormularisModels/CentresDocumentacioAcademica/A671.pdf" target="_blank" rel="noopener noreferrer">Document acreditatiu de la relació contractual amb l&#8217;empresa</a></li>
</ul>
</li>
</ul>
</li>
<li>Esportistes d&#8217;<strong>alt rendiment </strong>que comparteixen ensenyaments: el certificat acreditatiu expedit pel Consell Català de l&#8217;Esport.</li>
<li>Persones que han cursat i superat un programa de formació i inserció (PFI): el certificat en què consti que l&#8217;han cursat.</li>
<li>Persones que participen al programa &#8220;<strong>Joves per l&#8217;ocupació</strong>&#8220;: el document acreditatiu expedit per l&#8217;entitat on han desenvolupat el programa.</li>
<li>Fotocòpia de Llibre de Família</li>
<li>Document especial on s&#8217;acrediten les circumstàncies no esmentades abans per les quals no pot continuar estudiant en un institut de secundària.</li>
</ul>
</li>
</ul>
</li>
</ul>
</li>
</ul>
</li>
</ul>
</li>
</ul>
</li>
</ul>
</li>
</ul>
</li>
</ul>
<h4>Quin serà l’horari?</h4>
<ul>
<li>Consulta horaris per al proper curs</li>
</ul>
<h4>Com sé que he estat admès?</h4>
<ul>
<li>Consulta el <a href="https://agora.xtec.cat/cfacanovelles/preinscripcio/calendari-de-preinscripcio/" target="_blank" rel="noopener noreferrer">calendari de la preinscripció</a> i quan sortiran publicades les llistes</li>
</ul>
<p>&nbsp;</p>

<p>Què heu de fer?<br />
Heu de venir al centre  al llarg del mes de juny per informar-vos i orientar-vos.<br />
Del 3 al 18 de juny en aquest horari:<br />
Dimarts i dimecres de 9.30 a 12.30 h.<br />
Dilluns i dijous de 16 a 19 h.<br />
Del 18 al 27 de juny&hellip;  <a href="https://agora.xtec.cat/cfacanovelles/preinscripcio/preinscripcio-grup-ges/" title="Read Preinscripció Grups GES">Llegeix més»</a></p>
