{"id":1162,"date":"2020-06-03T08:31:49","date_gmt":"2020-06-03T06:31:49","guid":{"rendered":"https:\/\/agora.xtec.cat\/cfacanovelles\/?page_id=1162"},"modified":"2025-07-16T17:09:11","modified_gmt":"2025-07-16T15:09:11","slug":"preinscripcio","status":"publish","type":"page","link":"https:\/\/agora.xtec.cat\/cfacanovelles\/preinscripcio\/","title":{"rendered":"PREINSCRIPCI\u00d3"},"content":{"rendered":"<p>&nbsp;<\/p>\n<table class=\" aligncenter\" style=\"height: 431px; width: 999px;\" width=\"896\">\n<tbody>\n<tr style=\"height: 217px;\">\n<td style=\"width: 73px; height: 217px;\">&nbsp;<\/p>\n<p>&nbsp;<\/td>\n<td style=\"width: 846px; height: 217px;\">\n<h2 style=\"text-align: center;\">PREINSCRIPCI\u00d3\u00a0 2025-2026<\/h2>\n<ul style=\"list-style-type: square;\">\n<li style=\"text-align: left;\">\n<h5>Del 19 al 27 de juny<\/h5>\n<\/li>\n<li>\n<h5><a href=\"https:\/\/agora.xtec.cat\/cfacanovelles\/preinscripcio\/inscripcio-telematica-per-correu-electronic\/\" target=\"_blank\" rel=\"noopener noreferrer\">Inscripci\u00f3 presencial<\/a><\/h5>\n<ul style=\"list-style-type: circle;\">\n<li>\n<h2>DE DILLUNS\u00a0 \u00a0A DIVENDRES\u00a0 DE 10 A 13\u00a0 H<\/h2>\n<\/li>\n<li>\n<h2>DE DILLUNS\u00a0 \u00a0A DIVENDRES* DE 17 A 20 H<\/h2>\n<\/li>\n<li>\n<h4>* El dia 23 de juny no es fan preinscripcions a la tarda<\/h4>\n<\/li>\n<\/ul>\n<\/li>\n<li><strong>El dia 24 de de juny \u00e9s festiu<\/strong><\/li>\n<\/ul>\n<\/td>\n<td style=\"width: 57px; height: 217px;\"><\/td>\n<\/tr>\n<tr style=\"height: 214px;\">\n<td style=\"width: 73px; height: 214px;\"><\/td>\n<td style=\"width: 846px; height: 214px;\">\n<ul style=\"list-style-type: circle;\">\n<li>\n<h5><a href=\"https:\/\/triaeducativa.gencat.cat\/ca\/al-llarg-vida\/\" target=\"_blank\" rel=\"noopener noreferrer\">Informaci\u00f3 General<\/a><\/h5>\n<\/li>\n<li>\n<h5><a href=\"https:\/\/agora.xtec.cat\/cfacanovelles\/preinscripcio\/calendari-de-preinscripcio\/\" target=\"_blank\" rel=\"noopener noreferrer\">Calendari preinscripci\u00f3\u00a0<\/a><\/h5>\n<\/li>\n<li>\n<h5><a href=\"https:\/\/agora.xtec.cat\/cfacanovelles\/preinscripcio\/preinscripcio-grup-ges\/\" target=\"_blank\" rel=\"noopener noreferrer\">Preinscripci\u00f3 GES\u00a0<\/a><\/h5>\n<\/li>\n<li>\n<h5><a href=\"https:\/\/agora.xtec.cat\/cfacanovelles\/preinscripcio\/preinscripcio-grups-competic\/\" target=\"_blank\" rel=\"noopener noreferrer\">Preinscripci\u00f3 Competic\u00a0<\/a><\/h5>\n<\/li>\n<li>\n<h5><a href=\"https:\/\/agora.xtec.cat\/cfacanovelles\/preinscripcio\/preinscripcio-grups-angles-i-frances\/\" target=\"_blank\" rel=\"noopener noreferrer\">Preinscripci\u00f3 Angl\u00e8s<\/a><\/h5>\n<\/li>\n<li>\n<h5><a href=\"https:\/\/agora.xtec.cat\/cfacanovelles\/preinscripcio\/preinscripcio-grups-castella-catala-i-instrumentals\/\" target=\"_blank\" rel=\"noopener noreferrer\">Preinscripci\u00f3 Castell\u00e0, Catal\u00e0 i Instrumental<\/a><\/h5>\n<\/li>\n<\/ul>\n<\/td>\n<td style=\"width: 57px; height: 214px;\"><\/td>\n<\/tr>\n<\/tbody>\n<\/table>\n<p>&nbsp;<\/p>\n<p>&nbsp;<\/p>\n<p>&nbsp;<\/p>\n<h1><\/h1>\n<h1 style=\"text-align: center;\">LLISTATS DE PREINSCRIPCI\u00d3 2025-2026<\/h1>\n<h4><a href=\"https:\/\/agora.xtec.cat\/cfacanovelles\/wp-content\/uploads\/usu1982\/2025\/07\/Barem-provisional-sense-DNI-complet.pdf\" target=\"_blank\" rel=\"noopener\">Barem provisional curs 2025-2026<\/a><\/h4>\n<h4><a href=\"https:\/\/agora.xtec.cat\/cfacanovelles\/wp-content\/uploads\/usu1982\/2025\/07\/Barem-definitiu-sense-DNI-complet.pdf\" target=\"_blank\" rel=\"noopener\">Barem definitiu curs 2025-2026<\/a><\/h4>\n<h4><a href=\"https:\/\/agora.xtec.cat\/cfacanovelles\/wp-content\/uploads\/usu1982\/2025\/07\/assiganacions-25-26.pdf\" target=\"_blank\" rel=\"noopener\">Alumnes amb pla\u00e7a 25-26<\/a><\/h4>\n<h4><a href=\"https:\/\/agora.xtec.cat\/cfacanovelles\/wp-content\/uploads\/usu1982\/2025\/07\/llista-espera-25-26-no-DNI.pdf\" target=\"_blank\" rel=\"noopener\">Alumnes en llista espera 25-26 <\/a><\/h4>\n<h4><a href=\"https:\/\/agora.xtec.cat\/cfacanovelles\/wp-content\/uploads\/usu1982\/2025\/07\/Activitats-assignades-no-DNI.pdf\" target=\"_blank\" rel=\"noopener\">Activitats assignades 25-26<\/a><\/h4>\n<p>&nbsp;<\/p>\n<p>&nbsp;<\/p>\n<p>Sorteig del n\u00famero de desempat. El sorteig tindr\u00e0 lloc el dia 7 de juliol a les 14 hores, als serveis centrals del Departament d\u2019Educaci\u00f3 (Via Augusta, 202-226, Barcelona). El n\u00famero de desempat \u00e9s:<\/p>\n<p>&nbsp;<\/p>\n<p>&nbsp;<\/p>\n<p><img loading=\"lazy\" decoding=\"async\" class=\"aligncenter\" src=\"https:\/\/educacio.gencat.cat\/web\/.content\/home\/portada\/4_diapositives\/2025\/20250707-preinscripcio-adults-sorteig.png_1172691498.png\" alt=\"0000, el n\u00famero de desempat per a la preinscripci\u00f3\" width=\"657\" height=\"510\" \/><\/p>\n<p>&nbsp;<\/p>\n<p>&nbsp;<\/p>\n<p>&nbsp;<\/p>\n<p>&nbsp;<\/p>\n<p>&nbsp;<\/p>\n<p>&nbsp;<\/p>\n<p>&nbsp;<\/p>\n<p>&nbsp;<\/p>\n<p>&nbsp;<\/p>\n<p style=\"text-align: center;\"><a href=\"https:\/\/drive.google.com\/open?id=1SXEE3P0gLPWjoP-Kc0S25fd4gShEjtKR\" target=\"_blank\" rel=\"noopener noreferrer\">\u00a0<\/a><\/p>\n<p>&nbsp;<\/p>\n<p style=\"text-align: center;\">\n","protected":false},"excerpt":{"rendered":"<p>&nbsp;<\/p>\n<p>&nbsp;<br \/>\n&nbsp;<\/p>\n<p>PREINSCRIPCI\u00d3\u00a0 2025-2026<\/p>\n<ul style=\"list-style-type: square;\">\n<li style=\"text-align: left;\">\nDel 19 al 27 de juny\n<\/li>\n<li>\n<a href=\"https:\/\/agora.xtec.cat\/cfacanovelles\/preinscripcio\/inscripcio-telematica-per-correu-electronic\/\" target=\"_blank\" rel=\"noopener noreferrer\">Inscripci\u00f3 presencial<\/a><\/p>\n<ul style=\"list-style-type: circle;\">\n<li>\nDE DILLUNS\u00a0 \u00a0A DIVENDRES\u00a0 DE 10 A 13\u00a0 H\n<\/li>\n<li>\nDE DILLUNS\u00a0 \u00a0A DIVENDRES* DE 17 A 20 H\n<\/li>\n<li>\n* El dia 23 de juny no es fan preinscripcions a la&hellip;  <a href=\"https:\/\/agora.xtec.cat\/cfacanovelles\/preinscripcio\/\" title=\"Read PREINSCRIPCI\u00d3\">Llegeix m\u00e9s\u00bb<\/a><\/p>\n","protected":false},"author":4,"featured_media":0,"parent":0,"menu_order":0,"comment_status":"closed","ping_status":"closed","template":"","meta":{"_bbp_topic_count":0,"_bbp_reply_count":0,"_bbp_total_topic_count":0,"_bbp_total_reply_count":0,"_bbp_voice_count":0,"_bbp_anonymous_reply_count":0,"_bbp_topic_count_hidden":0,"_bbp_reply_count_hidden":0,"_bbp_forum_subforum_count":0,"footnotes":""},"class_list":["post-1162","page","type-page","status-publish","hentry"],"post_mailing_queue_ids":[],"_links":{"self":[{"href":"https:\/\/agora.xtec.cat\/cfacanovelles\/wp-json\/wp\/v2\/pages\/1162","targetHints":{"allow":["GET"]}}],"collection":[{"href":"https:\/\/agora.xtec.cat\/cfacanovelles\/wp-json\/wp\/v2\/pages"}],"about":[{"href":"https:\/\/agora.xtec.cat\/cfacanovelles\/wp-json\/wp\/v2\/types\/page"}],"author":[{"embeddable":true,"href":"https:\/\/agora.xtec.cat\/cfacanovelles\/wp-json\/wp\/v2\/users\/4"}],"replies":[{"embeddable":true,"href":"https:\/\/agora.xtec.cat\/cfacanovelles\/wp-json\/wp\/v2\/comments?post=1162"}],"version-history":[{"count":7,"href":"https:\/\/agora.xtec.cat\/cfacanovelles\/wp-json\/wp\/v2\/pages\/1162\/revisions"}],"predecessor-version":[{"id":6199,"href":"https:\/\/agora.xtec.cat\/cfacanovelles\/wp-json\/wp\/v2\/pages\/1162\/revisions\/6199"}],"wp:attachment":[{"href":"https:\/\/agora.xtec.cat\/cfacanovelles\/wp-json\/wp\/v2\/media?parent=1162"}],"curies":[{"name":"wp","href":"https:\/\/api.w.org\/{rel}","templated":true}]}}