{"id":316,"date":"2015-01-28T11:33:51","date_gmt":"2015-01-28T10:33:51","guid":{"rendered":"http:\/\/agora.xtec.cat\/cfacanfolguera\/\/?page_id=316"},"modified":"2016-06-06T23:04:11","modified_gmt":"2016-06-06T22:04:11","slug":"competencia-digital-competic","status":"publish","type":"page","link":"https:\/\/agora.xtec.cat\/cfacanfolguera\/ensenyaments\/competencia-digital-competic\/","title":{"rendered":"Compet\u00e8ncia digital COMPETIC"},"content":{"rendered":"<div>\n<p><span style=\"font-size: medium;\"><span style=\"font-family: 'trebuchet ms', sans-serif;\">El curr\u00edculum de compet\u00e8ncia digital COMPETIC s&#8217;ha regulat mitjan\u00e7ant la <\/span><a href=\"http:\/\/educacio.gencat.cat\/documents\/PC\/ComunicacionsCentres\/Curriculums_ensenyaments_informatica.pdf\" rel=\"nofollow\">RESOLUCI\u00d3 de 19 de juny de 2012<\/a><span style=\"font-family: 'trebuchet ms', sans-serif;\">, per la qual s\u2019estableixen els curr\u00edculums dels ensenyaments d\u2019inform\u00e0tica d\u2019aplicaci\u00f3 als centres i aules de formaci\u00f3 de persones adultes, que depenen del Departament d\u2019Ensenyament.<\/span><\/span><\/p>\n<p><span style=\"font-family: 'trebuchet ms', sans-serif;\">El curr\u00edculum de compet\u00e8ncia digital COMPETIC \u00e9s una adaptaci\u00f3 a<a href=\"http:\/\/acticweb.gencat.cat\/web\/.content\/01_informacio\/documents\/arxius\/ordre_emo_417_2012.pdf\" target=\"_blank\" rel=\"nofollow\"> l&#8217;ordre EMO\/417\/2012<\/a>, de 27 de novembre, per la qual es revisen i s\u2019actualitzen els continguts de les compet\u00e8ncies digitals detallats en <a href=\"http:\/\/ves.cat\/eufZ\" rel=\"nofollow\">l\u2019annex 2 del Decret 89\/2009<\/a>, de 9 de juny, pel qual es regula l\u2019acreditaci\u00f3 de compet\u00e8ncies en tecnologies de la informaci\u00f3 i la comunicaci\u00f3 <a href=\"http:\/\/ves.cat\/euf6\" rel=\"nofollow\">(ACTIC)<\/a>.<\/span><\/p>\n<\/div>\n<div><span style=\"font-size: medium;\">\u00a0<\/span><\/div>\n<div><span style=\"font-family: 'trebuchet ms', sans-serif; font-size: medium;\">Ordre <a href=\"http:\/\/www20.gencat.cat\/portal\/site\/portaldogc\/menuitem.c973d2fc58aa0083e4492d92b0c0e1a0\/?vgnextoid=485946a6e5dfe210VgnVCM1000000b0c1e0aRCRD&amp;appInstanceName=default&amp;action=fitxa&amp;documentId=649126&amp;language=ca_ES\" target=\"_blank\" rel=\"nofollow\"><span style=\"color: #990000;\">ENS\/290\/2013, de 12 de novembre de 2013<\/span><\/a>, per la qual s&#8217;estableix l&#8217;equival\u00e8ncia entre els certificats de compet\u00e8ncia digital (COMPETIC) de l&#8217;educaci\u00f3 de persones adultes i els certificats de l\u2019acreditaci\u00f3 de compet\u00e8ncies en tecnologies de la informaci\u00f3 i la comunicaci\u00f3 (ACTIC)<\/span><\/div>\n<div><span style=\"font-family: 'trebuchet ms', sans-serif; font-size: medium;\">\u00a0<\/span><\/div>\n<div><span style=\"font-family: 'trebuchet ms', sans-serif;\"><span style=\"font-size: medium;\"><a href=\"http:\/\/www20.gencat.cat\/portal\/site\/portaldogc\/menuitem.c973d2fc58aa0083e4492d92b0c0e1a0\/?vgnextoid=485946a6e5dfe210VgnVCM1000000b0c1e0aRCRD&amp;appInstanceName=default&amp;action=fitxa&amp;documentId=661212&amp;language=ca_ES\" target=\"_blank\" rel=\"nofollow\">Resoluci\u00f3 ENS\/924\/2014, de 23 d&#8217;abril<\/a><b>,<\/b>\u00a0<\/span><span style=\"color: #000000;\"><span style=\"font-size: medium;\">per la qual s&#8217;estableix el procediment d&#8217;avaluaci\u00f3 i certificaci\u00f3 dels ensenyaments de compet\u00e8ncia digital a l&#8217;educaci\u00f3 d&#8217;adults.\u00a0<\/span><span style=\"font-size: medium;\">(DOGC n\u00fam. 6614, de\u00a02.5.2014)<\/span><\/span><\/span><\/div>\n<div><\/div>\n<div><\/div>\n<div><\/div>\n<div><\/div>\n<div><a href=\"http:\/\/goo.gl\/forms\/KHIIbz6lgRlbixwr2\" target=\"_blank\">Formulari valoraci\u00f3 del curs<\/a><\/div>\n","protected":false},"excerpt":{"rendered":"<p>El curr\u00edculum de compet\u00e8ncia digital COMPETIC s&#8217;ha regulat mitjan\u00e7ant la <a href=\"http:\/\/educacio.gencat.cat\/documents\/PC\/ComunicacionsCentres\/Curriculums_ensenyaments_informatica.pdf\" rel=\"nofollow\">RESOLUCI\u00d3 de 19 de juny de 2012<\/a>, per la qual s\u2019estableixen els curr\u00edculums dels ensenyaments d\u2019inform\u00e0tica d\u2019aplicaci\u00f3 als centres i aules de formaci\u00f3 de persones adultes, que depenen del Departament d\u2019Ensenyament.<br \/>\nEl curr\u00edculum de&hellip;  <a href=\"https:\/\/agora.xtec.cat\/cfacanfolguera\/ensenyaments\/competencia-digital-competic\/\" title=\"Read Compet\u00e8ncia digital COMPETIC\">Llegeix m\u00e9s\u00bb<\/a><\/p>\n","protected":false},"author":2,"featured_media":0,"parent":274,"menu_order":0,"comment_status":"closed","ping_status":"closed","template":"page-templates\/side-menu.php","meta":{"_bbp_topic_count":0,"_bbp_reply_count":0,"_bbp_total_topic_count":0,"_bbp_total_reply_count":0,"_bbp_voice_count":0,"_bbp_anonymous_reply_count":0,"_bbp_topic_count_hidden":0,"_bbp_reply_count_hidden":0,"_bbp_forum_subforum_count":0,"footnotes":""},"class_list":["post-316","page","type-page","status-publish","hentry"],"post_mailing_queue_ids":[],"_links":{"self":[{"href":"https:\/\/agora.xtec.cat\/cfacanfolguera\/wp-json\/wp\/v2\/pages\/316","targetHints":{"allow":["GET"]}}],"collection":[{"href":"https:\/\/agora.xtec.cat\/cfacanfolguera\/wp-json\/wp\/v2\/pages"}],"about":[{"href":"https:\/\/agora.xtec.cat\/cfacanfolguera\/wp-json\/wp\/v2\/types\/page"}],"author":[{"embeddable":true,"href":"https:\/\/agora.xtec.cat\/cfacanfolguera\/wp-json\/wp\/v2\/users\/2"}],"replies":[{"embeddable":true,"href":"https:\/\/agora.xtec.cat\/cfacanfolguera\/wp-json\/wp\/v2\/comments?post=316"}],"version-history":[{"count":3,"href":"https:\/\/agora.xtec.cat\/cfacanfolguera\/wp-json\/wp\/v2\/pages\/316\/revisions"}],"predecessor-version":[{"id":435,"href":"https:\/\/agora.xtec.cat\/cfacanfolguera\/wp-json\/wp\/v2\/pages\/316\/revisions\/435"}],"up":[{"embeddable":true,"href":"https:\/\/agora.xtec.cat\/cfacanfolguera\/wp-json\/wp\/v2\/pages\/274"}],"wp:attachment":[{"href":"https:\/\/agora.xtec.cat\/cfacanfolguera\/wp-json\/wp\/v2\/media?parent=316"}],"curies":[{"name":"wp","href":"https:\/\/api.w.org\/{rel}","templated":true}]}}