{"id":303,"date":"2015-01-28T11:23:05","date_gmt":"2015-01-28T10:23:05","guid":{"rendered":"http:\/\/agora.xtec.cat\/cfacanfolguera\/\/?page_id=303"},"modified":"2021-10-22T12:06:44","modified_gmt":"2021-10-22T10:06:44","slug":"graduat-en-educacio-secundaria-per-adults","status":"publish","type":"page","link":"https:\/\/agora.xtec.cat\/cfacanfolguera\/ensenyaments\/graduat-en-educacio-secundaria-per-adults\/","title":{"rendered":"Graduat en educaci\u00f3 secundaria per adults (GESO)"},"content":{"rendered":"<p>Per l&#8217;obtenci\u00f3 del Graduat en Educaci\u00f3 Secund\u00e0ria (GES) s&#8217;han de superar els dos nivells (GES I i GES II). \u00c9s possible accedir directament al segon nivell en cas d&#8217;estar en possessi\u00f3 del Graduat Escolar en EGB, tenir aprovat completament el tercer curs de l&#8217;ESO o mitjan\u00e7ant la superaci\u00f3 d&#8217;una prova de nivell. Les especificacions relatives al curr\u00edculum es trobem al <a href=\"https:\/\/dogc.gencat.cat\/ca\/document-del-dogc\/?documentId=504619\">Decret 161\/2009 de 27 d&#8217;octubre<\/a> i les relatives als procediments i avaluaci\u00f3, a l&#8217;<a href=\"https:\/\/dogc.gencat.cat\/ca\/document-del-dogc\/?documentId=584612\">Ordre ENS\/154\/2011 de 14 de juny<\/a>.<\/p>\n","protected":false},"excerpt":{"rendered":"<p>Per l&#8217;obtenci\u00f3 del Graduat en Educaci\u00f3 Secund\u00e0ria (GES) s&#8217;han de superar els dos nivells (GES I i GES II). \u00c9s possible accedir directament al segon nivell en cas d&#8217;estar en possessi\u00f3 del Graduat Escolar en EGB, tenir aprovat completament el tercer curs de l&#8217;ESO o&hellip;  <a href=\"https:\/\/agora.xtec.cat\/cfacanfolguera\/ensenyaments\/graduat-en-educacio-secundaria-per-adults\/\" title=\"Read Graduat en educaci\u00f3 secundaria per adults (GESO)\">Llegeix m\u00e9s\u00bb<\/a><\/p>\n","protected":false},"author":2,"featured_media":0,"parent":274,"menu_order":0,"comment_status":"closed","ping_status":"closed","template":"page-templates\/side-menu.php","meta":{"_bbp_topic_count":0,"_bbp_reply_count":0,"_bbp_total_topic_count":0,"_bbp_total_reply_count":0,"_bbp_voice_count":0,"_bbp_anonymous_reply_count":0,"_bbp_topic_count_hidden":0,"_bbp_reply_count_hidden":0,"_bbp_forum_subforum_count":0,"footnotes":""},"class_list":["post-303","page","type-page","status-publish","hentry"],"post_mailing_queue_ids":[],"_links":{"self":[{"href":"https:\/\/agora.xtec.cat\/cfacanfolguera\/wp-json\/wp\/v2\/pages\/303","targetHints":{"allow":["GET"]}}],"collection":[{"href":"https:\/\/agora.xtec.cat\/cfacanfolguera\/wp-json\/wp\/v2\/pages"}],"about":[{"href":"https:\/\/agora.xtec.cat\/cfacanfolguera\/wp-json\/wp\/v2\/types\/page"}],"author":[{"embeddable":true,"href":"https:\/\/agora.xtec.cat\/cfacanfolguera\/wp-json\/wp\/v2\/users\/2"}],"replies":[{"embeddable":true,"href":"https:\/\/agora.xtec.cat\/cfacanfolguera\/wp-json\/wp\/v2\/comments?post=303"}],"version-history":[{"count":3,"href":"https:\/\/agora.xtec.cat\/cfacanfolguera\/wp-json\/wp\/v2\/pages\/303\/revisions"}],"predecessor-version":[{"id":968,"href":"https:\/\/agora.xtec.cat\/cfacanfolguera\/wp-json\/wp\/v2\/pages\/303\/revisions\/968"}],"up":[{"embeddable":true,"href":"https:\/\/agora.xtec.cat\/cfacanfolguera\/wp-json\/wp\/v2\/pages\/274"}],"wp:attachment":[{"href":"https:\/\/agora.xtec.cat\/cfacanfolguera\/wp-json\/wp\/v2\/media?parent=303"}],"curies":[{"name":"wp","href":"https:\/\/api.w.org\/{rel}","templated":true}]}}