{"id":261,"date":"2015-01-27T17:25:01","date_gmt":"2015-01-27T16:25:01","guid":{"rendered":"http:\/\/agora.xtec.cat\/cfacanfolguera\/\/?page_id=261"},"modified":"2021-10-08T12:42:54","modified_gmt":"2021-10-08T10:42:54","slug":"el-centre","status":"publish","type":"page","link":"https:\/\/agora.xtec.cat\/cfacanfolguera\/el-centre\/","title":{"rendered":"El Centre"},"content":{"rendered":"<p>El nostre centre neix de la necessitat d&#8217;una escola on persones adultes tinguin una segona oportunitat per aconseguir el graduat escolar en secund\u00e0ria, a la vegada que per donar la possibilitat a la ciutadania del municipi i voltants d&#8217;aprendre i cr\u00e9ixer adquirint nous coneixements al llarg de la seva vida, en qualsevol etapa de la vida adulta. \u00c9s per aix\u00f2 que oferim ensenyaments d&#8217;idiomes, inform\u00e0tica i el curs de preparaci\u00f3 d&#8217;acc\u00e9s a cicle de grau superior, a m\u00e9s del graduat en ensenyaments secundaris.<\/p>\n","protected":false},"excerpt":{"rendered":"<p>El nostre centre neix de la necessitat d&#8217;una escola on persones adultes tinguin una segona oportunitat per aconseguir el graduat escolar en secund\u00e0ria, a la vegada que per donar la possibilitat a la ciutadania del municipi i voltants d&#8217;aprendre i cr\u00e9ixer adquirint nous coneixements al&hellip;  <a href=\"https:\/\/agora.xtec.cat\/cfacanfolguera\/el-centre\/\" title=\"Read El Centre\">Llegeix m\u00e9s\u00bb<\/a><\/p>\n","protected":false},"author":2,"featured_media":0,"parent":0,"menu_order":0,"comment_status":"closed","ping_status":"closed","template":"page-templates\/side-menu.php","meta":{"_bbp_topic_count":0,"_bbp_reply_count":0,"_bbp_total_topic_count":0,"_bbp_total_reply_count":0,"_bbp_voice_count":0,"_bbp_anonymous_reply_count":0,"_bbp_topic_count_hidden":0,"_bbp_reply_count_hidden":0,"_bbp_forum_subforum_count":0,"footnotes":""},"class_list":["post-261","page","type-page","status-publish","hentry"],"post_mailing_queue_ids":[],"_links":{"self":[{"href":"https:\/\/agora.xtec.cat\/cfacanfolguera\/wp-json\/wp\/v2\/pages\/261","targetHints":{"allow":["GET"]}}],"collection":[{"href":"https:\/\/agora.xtec.cat\/cfacanfolguera\/wp-json\/wp\/v2\/pages"}],"about":[{"href":"https:\/\/agora.xtec.cat\/cfacanfolguera\/wp-json\/wp\/v2\/types\/page"}],"author":[{"embeddable":true,"href":"https:\/\/agora.xtec.cat\/cfacanfolguera\/wp-json\/wp\/v2\/users\/2"}],"replies":[{"embeddable":true,"href":"https:\/\/agora.xtec.cat\/cfacanfolguera\/wp-json\/wp\/v2\/comments?post=261"}],"version-history":[{"count":2,"href":"https:\/\/agora.xtec.cat\/cfacanfolguera\/wp-json\/wp\/v2\/pages\/261\/revisions"}],"predecessor-version":[{"id":941,"href":"https:\/\/agora.xtec.cat\/cfacanfolguera\/wp-json\/wp\/v2\/pages\/261\/revisions\/941"}],"wp:attachment":[{"href":"https:\/\/agora.xtec.cat\/cfacanfolguera\/wp-json\/wp\/v2\/media?parent=261"}],"curies":[{"name":"wp","href":"https:\/\/api.w.org\/{rel}","templated":true}]}}