{"id":850,"date":"2023-06-21T09:46:23","date_gmt":"2023-06-21T07:46:23","guid":{"rendered":"https:\/\/agora.xtec.cat\/cfacanbatllo\/?page_id=850"},"modified":"2024-07-02T10:24:39","modified_gmt":"2024-07-02T08:24:39","slug":"acces-a-la-universitat-per-a-majors-de-45-anys","status":"publish","type":"page","link":"https:\/\/agora.xtec.cat\/cfacanbatllo\/ensenyaments\/ensenyaments-per-a-la-preparacio-de-proves-dacces\/acces-a-la-universitat-per-a-majors-de-45-anys\/","title":{"rendered":"A la universitat per a majors de 45 anys"},"content":{"rendered":"<p>Per accedir a la universitat per la via de<strong>\u202fm\u00e9s grans de 45 anys<\/strong>\u202fcal superar la <strong>prova escrita<\/strong> i fer una <strong>entrevista personal<\/strong>.<\/p>\n<p>Al CFA Can Batll\u00f3 s\u2019ofereixen totes les\u00a0 assignatures que permeten la superaci\u00f3 de la<strong> prova escrita:<\/strong><\/p>\n<ul>\n<li style=\"list-style-type: none;\">\n<ul>\n<li style=\"list-style-type: none;\">\n<ul>\n<li style=\"list-style-type: none;\">\n<ul>\n<li style=\"list-style-type: none;\">\n<ul>\n<li style=\"list-style-type: none;\">\n<ul>\n<li>Llengua catalana<\/li>\n<li>Llengua castellana<\/li>\n<li>Comentari de text<\/li>\n<\/ul>\n<\/li>\n<\/ul>\n<\/li>\n<\/ul>\n<\/li>\n<\/ul>\n<\/li>\n<\/ul>\n<\/li>\n<\/ul>\n<p>M\u00e9s informaci\u00f3 a la p\u00e0gina web <a href=\"https:\/\/universitats.gencat.cat\/ca\/acces-universitat\/acces-segons-perfils-estudiants\/tinc-mes-45-anys\/\" target=\"_blank\" rel=\"noopener\">GENCAT<\/a>.<\/p>\n<p><strong>Avantatges de la formaci\u00f3 que ofereix Can Batll\u00f3:<\/strong><\/p>\n<ul>\n<li>Grups redu\u00efts a les assignatures espec\u00edfiques.<\/li>\n<li>Seguiment personalitzat del curs.<\/li>\n<li>Dues lleng\u00fces estrangeres: angl\u00e8s i franc\u00e8s.<\/li>\n<li>Espai educatiu de suport telem\u00e0tic a trav\u00e9s de Moodle<\/li>\n<li>Material espec\u00edfic elaborat pel professorat.<\/li>\n<li>Tallers de suport.<\/li>\n<li>Biblioteca pr\u00f2pia.<\/li>\n<\/ul>\n<p><strong>Requisits d\u2019acc\u00e9s:<\/strong><\/p>\n<p>Poden accedir a la prova espec\u00edfica les persones que compleixen 45 anys o m\u00e9s l\u2019any de la prova. Les persones de 45 anys o m\u00e9s poden presentar-se a la general de m\u00e9s grans de 25 anys.<\/p>\n<p><strong>Durada del curs:<\/strong><\/p>\n<p>De la segona quinzena de setembre fins a finals d&#8217;abril (segons calendari oficial)<\/p>\n<p><strong>Cost del curs:<\/strong><\/p>\n<p>La matr\u00edcula del curs \u00e9s gratu\u00efta. Nom\u00e9s cal abonar 75\u20ac en concepte de material did\u00e0ctic i serveis digitals\u00a0 (Moodle i Al\u00e8xia).<\/p>\n<p>Aquest cost no inclou la inscripci\u00f3 a les proves oficials.<\/p>\n<p><strong>Organitzaci\u00f3:<\/strong><\/p>\n<ul>\n<li>El Centre organitza els estudis en dues franges hor\u00e0ries: Mati ( de 9:00 a 14:30 h) i tarda (de 16:00 a 21:00 h).<\/li>\n<li>Els horaris matinals s\u00f3n de dilluns a divendres i els horaris de tarda s\u00f3n de dilluns a dijous.<\/li>\n<li>La franja de mat\u00ed es distribueix en tres grups-classe i a la tarda hi ha dos grups-classe (tots ells segons mat\u00e8ries d&#8217;especialitat).<\/li>\n<\/ul>\n<p>Aquesta distribuci\u00f3 ens permet elaborar fins a 5 horaris matinals i 3 horaris de tarda. Si voleu m\u00e9s informaci\u00f3 consulteu la p\u00e0gina Horaris de curs.<\/p>\n<p><strong>Assist\u00e8ncia:<\/strong><\/p>\n<ul>\n<li>L&#8217;assist\u00e8ncia presencial \u00e9s obligat\u00f2ria fins a un m\u00ednim del 80% de les classes lectives.<\/li>\n<li>La no assist\u00e8ncia justificada a les sessions lectives est\u00e0 regulada a les NOFC del centre.<\/li>\n<li>En cas de no assist\u00e8ncia per motius justificats caldr\u00e0 la comunicaci\u00f3 per via mail al\/la tutor\/a del grup.<\/li>\n<li>La no assist\u00e8ncia justificada d&#8217;un\/a alumne\/a al llarg del curs pot comportar la baixa d&#8217;ofici, pr\u00e8via comunicaci\u00f3 pels canals establerts a les NOFC.<\/li>\n<\/ul>\n<p><strong>Aula Virtual:<\/strong><\/p>\n<ul>\n<li>El centre compta amb un\u00a0 EVA (Espai Virtual d&#8217;Aprenentatge) a Moodle. Aquest espai t\u00e9 una doble finalitat: la relaci\u00f3 via mail entre tutorat\/da i tutor\/a i com a element de suport a la formaci\u00f3 (consulta de materials\/continguts addicionals als dossiers curriculars i\/o espai de lliurament de tasques).<\/li>\n<\/ul>\n<p><strong>Avaluaci\u00f3:<\/strong><\/p>\n<ul>\n<li>Al llarg del curs, des de cada mat\u00e8ria, es proposaran controls\/examens\/activitats\u00a0 que seran els elements per a l&#8217;avaluaci\u00f3 cont\u00ednua.<\/li>\n<li>Durant el mes de febrer tindr\u00e0 lloc el &#8220;simulacre&#8221;: una prova que recrea les condicions de la prova oficial.<\/li>\n<\/ul>\n","protected":false},"excerpt":{"rendered":"<p>Per accedir a la universitat per la via de\u202fm\u00e9s grans de 45 anys\u202fcal superar la prova escrita i fer una entrevista personal.<br \/>\nAl CFA Can Batll\u00f3 s\u2019ofereixen totes les\u00a0 assignatures que permeten la superaci\u00f3 de la prova escrita:<\/p>\n<ul>\n<li style=\"list-style-type: none;\">\n<ul>\n<li style=\"list-style-type: none;\">\n<ul>\n<li style=\"list-style-type: none;\">\n<ul>\n<li style=\"list-style-type: none;\">\n<ul>\n<li&hellip;  <a href=\"https:\/\/agora.xtec.cat\/cfacanbatllo\/ensenyaments\/ensenyaments-per-a-la-preparacio-de-proves-dacces\/acces-a-la-universitat-per-a-majors-de-45-anys\/\" title=\"Read A la universitat per a majors de 45 anys\">Llegeix m\u00e9s\u00bb<\/a><\/p>\n","protected":false},"author":1,"featured_media":0,"parent":288,"menu_order":0,"comment_status":"closed","ping_status":"closed","template":"","meta":{"_bbp_topic_count":0,"_bbp_reply_count":0,"_bbp_total_topic_count":0,"_bbp_total_reply_count":0,"_bbp_voice_count":0,"_bbp_anonymous_reply_count":0,"_bbp_topic_count_hidden":0,"_bbp_reply_count_hidden":0,"_bbp_forum_subforum_count":0,"footnotes":""},"class_list":["post-850","page","type-page","status-publish","hentry"],"post_mailing_queue_ids":[],"_links":{"self":[{"href":"https:\/\/agora.xtec.cat\/cfacanbatllo\/wp-json\/wp\/v2\/pages\/850","targetHints":{"allow":["GET"]}}],"collection":[{"href":"https:\/\/agora.xtec.cat\/cfacanbatllo\/wp-json\/wp\/v2\/pages"}],"about":[{"href":"https:\/\/agora.xtec.cat\/cfacanbatllo\/wp-json\/wp\/v2\/types\/page"}],"author":[{"embeddable":true,"href":"https:\/\/agora.xtec.cat\/cfacanbatllo\/wp-json\/wp\/v2\/users\/1"}],"replies":[{"embeddable":true,"href":"https:\/\/agora.xtec.cat\/cfacanbatllo\/wp-json\/wp\/v2\/comments?post=850"}],"version-history":[{"count":5,"href":"https:\/\/agora.xtec.cat\/cfacanbatllo\/wp-json\/wp\/v2\/pages\/850\/revisions"}],"predecessor-version":[{"id":1395,"href":"https:\/\/agora.xtec.cat\/cfacanbatllo\/wp-json\/wp\/v2\/pages\/850\/revisions\/1395"}],"up":[{"embeddable":true,"href":"https:\/\/agora.xtec.cat\/cfacanbatllo\/wp-json\/wp\/v2\/pages\/288"}],"wp:attachment":[{"href":"https:\/\/agora.xtec.cat\/cfacanbatllo\/wp-json\/wp\/v2\/media?parent=850"}],"curies":[{"name":"wp","href":"https:\/\/api.w.org\/{rel}","templated":true}]}}