{"id":848,"date":"2023-06-21T09:43:44","date_gmt":"2023-06-21T07:43:44","guid":{"rendered":"https:\/\/agora.xtec.cat\/cfacanbatllo\/?page_id=848"},"modified":"2023-06-21T16:50:04","modified_gmt":"2023-06-21T14:50:04","slug":"a-graus-en-ensenyaments-artistics-superiors-prova-per-als-aspirants-sense-requisits-academics","status":"publish","type":"page","link":"https:\/\/agora.xtec.cat\/cfacanbatllo\/ensenyaments\/ensenyaments-per-a-la-preparacio-de-proves-dacces\/a-graus-en-ensenyaments-artistics-superiors-prova-per-als-aspirants-sense-requisits-academics\/","title":{"rendered":"A graus en ensenyaments art\u00edstics superiors"},"content":{"rendered":"<p><strong>Prova per als aspirants sense requisits acad\u00e8mics.<\/strong><\/p>\n<p style=\"text-align: justify;\">L&#8217;acc\u00e9s a aquests ensenyaments requereix el compliment dels <strong>requisits acad\u00e8mics<\/strong> (tenir el t\u00edtol de batxiller, de t\u00e8cnic superior o acreditar l&#8217;acc\u00e9s a la universitat per haver superat les proves d&#8217;acc\u00e9s a la universitat per majors de 25 anys) i la superaci\u00f3 d&#8217;una prova espec\u00edfica que dona acc\u00e9s als ensenyaments superiors de m\u00fasica, dansa, art dram\u00e0tic, conservaci\u00f3 i restauraci\u00f3 de b\u00e9ns culturals o disseny<\/p>\n<p>Al CFA Can Batll\u00f3 s\u2019ofereixen totes les\u00a0 assignatures que permeten la superaci\u00f3 de la<strong> prova comuna per als aspirants sense requisits acad\u00e8mics.<\/strong><\/p>\n<p>M\u00e9s informaci\u00f3 a la p\u00e0gina web <a href=\"https:\/\/educacio.gencat.cat\/ca\/serveis-tramits\/proves\/proves-acces\/espec-artistics-superiors\/\" target=\"_blank\" rel=\"noopener\">GENCAT<\/a>.<\/p>\n","protected":false},"excerpt":{"rendered":"<p>Prova per als aspirants sense requisits acad\u00e8mics.<br \/>\nL&#8217;acc\u00e9s a aquests ensenyaments requereix el compliment dels requisits acad\u00e8mics (tenir el t\u00edtol de batxiller, de t\u00e8cnic superior o acreditar l&#8217;acc\u00e9s a la universitat per haver superat les proves d&#8217;acc\u00e9s a la universitat per majors de 25 anys) i&hellip;  <a href=\"https:\/\/agora.xtec.cat\/cfacanbatllo\/ensenyaments\/ensenyaments-per-a-la-preparacio-de-proves-dacces\/a-graus-en-ensenyaments-artistics-superiors-prova-per-als-aspirants-sense-requisits-academics\/\" title=\"Read A graus en ensenyaments art\u00edstics superiors\">Llegeix m\u00e9s\u00bb<\/a><\/p>\n","protected":false},"author":1,"featured_media":0,"parent":288,"menu_order":0,"comment_status":"closed","ping_status":"closed","template":"","meta":{"_bbp_topic_count":0,"_bbp_reply_count":0,"_bbp_total_topic_count":0,"_bbp_total_reply_count":0,"_bbp_voice_count":0,"_bbp_anonymous_reply_count":0,"_bbp_topic_count_hidden":0,"_bbp_reply_count_hidden":0,"_bbp_forum_subforum_count":0,"footnotes":""},"class_list":["post-848","page","type-page","status-publish","hentry"],"post_mailing_queue_ids":[],"_links":{"self":[{"href":"https:\/\/agora.xtec.cat\/cfacanbatllo\/wp-json\/wp\/v2\/pages\/848","targetHints":{"allow":["GET"]}}],"collection":[{"href":"https:\/\/agora.xtec.cat\/cfacanbatllo\/wp-json\/wp\/v2\/pages"}],"about":[{"href":"https:\/\/agora.xtec.cat\/cfacanbatllo\/wp-json\/wp\/v2\/types\/page"}],"author":[{"embeddable":true,"href":"https:\/\/agora.xtec.cat\/cfacanbatllo\/wp-json\/wp\/v2\/users\/1"}],"replies":[{"embeddable":true,"href":"https:\/\/agora.xtec.cat\/cfacanbatllo\/wp-json\/wp\/v2\/comments?post=848"}],"version-history":[{"count":3,"href":"https:\/\/agora.xtec.cat\/cfacanbatllo\/wp-json\/wp\/v2\/pages\/848\/revisions"}],"predecessor-version":[{"id":857,"href":"https:\/\/agora.xtec.cat\/cfacanbatllo\/wp-json\/wp\/v2\/pages\/848\/revisions\/857"}],"up":[{"embeddable":true,"href":"https:\/\/agora.xtec.cat\/cfacanbatllo\/wp-json\/wp\/v2\/pages\/288"}],"wp:attachment":[{"href":"https:\/\/agora.xtec.cat\/cfacanbatllo\/wp-json\/wp\/v2\/media?parent=848"}],"curies":[{"name":"wp","href":"https:\/\/api.w.org\/{rel}","templated":true}]}}