{"id":558,"date":"2023-04-11T16:39:38","date_gmt":"2023-04-11T14:39:38","guid":{"rendered":"https:\/\/agora.xtec.cat\/cfacanbatllo\/?page_id=558"},"modified":"2026-04-14T13:39:57","modified_gmt":"2026-04-14T11:39:57","slug":"preinscripcio-i-matricula","status":"publish","type":"page","link":"https:\/\/agora.xtec.cat\/cfacanbatllo\/preinscripcio-i-matricula\/","title":{"rendered":"Preinscripci\u00f3"},"content":{"rendered":"<p><strong>CURS 2026-27<\/strong><\/p>\n<ul>\n<li style=\"list-style-type: none;\">\n<ul>\n<li>Calendari Preinscripci\u00f3:\n<ul>\n<li>Previ al proc\u00e9s de preinscripci\u00f3 us recomanem que us inscriviu a la jornada de portes obertes. Aquesta jornada est\u00e0 pensada per orientar-vos de manera personalitzada:<\/li>\n<li>Del 19 al 29 de juny de 2026: <strong><em>Presentaci\u00f3 de sol\u00b7licituds.\u00a0<\/em><\/strong><\/li>\n<li>6 de juliol de 2026 (a partir de les 14 hores): llista de sol\u00b7licituds amb la puntuaci\u00f3 provisional.<\/li>\n<li>Del 6 al 10 de juliol de 2026: presentaci\u00f3 de reclamacions.<\/li>\n<li>14 de juliol de 2026, a partir de les 14 hores: <strong>Llista d&#8217;alumnat adm\u00e8s i llista d&#8217;espera.<\/strong><\/li>\n<li><a href=\"https:\/\/preinscripcio.gencat.cat\/ca\/estudis\/educacio-adults\/informat\/calendari\/\" target=\"_blank\" rel=\"noopener\">M\u00e9s informaci\u00f3.<\/a><\/li>\n<\/ul>\n<\/li>\n<\/ul>\n<\/li>\n<li style=\"list-style-type: none;\">\n<ul>\n<li>\u00a0Documentaci\u00f3\n<ul>\n<li>Fotoc\u00f2pia del DNI\/NIE\/PASSAPORT<\/li>\n<li>Sol.licitud oficial de preinscripci\u00f3<\/li>\n<li>Acreditaci\u00f3 oficial de nivell (en lleng\u00fces o competic)<\/li>\n<\/ul>\n<\/li>\n<\/ul>\n<\/li>\n<\/ul>\n<p><a href=\"https:\/\/agora.xtec.cat\/cfacanbatllo\/categoria\/preinscripcio\/\"><strong>Coneix l&#8217;oferta del centre<\/strong><\/a><\/p>\n","protected":false},"excerpt":{"rendered":"<p>CURS 2026-27<\/p>\n<ul>\n<li style=\"list-style-type: none;\">\n<ul>\n<li>Calendari Preinscripci\u00f3:\n<ul>\n<li>Previ al proc\u00e9s de preinscripci\u00f3 us recomanem que us inscriviu a la jornada de portes obertes. Aquesta jornada est\u00e0 pensada per orientar-vos de manera personalitzada:<\/li>\n<li>Del 19 al 29 de juny de 2026: Presentaci\u00f3 de sol\u00b7licituds.\u00a0<\/li>\n<li>6 de juliol de 2026 (a partir&hellip;  <a href=\"https:\/\/agora.xtec.cat\/cfacanbatllo\/preinscripcio-i-matricula\/\" title=\"Read Preinscripci\u00f3\">Llegeix m\u00e9s\u00bb<\/a><br \/>\n","protected":false},"author":1,"featured_media":0,"parent":0,"menu_order":0,"comment_status":"closed","ping_status":"closed","template":"","meta":{"_bbp_topic_count":0,"_bbp_reply_count":0,"_bbp_total_topic_count":0,"_bbp_total_reply_count":0,"_bbp_voice_count":0,"_bbp_anonymous_reply_count":0,"_bbp_topic_count_hidden":0,"_bbp_reply_count_hidden":0,"_bbp_forum_subforum_count":0,"footnotes":""},"class_list":["post-558","page","type-page","status-publish","hentry"],"post_mailing_queue_ids":[],"_links":{"self":[{"href":"https:\/\/agora.xtec.cat\/cfacanbatllo\/wp-json\/wp\/v2\/pages\/558","targetHints":{"allow":["GET"]}}],"collection":[{"href":"https:\/\/agora.xtec.cat\/cfacanbatllo\/wp-json\/wp\/v2\/pages"}],"about":[{"href":"https:\/\/agora.xtec.cat\/cfacanbatllo\/wp-json\/wp\/v2\/types\/page"}],"author":[{"embeddable":true,"href":"https:\/\/agora.xtec.cat\/cfacanbatllo\/wp-json\/wp\/v2\/users\/1"}],"replies":[{"embeddable":true,"href":"https:\/\/agora.xtec.cat\/cfacanbatllo\/wp-json\/wp\/v2\/comments?post=558"}],"version-history":[{"count":6,"href":"https:\/\/agora.xtec.cat\/cfacanbatllo\/wp-json\/wp\/v2\/pages\/558\/revisions"}],"predecessor-version":[{"id":2592,"href":"https:\/\/agora.xtec.cat\/cfacanbatllo\/wp-json\/wp\/v2\/pages\/558\/revisions\/2592"}],"wp:attachment":[{"href":"https:\/\/agora.xtec.cat\/cfacanbatllo\/wp-json\/wp\/v2\/media?parent=558"}],"curies":[{"name":"wp","href":"https:\/\/api.w.org\/{rel}","templated":true}]}}