{"id":261,"date":"2015-01-27T17:25:01","date_gmt":"2015-01-27T16:25:01","guid":{"rendered":"http:\/\/agora.xtec.cat\/cfacanbatllo\/?page_id=261"},"modified":"2023-09-05T18:00:00","modified_gmt":"2023-09-05T16:00:00","slug":"el-centre","status":"publish","type":"page","link":"https:\/\/agora.xtec.cat\/cfacanbatllo\/el-centre\/","title":{"rendered":"El Centre"},"content":{"rendered":"<section style=\"color: #444444; font-family: 'Open Sans', Arial, Helvetica, sans-serif;\" data-id=\"81d8fca\" data-element_type=\"section\">\n<div data-id=\"308ce8a\" data-element_type=\"column\">\n<div data-id=\"633dd2a\" data-element_type=\"widget\" data-widget_type=\"heading.default\">\n<h2 style=\"color: #087eb6; padding-top: 0.5em; font-family: 'Open Sans', sans-serif; font-weight: 400; font-size: 1.5em;\"><span style=\"font-family: inherit; font-size: 1em;\">Som el centre p\u00fablic barcelon\u00ed de refer\u00e8ncia en preparaci\u00f3 per a les proves d\u2019acc\u00e9s<\/span><\/h2>\n<\/div>\n<\/div>\n<\/section>\n<section style=\"color: #444444; font-family: 'Open Sans', Arial, Helvetica, sans-serif;\" data-id=\"2bdde71\" data-element_type=\"section\">\n<div data-id=\"9f4893f\" data-element_type=\"column\">\n<div data-id=\"a21dcc2\" data-element_type=\"widget\" data-widget_type=\"text-editor.default\">\n<p>Des de l \u2018any 1986 el CFA Can Batll\u00f3 ha ajudat a milers d\u2019alumnes a reemprendre els estudis i a tornar a inserir-se en el sistema educatiu. Som conscients que per a\u00a0la majoria d\u2019ells el pas per la nostra escola ha significat canvis cap a noves fites i nous reptes\u00a0i que els ha fet cr\u00e9ixer com a persones al temps que els ha perm\u00e9s\u00a0millorar el seu posicionament en la societat.<\/p>\n<p>Des de fa molts anys, preparem persones perqu\u00e8 esdeviguin nous universitaris, nous professionals i nous alumnes d\u2019estudis superiors i els ajudem a emprendre nous projectes de vida. \u00c9s una tasca gratificant que ens motiva i ens empeny a intentar fer-ho cada vegada millor.<\/p>\n<p>De fet, la voluntat d\u2019oferir un millor servei ens ha portat a ser el centre de formaci\u00f3 d\u2019adults que ofereix m\u00e9s opcions als estudiants per adaptar la seva formaci\u00f3 a les seves necessitats futures. L\u2019oferta de m\u00e9s de 35 assignatures presencials diferents, tant en r\u00e8gim de mat\u00ed com de tarda, per preparar les proves d\u2019acc\u00e9s a grau superior, les proves d\u2019acc\u00e9s a la universitat, les proves d\u2019ESDAP i les PAP, ens ha convertit en el\u00a0centre p\u00fablic de refer\u00e8ncia per a la preparaci\u00f3 per a les proves d\u2019acc\u00e9s.<\/p>\n<p><strong>Si heu pensat en la possibilitat de tornar a estudiar, us esperem.\u00a0Ara \u00e9s el moment!<\/strong><\/p>\n<\/div>\n<\/div>\n<\/section>\n","protected":false},"excerpt":{"rendered":"<p>Som el centre p\u00fablic barcelon\u00ed de refer\u00e8ncia en preparaci\u00f3 per a les proves d\u2019acc\u00e9s<\/p>\n<p>Des de l \u2018any 1986 el CFA Can Batll\u00f3 ha ajudat a milers d\u2019alumnes a reemprendre els estudis i a tornar a inserir-se en el sistema educatiu. Som conscients que per a\u00a0la&hellip;  <a href=\"https:\/\/agora.xtec.cat\/cfacanbatllo\/el-centre\/\" title=\"Read El Centre\">Llegeix m\u00e9s\u00bb<\/a><\/p>\n","protected":false},"author":1,"featured_media":0,"parent":0,"menu_order":0,"comment_status":"closed","ping_status":"closed","template":"page-templates\/side-menu.php","meta":{"_bbp_topic_count":0,"_bbp_reply_count":0,"_bbp_total_topic_count":0,"_bbp_total_reply_count":0,"_bbp_voice_count":0,"_bbp_anonymous_reply_count":0,"_bbp_topic_count_hidden":0,"_bbp_reply_count_hidden":0,"_bbp_forum_subforum_count":0,"footnotes":""},"class_list":["post-261","page","type-page","status-publish","hentry"],"post_mailing_queue_ids":[],"_links":{"self":[{"href":"https:\/\/agora.xtec.cat\/cfacanbatllo\/wp-json\/wp\/v2\/pages\/261","targetHints":{"allow":["GET"]}}],"collection":[{"href":"https:\/\/agora.xtec.cat\/cfacanbatllo\/wp-json\/wp\/v2\/pages"}],"about":[{"href":"https:\/\/agora.xtec.cat\/cfacanbatllo\/wp-json\/wp\/v2\/types\/page"}],"author":[{"embeddable":true,"href":"https:\/\/agora.xtec.cat\/cfacanbatllo\/wp-json\/wp\/v2\/users\/1"}],"replies":[{"embeddable":true,"href":"https:\/\/agora.xtec.cat\/cfacanbatllo\/wp-json\/wp\/v2\/comments?post=261"}],"version-history":[{"count":1,"href":"https:\/\/agora.xtec.cat\/cfacanbatllo\/wp-json\/wp\/v2\/pages\/261\/revisions"}],"predecessor-version":[{"id":538,"href":"https:\/\/agora.xtec.cat\/cfacanbatllo\/wp-json\/wp\/v2\/pages\/261\/revisions\/538"}],"wp:attachment":[{"href":"https:\/\/agora.xtec.cat\/cfacanbatllo\/wp-json\/wp\/v2\/media?parent=261"}],"curies":[{"name":"wp","href":"https:\/\/api.w.org\/{rel}","templated":true}]}}