{"id":1334,"date":"2024-06-06T14:10:06","date_gmt":"2024-06-06T12:10:06","guid":{"rendered":"https:\/\/agora.xtec.cat\/cfacanbatllo\/?page_id=1334"},"modified":"2025-07-08T20:02:46","modified_gmt":"2025-07-08T18:02:46","slug":"llengua-anglesa-2","status":"publish","type":"page","link":"https:\/\/agora.xtec.cat\/cfacanbatllo\/ensenyaments\/llengua-anglesa-2\/","title":{"rendered":"Llengua anglesa"},"content":{"rendered":"<p style=\"text-align: justify;\">Aquests estudis tenen com a objectiu que les persones adultes assoleixin un grau de compet\u00e8ncia b\u00e0sica per a comunicar-se en llengua anglesa.<\/p>\n<p style=\"text-align: justify;\">S&#8217;imparteixen en tres nivells:<\/p>\n<ul>\n<li>Llengua anglesa nivell 1 (3 h\/setmana), que correspon al nivell A1 del MECR (Marc Europeu Com\u00fa de Refer\u00e8ncia per a les Lleng\u00fces),<\/li>\n<li>Llengua anglesa nivell 2 (4 h\/setmana), que correspon al nivell A2.1 del MECR,<\/li>\n<li style=\"text-align: justify;\">Llengua anglesa nivell 3 (4 h\/setmana), que correspon al nivell A2.2 del MECR,<\/li>\n<\/ul>\n<p><strong>El CFA Can Batll\u00f3 ofereix:<\/strong><\/p>\n<ul>\n<li>Llengua anglesa nivell 2 anual (de setembre a juny) torn mat\u00ed o tarda 4h\/set.<\/li>\n<li>Llengua anglesa nivell 3 anual (de setembre a juny) torn mat\u00ed o tarda\u00a0 4h\/set.<\/li>\n<\/ul>\n<p style=\"text-align: justify;\"><strong>Cost del curs:<\/strong><\/p>\n<p style=\"text-align: justify;\">La matr\u00edcula \u00e9s gratu\u00efta. Nom\u00e9s cal abonar 20 \u20ac per curs en concepte de material i serveis digitals. Aquest import no inclou el llibre de classe.<\/p>\n<ul>\n<li style=\"text-align: justify;\">El professorat informar\u00e0 el primer dia de classe quin \u00e9s el llibre que cal comprar.<\/li>\n<\/ul>\n<p><strong>Superaci\u00f3 del curs:<\/strong><\/p>\n<ul>\n<li>La qualificaci\u00f3 final (avaluaci\u00f3 cont\u00ednua i prova final) ha de ser igual o superior a 6.<\/li>\n<li>El curs \u00e9s presencial i l&#8217;assit\u00e8ncia ha de ser igual o superior al 80%.<\/li>\n<li>La superaci\u00f3 del curs implicar\u00e0 l&#8217;obtenci\u00f3 d&#8217;un certificat oficial.<\/li>\n<\/ul>\n<p><sup><strong>(En cas de no superar el curs, existeix la possibilitat de repetir-lo un any m\u00e9s)<\/strong><\/sup><\/p>\n<p style=\"text-align: justify;\">La formaci\u00f3 t\u00e9 una certificaci\u00f3 oficial corresponens a les seves equival\u00e8ncies al MERC.<\/p>\n<p style=\"text-align: justify;\">El certificats dels nivells 2 i 3 permeten acreditar la compet\u00e8ncia ling\u00fc\u00edstica en llengua anglesa, a efectes d&#8217;aprenentatge de la llengua, treball (tant a l&#8217;administraci\u00f3 p\u00fablica com al m\u00f3n socioecon\u00f2mic), estudis o simplement per inter\u00e8s personal.<\/p>\n<p>Podeu consultar el <a href=\"https:\/\/www.britishcouncil.es\/ca\/angles\/nivells\/a2\" target=\"_blank\" rel=\"noopener\">curr\u00edculum de Llengua anglesa 2<\/a>.<\/p>\n<p>&nbsp;<\/p>\n","protected":false},"excerpt":{"rendered":"<p>Aquests estudis tenen com a objectiu que les persones adultes assoleixin un grau de compet\u00e8ncia b\u00e0sica per a comunicar-se en llengua anglesa.<br \/>\nS&#8217;imparteixen en tres nivells:<\/p>\n<ul>\n<li>Llengua anglesa nivell 1 (3 h\/setmana), que correspon al nivell A1 del MECR (Marc Europeu Com\u00fa de Refer\u00e8ncia per a les&hellip;  <a href=\"https:\/\/agora.xtec.cat\/cfacanbatllo\/ensenyaments\/llengua-anglesa-2\/\" title=\"Read Llengua anglesa\">Llegeix m\u00e9s\u00bb<\/a><br \/>\n","protected":false},"author":1,"featured_media":0,"parent":274,"menu_order":3,"comment_status":"closed","ping_status":"closed","template":"page-templates\/side-menu.php","meta":{"_bbp_topic_count":0,"_bbp_reply_count":0,"_bbp_total_topic_count":0,"_bbp_total_reply_count":0,"_bbp_voice_count":0,"_bbp_anonymous_reply_count":0,"_bbp_topic_count_hidden":0,"_bbp_reply_count_hidden":0,"_bbp_forum_subforum_count":0,"footnotes":""},"class_list":["post-1334","page","type-page","status-publish","hentry"],"post_mailing_queue_ids":[],"_links":{"self":[{"href":"https:\/\/agora.xtec.cat\/cfacanbatllo\/wp-json\/wp\/v2\/pages\/1334","targetHints":{"allow":["GET"]}}],"collection":[{"href":"https:\/\/agora.xtec.cat\/cfacanbatllo\/wp-json\/wp\/v2\/pages"}],"about":[{"href":"https:\/\/agora.xtec.cat\/cfacanbatllo\/wp-json\/wp\/v2\/types\/page"}],"author":[{"embeddable":true,"href":"https:\/\/agora.xtec.cat\/cfacanbatllo\/wp-json\/wp\/v2\/users\/1"}],"replies":[{"embeddable":true,"href":"https:\/\/agora.xtec.cat\/cfacanbatllo\/wp-json\/wp\/v2\/comments?post=1334"}],"version-history":[{"count":5,"href":"https:\/\/agora.xtec.cat\/cfacanbatllo\/wp-json\/wp\/v2\/pages\/1334\/revisions"}],"predecessor-version":[{"id":2035,"href":"https:\/\/agora.xtec.cat\/cfacanbatllo\/wp-json\/wp\/v2\/pages\/1334\/revisions\/2035"}],"up":[{"embeddable":true,"href":"https:\/\/agora.xtec.cat\/cfacanbatllo\/wp-json\/wp\/v2\/pages\/274"}],"wp:attachment":[{"href":"https:\/\/agora.xtec.cat\/cfacanbatllo\/wp-json\/wp\/v2\/media?parent=1334"}],"curies":[{"name":"wp","href":"https:\/\/api.w.org\/{rel}","templated":true}]}}