{"id":261,"date":"2015-01-27T17:25:01","date_gmt":"2015-01-27T16:25:01","guid":{"rendered":"http:\/\/agora.xtec.cat\/cfacalbolava\/?page_id=261"},"modified":"2025-07-08T10:25:33","modified_gmt":"2025-07-08T08:25:33","slug":"el-centre","status":"publish","type":"page","link":"https:\/\/agora.xtec.cat\/cfacalbolava\/el-centre\/","title":{"rendered":"El Centre"},"content":{"rendered":"<p style=\"text-align: center;\" data-start=\"175\" data-end=\"399\">El Centre de Formaci\u00f3 d\u2019Adults de Calafell (CFA) \u00e9s un servei p\u00fablic municipal gestionat per CEMSSA amb el suport de l\u2019Ajuntament de Calafell i en col\u00b7laboraci\u00f3 amb el Departament d\u2019Educaci\u00f3 de la Generalitat de Catalunya.<\/p>\n<p style=\"text-align: center;\" data-start=\"406\" data-end=\"778\">T\u00e9 com a missi\u00f3 oferir a les persones adultes una segona oportunitat educativa, facilitant l\u2019acc\u00e9s al coneixement i promovent la igualtat d\u2019oportunitats, la formaci\u00f3 permanent i la millora de les compet\u00e8ncies personals, socials i professionals. El CFA contribueix activament a la inserci\u00f3 social i laboral de la ciutadania mitjan\u00e7ant un entorn proper, flexible i inclusiu.<\/p>\n<p data-start=\"406\" data-end=\"778\"><a href=\"https:\/\/agora.xtec.cat\/cfacalbolava\/wp-content\/uploads\/usu2382\/2025\/07\/Imatge-web_01.jpg\"><img loading=\"lazy\" decoding=\"async\" class=\"size-full wp-image-765 aligncenter\" src=\"https:\/\/agora.xtec.cat\/cfacalbolava\/wp-content\/uploads\/usu2382\/2025\/07\/Imatge-web_01.jpg\" alt=\"\" width=\"818\" height=\"109\" srcset=\"https:\/\/agora.xtec.cat\/cfacalbolava\/wp-content\/uploads\/usu2382\/2025\/07\/Imatge-web_01.jpg 818w, https:\/\/agora.xtec.cat\/cfacalbolava\/wp-content\/uploads\/usu2382\/2025\/07\/Imatge-web_01-300x40.jpg 300w, https:\/\/agora.xtec.cat\/cfacalbolava\/wp-content\/uploads\/usu2382\/2025\/07\/Imatge-web_01-768x102.jpg 768w\" sizes=\"auto, (max-width: 818px) 100vw, 818px\" \/><\/a><\/p>\n<h1 style=\"text-align: center;\" data-start=\"406\" data-end=\"778\"><span style=\"color: #ff9900;\">El Centre de Formaci\u00f3 d&#8217;Adults de Calafell&#8230;<\/span><\/h1>\n<p style=\"text-align: justify;\" data-start=\"406\" data-end=\"778\"><span style=\"color: #ff9900;\"><strong>Acompanya<\/strong><\/span> les persones adultes en el seu cam\u00ed de creixement personal, educatiu i professional, oferint una segona oportunitat formativa adaptada a cada realitat.<\/p>\n<p style=\"text-align: justify;\" data-start=\"406\" data-end=\"778\"><strong><span style=\"color: #ff9900;\">Fomenta<\/span><\/strong> un aprenentatge inclusiu, flexible i proper, on es valoren tant les compet\u00e8ncies b\u00e0siques com les habilitats per a la vida quotidiana i laboral.<\/p>\n<p style=\"text-align: justify;\" data-start=\"406\" data-end=\"778\"><strong><span style=\"color: #ff9900;\">Ofereix<\/span><\/strong> un entorn educatiu segur, de confian\u00e7a i col\u00b7laboratiu, on l\u2019alumne \u00e9s el protagonista actiu del seu proc\u00e9s d\u2019aprenentatge.<\/p>\n<p style=\"text-align: justify;\" data-start=\"406\" data-end=\"778\"><span style=\"color: #ff9900;\"><strong>Promou<\/strong><\/span> la igualtat d\u2019oportunitats a trav\u00e9s de la formaci\u00f3, afavorint la inserci\u00f3 social i laboral de col\u00b7lectius diversos.<\/p>\n<p style=\"text-align: justify;\" data-start=\"406\" data-end=\"778\"><span style=\"color: #ff9900;\"><strong>Valora<\/strong><\/span> la diversitat com a riquesa i fomenta la conviv\u00e8ncia, el respecte i l\u2019intercanvi d\u2019experi\u00e8ncies entre persones de diferents or\u00edgens i traject\u00f2ries vitals.<\/p>\n<p style=\"text-align: justify;\" data-start=\"406\" data-end=\"778\"><span style=\"color: #ff9900;\"><strong>Impulsa<\/strong><\/span> l&#8217;autonomia, la motivaci\u00f3 i la superaci\u00f3 personal mitjan\u00e7ant la formaci\u00f3 cont\u00ednua i el desenvolupament de compet\u00e8ncies clau.<\/p>\n<p style=\"text-align: justify;\" data-start=\"406\" data-end=\"778\"><span style=\"color: #ff9900;\"><strong>Creu<\/strong><\/span> que mai \u00e9s tard per aprendre i que cada pas cap al coneixement \u00e9s un pas cap a la llibertat personal.<\/p>\n<p data-start=\"406\" data-end=\"778\">\n","protected":false},"excerpt":{"rendered":"<p>El Centre de Formaci\u00f3 d\u2019Adults de Calafell (CFA) \u00e9s un servei p\u00fablic municipal gestionat per CEMSSA amb el suport de l\u2019Ajuntament de Calafell i en col\u00b7laboraci\u00f3 amb el Departament d\u2019Educaci\u00f3 de la Generalitat de Catalunya.<br \/>\nT\u00e9 com a missi\u00f3 oferir a les persones adultes una segona&hellip;  <a href=\"https:\/\/agora.xtec.cat\/cfacalbolava\/el-centre\/\" title=\"Read El Centre\">Llegeix m\u00e9s\u00bb<\/a><\/p>\n","protected":false},"author":1,"featured_media":0,"parent":0,"menu_order":0,"comment_status":"closed","ping_status":"closed","template":"page-templates\/side-menu.php","meta":{"_bbp_topic_count":0,"_bbp_reply_count":0,"_bbp_total_topic_count":0,"_bbp_total_reply_count":0,"_bbp_voice_count":0,"_bbp_anonymous_reply_count":0,"_bbp_topic_count_hidden":0,"_bbp_reply_count_hidden":0,"_bbp_forum_subforum_count":0,"footnotes":""},"class_list":["post-261","page","type-page","status-publish","hentry"],"post_mailing_queue_ids":[],"_links":{"self":[{"href":"https:\/\/agora.xtec.cat\/cfacalbolava\/wp-json\/wp\/v2\/pages\/261","targetHints":{"allow":["GET"]}}],"collection":[{"href":"https:\/\/agora.xtec.cat\/cfacalbolava\/wp-json\/wp\/v2\/pages"}],"about":[{"href":"https:\/\/agora.xtec.cat\/cfacalbolava\/wp-json\/wp\/v2\/types\/page"}],"author":[{"embeddable":true,"href":"https:\/\/agora.xtec.cat\/cfacalbolava\/wp-json\/wp\/v2\/users\/1"}],"replies":[{"embeddable":true,"href":"https:\/\/agora.xtec.cat\/cfacalbolava\/wp-json\/wp\/v2\/comments?post=261"}],"version-history":[{"count":4,"href":"https:\/\/agora.xtec.cat\/cfacalbolava\/wp-json\/wp\/v2\/pages\/261\/revisions"}],"predecessor-version":[{"id":770,"href":"https:\/\/agora.xtec.cat\/cfacalbolava\/wp-json\/wp\/v2\/pages\/261\/revisions\/770"}],"wp:attachment":[{"href":"https:\/\/agora.xtec.cat\/cfacalbolava\/wp-json\/wp\/v2\/media?parent=261"}],"curies":[{"name":"wp","href":"https:\/\/api.w.org\/{rel}","templated":true}]}}

<p style="text-align: center;" data-start="175" data-end="399">El Centre de Formació d’Adults de Calafell (CFA) és un servei públic municipal gestionat per CEMSSA amb el suport de l’Ajuntament de Calafell i en col·laboració amb el Departament d’Educació de la Generalitat de Catalunya.</p>
<p style="text-align: center;" data-start="406" data-end="778">Té com a missió oferir a les persones adultes una segona oportunitat educativa, facilitant l’accés al coneixement i promovent la igualtat d’oportunitats, la formació permanent i la millora de les competències personals, socials i professionals. El CFA contribueix activament a la inserció social i laboral de la ciutadania mitjançant un entorn proper, flexible i inclusiu.</p>
<p data-start="406" data-end="778"><a href="https://agora.xtec.cat/cfacalbolava/wp-content/uploads/usu2382/2025/07/Imatge-web_01.jpg"><img loading="lazy" decoding="async" class="size-full wp-image-765 aligncenter" src="https://agora.xtec.cat/cfacalbolava/wp-content/uploads/usu2382/2025/07/Imatge-web_01.jpg" alt="" width="818" height="109" srcset="https://agora.xtec.cat/cfacalbolava/wp-content/uploads/usu2382/2025/07/Imatge-web_01.jpg 818w, https://agora.xtec.cat/cfacalbolava/wp-content/uploads/usu2382/2025/07/Imatge-web_01-300x40.jpg 300w, https://agora.xtec.cat/cfacalbolava/wp-content/uploads/usu2382/2025/07/Imatge-web_01-768x102.jpg 768w" sizes="auto, (max-width: 818px) 100vw, 818px" /></a></p>
<h1 style="text-align: center;" data-start="406" data-end="778"><span style="color: #ff9900;">El Centre de Formació d&#8217;Adults de Calafell&#8230;</span></h1>
<p style="text-align: justify;" data-start="406" data-end="778"><span style="color: #ff9900;"><strong>Acompanya</strong></span> les persones adultes en el seu camí de creixement personal, educatiu i professional, oferint una segona oportunitat formativa adaptada a cada realitat.</p>
<p style="text-align: justify;" data-start="406" data-end="778"><strong><span style="color: #ff9900;">Fomenta</span></strong> un aprenentatge inclusiu, flexible i proper, on es valoren tant les competències bàsiques com les habilitats per a la vida quotidiana i laboral.</p>
<p style="text-align: justify;" data-start="406" data-end="778"><strong><span style="color: #ff9900;">Ofereix</span></strong> un entorn educatiu segur, de confiança i col·laboratiu, on l’alumne és el protagonista actiu del seu procés d’aprenentatge.</p>
<p style="text-align: justify;" data-start="406" data-end="778"><span style="color: #ff9900;"><strong>Promou</strong></span> la igualtat d’oportunitats a través de la formació, afavorint la inserció social i laboral de col·lectius diversos.</p>
<p style="text-align: justify;" data-start="406" data-end="778"><span style="color: #ff9900;"><strong>Valora</strong></span> la diversitat com a riquesa i fomenta la convivència, el respecte i l’intercanvi d’experiències entre persones de diferents orígens i trajectòries vitals.</p>
<p style="text-align: justify;" data-start="406" data-end="778"><span style="color: #ff9900;"><strong>Impulsa</strong></span> l&#8217;autonomia, la motivació i la superació personal mitjançant la formació contínua i el desenvolupament de competències clau.</p>
<p style="text-align: justify;" data-start="406" data-end="778"><span style="color: #ff9900;"><strong>Creu</strong></span> que mai és tard per aprendre i que cada pas cap al coneixement és un pas cap a la llibertat personal.</p>
<p data-start="406" data-end="778">

<p>El Centre de Formació d’Adults de Calafell (CFA) és un servei públic municipal gestionat per CEMSSA amb el suport de l’Ajuntament de Calafell i en col·laboració amb el Departament d’Educació de la Generalitat de Catalunya.<br />
Té com a missió oferir a les persones adultes una segona&hellip;  <a href="https://agora.xtec.cat/cfacalbolava/el-centre/" title="Read El Centre">Llegeix més»</a></p>
