{"id":299,"date":"2015-01-28T11:21:22","date_gmt":"2015-01-28T10:21:22","guid":{"rendered":"http:\/\/agora.xtec.cat\/cfabonpastor\/\/?page_id=299"},"modified":"2024-09-19T14:04:21","modified_gmt":"2024-09-19T12:04:21","slug":"llengua-castellana","status":"publish","type":"page","link":"https:\/\/agora.xtec.cat\/cfabonpastor\/ensenyaments\/ensenyaments-inicials-i-formacio-basica\/llengua-castellana\/","title":{"rendered":"Llengua castellana"},"content":{"rendered":"<ul>\n<li>Nivells:\n<ul>\n<li>A1 (inicial)\n<ul>\n<li>Durada: 105 hores (6 hores a la setmana, dues edicions a l&#8217;any)<\/li>\n<li>Organitzaci\u00f3: quadrimestral (cursos intensius)<\/li>\n<li>Curr\u00edculum: correspon al nivell A1 del MECR (Marc europeu com\u00fa de refer\u00e8ncia per a les lleng\u00fces).<\/li>\n<li>Promoci\u00f3 de curs i\/o obtenci\u00f3 de certificaci\u00f3: equival\u00e8ncia amb el nivell A1<\/li>\n<\/ul>\n<\/li>\n<li>A2 (b\u00e0sic)\n<ul>\n<li>Durada: 140 hores (8 hores a la setmana, de febrer a juny)<\/li>\n<li>Organitzaci\u00f3: quadrimestral (cursos intensius)<\/li>\n<li>Curr\u00edculum: correspon al nivell A2 del MECR (Marc europeu com\u00fa de refer\u00e8ncia per a les lleng\u00fces).<\/li>\n<li>Promoci\u00f3 de curs i\/o obtenci\u00f3 de certificaci\u00f3: equival\u00e8ncia amb el nivell A<\/li>\n<\/ul>\n<\/li>\n<li>B1\n<ul>\n<li>Durada: 140 hores (8 hores a la setmana, de febrer a juny)<\/li>\n<li>Organitzaci\u00f3: quadrimestral (cursos intensius)<\/li>\n<li>Curr\u00edculum: correspon al nivell B1 del MECR (Marc europeu com\u00fa de refer\u00e8ncia per a les lleng\u00fces).<\/li>\n<\/ul>\n<\/li>\n<li><\/li>\n<\/ul>\n<\/li>\n<\/ul>\n","protected":false},"excerpt":{"rendered":"<ul>\n<li>Nivells:\n<ul>\n<li>A1 (inicial)\n<ul>\n<li>Durada: 105 hores (6 hores a la setmana, dues edicions a l&#8217;any)<\/li>\n<li>Organitzaci\u00f3: quadrimestral (cursos intensius)<\/li>\n<li>Curr\u00edculum: correspon al nivell A1 del MECR (Marc europeu com\u00fa de refer\u00e8ncia per a les lleng\u00fces).<\/li>\n<li>Promoci\u00f3 de curs i\/o obtenci\u00f3 de certificaci\u00f3: equival\u00e8ncia amb el nivell A1<\/li>\n<\/ul>\n<\/li>\n<li>A2 (b\u00e0sic)\n<ul>\n<li>Durada: 140 hores&hellip;  <a href=\"https:\/\/agora.xtec.cat\/cfabonpastor\/ensenyaments\/ensenyaments-inicials-i-formacio-basica\/llengua-castellana\/\" title=\"Read Llengua castellana\">Llegeix m\u00e9s\u00bb<\/a><br \/>\n","protected":false},"author":2,"featured_media":0,"parent":283,"menu_order":0,"comment_status":"closed","ping_status":"closed","template":"page-templates\/side-menu.php","meta":{"_bbp_topic_count":0,"_bbp_reply_count":0,"_bbp_total_topic_count":0,"_bbp_total_reply_count":0,"_bbp_voice_count":0,"_bbp_anonymous_reply_count":0,"_bbp_topic_count_hidden":0,"_bbp_reply_count_hidden":0,"_bbp_forum_subforum_count":0,"footnotes":""},"class_list":["post-299","page","type-page","status-publish","hentry"],"post_mailing_queue_ids":[],"_links":{"self":[{"href":"https:\/\/agora.xtec.cat\/cfabonpastor\/wp-json\/wp\/v2\/pages\/299","targetHints":{"allow":["GET"]}}],"collection":[{"href":"https:\/\/agora.xtec.cat\/cfabonpastor\/wp-json\/wp\/v2\/pages"}],"about":[{"href":"https:\/\/agora.xtec.cat\/cfabonpastor\/wp-json\/wp\/v2\/types\/page"}],"author":[{"embeddable":true,"href":"https:\/\/agora.xtec.cat\/cfabonpastor\/wp-json\/wp\/v2\/users\/2"}],"replies":[{"embeddable":true,"href":"https:\/\/agora.xtec.cat\/cfabonpastor\/wp-json\/wp\/v2\/comments?post=299"}],"version-history":[{"count":4,"href":"https:\/\/agora.xtec.cat\/cfabonpastor\/wp-json\/wp\/v2\/pages\/299\/revisions"}],"predecessor-version":[{"id":11658,"href":"https:\/\/agora.xtec.cat\/cfabonpastor\/wp-json\/wp\/v2\/pages\/299\/revisions\/11658"}],"up":[{"embeddable":true,"href":"https:\/\/agora.xtec.cat\/cfabonpastor\/wp-json\/wp\/v2\/pages\/283"}],"wp:attachment":[{"href":"https:\/\/agora.xtec.cat\/cfabonpastor\/wp-json\/wp\/v2\/media?parent=299"}],"curies":[{"name":"wp","href":"https:\/\/api.w.org\/{rel}","templated":true}]}}

<ul>
<li>Nivells:
<ul>
<li>A1 (inicial)
<ul>
<li>Durada: 105 hores (6 hores a la setmana, dues edicions a l&#8217;any)</li>
<li>Organització: quadrimestral (cursos intensius)</li>
<li>Currículum: correspon al nivell A1 del MECR (Marc europeu comú de referència per a les llengües).</li>
<li>Promoció de curs i/o obtenció de certificació: equivalència amb el nivell A1</li>
</ul>
</li>
<li>A2 (bàsic)
<ul>
<li>Durada: 140 hores (8 hores a la setmana, de febrer a juny)</li>
<li>Organització: quadrimestral (cursos intensius)</li>
<li>Currículum: correspon al nivell A2 del MECR (Marc europeu comú de referència per a les llengües).</li>
<li>Promoció de curs i/o obtenció de certificació: equivalència amb el nivell A</li>
</ul>
</li>
<li>B1
<ul>
<li>Durada: 140 hores (8 hores a la setmana, de febrer a juny)</li>
<li>Organització: quadrimestral (cursos intensius)</li>
<li>Currículum: correspon al nivell B1 del MECR (Marc europeu comú de referència per a les llengües).</li>
</ul>
</li>
<li></li>
</ul>
</li>
</ul>

<ul>
<li>Nivells:
<ul>
<li>A1 (inicial)
<ul>
<li>Durada: 105 hores (6 hores a la setmana, dues edicions a l&#8217;any)</li>
<li>Organització: quadrimestral (cursos intensius)</li>
<li>Currículum: correspon al nivell A1 del MECR (Marc europeu comú de referència per a les llengües).</li>
<li>Promoció de curs i/o obtenció de certificació: equivalència amb el nivell A1</li>
</ul>
</li>
<li>A2 (bàsic)
<ul>
<li>Durada: 140 hores&hellip;  <a href="https://agora.xtec.cat/cfabonpastor/ensenyaments/ensenyaments-inicials-i-formacio-basica/llengua-castellana/" title="Read Llengua castellana">Llegeix més»</a><br />
