{"id":286,"date":"2015-01-28T11:07:30","date_gmt":"2015-01-28T10:07:30","guid":{"rendered":"http:\/\/agora.xtec.cat\/cfabonpastor\/\/?page_id=286"},"modified":"2023-10-03T13:44:14","modified_gmt":"2023-10-03T11:44:14","slug":"ensenyaments-transprofessionals","status":"publish","type":"page","link":"https:\/\/agora.xtec.cat\/cfabonpastor\/ensenyaments\/ensenyaments-transprofessionals\/","title":{"rendered":"Ensenyaments transprofessionals"},"content":{"rendered":"<h3><strong>Llengua estrangera: ANGL\u00c8S<\/strong><\/h3>\n<ul>\n<li>Nivell 1 (A1)<\/li>\n<li>Nivell 2 (A2.1)<\/li>\n<li>Nivell 3 (A2.2)<\/li>\n<\/ul>\n<h3><strong>Compet\u00e8ncies per a la informaci\u00f3 i la comunicaci\u00f3:<\/strong><\/h3>\n<ul>\n<li>Inicial<\/li>\n<li>COMPETIC 1 (equival\u00e8ncia amb certificat ACTIC inicial)<\/li>\n<li>COMPETIC 2 (equival\u00e8ncia amb certificat ACTIC b\u00e0sic) Curs semipresencial<\/li>\n<li>COMPETIC 3 (equival\u00e8ncia amb certificat ACTIC avan\u00e7at) Curs semipresencial<\/li>\n<\/ul>\n<p>&nbsp;<\/p>\n<p><a href=\"https:\/\/triaeducativa.gencat.cat\/ca\/educacio-adults\/ofertats\/\">M\u00e9s informaci\u00f3<\/a><\/p>\n<p>&nbsp;<\/p>\n","protected":false},"excerpt":{"rendered":"<p>Llengua estrangera: ANGL\u00c8S<\/p>\n<ul>\n<li>Nivell 1 (A1)<\/li>\n<li>Nivell 2 (A2.1)<\/li>\n<li>Nivell 3 (A2.2)<\/li>\n<\/ul>\n<p>Compet\u00e8ncies per a la informaci\u00f3 i la comunicaci\u00f3:<\/p>\n<ul>\n<li>Inicial<\/li>\n<li>COMPETIC 1 (equival\u00e8ncia amb certificat ACTIC inicial)<\/li>\n<li>COMPETIC 2 (equival\u00e8ncia amb certificat ACTIC b\u00e0sic) Curs semipresencial<\/li>\n<li>COMPETIC 3 (equival\u00e8ncia amb certificat ACTIC avan\u00e7at) Curs semipresencial<\/li>\n<\/ul>\n<p>&nbsp;<br \/>\n<a href=\"https:\/\/triaeducativa.gencat.cat\/ca\/educacio-adults\/ofertats\/\">M\u00e9s informaci\u00f3<\/a><br \/>\n&nbsp;<\/p>\n","protected":false},"author":2,"featured_media":0,"parent":274,"menu_order":0,"comment_status":"closed","ping_status":"closed","template":"page-templates\/side-menu.php","meta":{"_bbp_topic_count":0,"_bbp_reply_count":0,"_bbp_total_topic_count":0,"_bbp_total_reply_count":0,"_bbp_voice_count":0,"_bbp_anonymous_reply_count":0,"_bbp_topic_count_hidden":0,"_bbp_reply_count_hidden":0,"_bbp_forum_subforum_count":0,"footnotes":""},"class_list":["post-286","page","type-page","status-publish","hentry"],"post_mailing_queue_ids":[],"_links":{"self":[{"href":"https:\/\/agora.xtec.cat\/cfabonpastor\/wp-json\/wp\/v2\/pages\/286","targetHints":{"allow":["GET"]}}],"collection":[{"href":"https:\/\/agora.xtec.cat\/cfabonpastor\/wp-json\/wp\/v2\/pages"}],"about":[{"href":"https:\/\/agora.xtec.cat\/cfabonpastor\/wp-json\/wp\/v2\/types\/page"}],"author":[{"embeddable":true,"href":"https:\/\/agora.xtec.cat\/cfabonpastor\/wp-json\/wp\/v2\/users\/2"}],"replies":[{"embeddable":true,"href":"https:\/\/agora.xtec.cat\/cfabonpastor\/wp-json\/wp\/v2\/comments?post=286"}],"version-history":[{"count":4,"href":"https:\/\/agora.xtec.cat\/cfabonpastor\/wp-json\/wp\/v2\/pages\/286\/revisions"}],"predecessor-version":[{"id":11235,"href":"https:\/\/agora.xtec.cat\/cfabonpastor\/wp-json\/wp\/v2\/pages\/286\/revisions\/11235"}],"up":[{"embeddable":true,"href":"https:\/\/agora.xtec.cat\/cfabonpastor\/wp-json\/wp\/v2\/pages\/274"}],"wp:attachment":[{"href":"https:\/\/agora.xtec.cat\/cfabonpastor\/wp-json\/wp\/v2\/media?parent=286"}],"curies":[{"name":"wp","href":"https:\/\/api.w.org\/{rel}","templated":true}]}}