{"id":2814,"date":"2023-03-28T14:59:51","date_gmt":"2023-03-28T12:59:51","guid":{"rendered":"https:\/\/agora.xtec.cat\/cfabertrana\/?page_id=2814"},"modified":"2025-07-15T12:59:32","modified_gmt":"2025-07-15T10:59:32","slug":"formacio-instrumental","status":"publish","type":"page","link":"https:\/\/agora.xtec.cat\/cfabertrana\/formacio-instrumental\/","title":{"rendered":"Formaci\u00f3 Instrumental"},"content":{"rendered":"<p><span style=\"font-weight: 400;\">Formaci\u00f3 instrumental<\/span><i><span style=\"font-weight: 400;\">\u00a0\u00a0\u00a0\u00a0\u00a0\u00a0\u00a0\u00a0\u00a0\u00a0\u00a0<\/span><\/i><\/p>\n<p><span style=\"font-weight: 400;\">Curs 2025-26<\/span><\/p>\n<h4 style=\"text-align: center;\"><\/h4>\n<p><b>Nivells FI1, FI2 i FI4: <\/b><span style=\"font-weight: 400;\">compet\u00e8ncies b\u00e0siques de lleng\u00fces, matem\u00e0tiques, medi i digital (en finalitzar FI4 s\u2019obt\u00e9 Certificat Instrumental, Catal\u00e0 A2 i Competic inicial)<\/span><\/p>\n<h4 style=\"text-align: center;\"><\/h4>\n<ul>\n<li style=\"font-weight: 400;\" aria-level=\"1\"><span style=\"font-weight: 400;\">Si et vas preinscriure o ets alumne de continu\u00eftat:<\/span><\/li>\n<\/ul>\n<p><b>MATR\u00cdCULA: dimarts 2 de setembre, a les 10h o a les 17h<\/b><\/p>\n<h4 style=\"text-align: center;\"><\/h4>\n<ul>\n<li style=\"font-weight: 400;\" aria-level=\"1\"><span style=\"font-weight: 400;\">Si no et vas preinscriure:<\/span><\/li>\n<\/ul>\n<p><b>PLACES VACANTS:<\/b> <b>dijous 10 de setembre, a les 9h o a les 17h<\/b><\/p>\n<h4 style=\"text-align: center;\"><\/h4>\n<p><strong><a href=\"https:\/\/docs.google.com\/document\/d\/1Gx8cS9qZpy3nD26ZixHP1l31W-O9iKNX\/edit?usp=sharing&amp;ouid=115065276370768304750&amp;rtpof=true&amp;sd=true\" target=\"_blank\" rel=\"noopener\">HORARIS PROVISIONALS<\/a><\/strong><\/p>\n<p>&nbsp;<\/p>\n","protected":false},"excerpt":{"rendered":"<p>Formaci\u00f3 instrumental\u00a0\u00a0\u00a0\u00a0\u00a0\u00a0\u00a0\u00a0\u00a0\u00a0\u00a0 Curs 2025-26 Nivells FI1, FI2 i FI4: compet\u00e8ncies b\u00e0siques de lleng\u00fces, matem\u00e0tiques, medi i digital (en finalitzar FI4 s\u2019obt\u00e9 Certificat Instrumental, Catal\u00e0 A2 i Competic inicial) Si et vas preinscriure o ets alumne de continu\u00eftat: MATR\u00cdCULA: dimarts 2 de setembre, a les 10h o a les 17h Si no et vas preinscriure: PLACES [&hellip;]<\/p>\n","protected":false},"author":1,"featured_media":0,"parent":0,"menu_order":0,"comment_status":"closed","ping_status":"closed","template":"","meta":{"_bbp_topic_count":0,"_bbp_reply_count":0,"_bbp_total_topic_count":0,"_bbp_total_reply_count":0,"_bbp_voice_count":0,"_bbp_anonymous_reply_count":0,"_bbp_topic_count_hidden":0,"_bbp_reply_count_hidden":0,"_bbp_forum_subforum_count":0,"site-sidebar-layout":"default","site-content-layout":"","ast-site-content-layout":"","site-content-style":"default","site-sidebar-style":"default","ast-global-header-display":"","ast-banner-title-visibility":"","ast-main-header-display":"","ast-hfb-above-header-display":"","ast-hfb-below-header-display":"","ast-hfb-mobile-header-display":"","site-post-title":"","ast-breadcrumbs-content":"","ast-featured-img":"","footer-sml-layout":"","theme-transparent-header-meta":"","adv-header-id-meta":"","stick-header-meta":"","header-above-stick-meta":"","header-main-stick-meta":"","header-below-stick-meta":"","astra-migrate-meta-layouts":"default","ast-page-background-enabled":"default","ast-page-background-meta":{"desktop":{"background-color":"var(--ast-global-color-4)","background-image":"","background-repeat":"repeat","background-position":"center center","background-size":"auto","background-attachment":"scroll","background-type":"","background-media":"","overlay-type":"","overlay-color":"","overlay-opacity":"","overlay-gradient":""},"tablet":{"background-color":"","background-image":"","background-repeat":"repeat","background-position":"center center","background-size":"auto","background-attachment":"scroll","background-type":"","background-media":"","overlay-type":"","overlay-color":"","overlay-opacity":"","overlay-gradient":""},"mobile":{"background-color":"","background-image":"","background-repeat":"repeat","background-position":"center center","background-size":"auto","background-attachment":"scroll","background-type":"","background-media":"","overlay-type":"","overlay-color":"","overlay-opacity":"","overlay-gradient":""}},"ast-content-background-meta":{"desktop":{"background-color":"var(--ast-global-color-5)","background-image":"","background-repeat":"repeat","background-position":"center center","background-size":"auto","background-attachment":"scroll","background-type":"","background-media":"","overlay-type":"","overlay-color":"","overlay-opacity":"","overlay-gradient":""},"tablet":{"background-color":"var(--ast-global-color-5)","background-image":"","background-repeat":"repeat","background-position":"center center","background-size":"auto","background-attachment":"scroll","background-type":"","background-media":"","overlay-type":"","overlay-color":"","overlay-opacity":"","overlay-gradient":""},"mobile":{"background-color":"var(--ast-global-color-5)","background-image":"","background-repeat":"repeat","background-position":"center center","background-size":"auto","background-attachment":"scroll","background-type":"","background-media":"","overlay-type":"","overlay-color":"","overlay-opacity":"","overlay-gradient":""}},"footnotes":""},"class_list":["post-2814","page","type-page","status-publish","hentry"],"post_mailing_queue_ids":[],"_links":{"self":[{"href":"https:\/\/agora.xtec.cat\/cfabertrana\/wp-json\/wp\/v2\/pages\/2814","targetHints":{"allow":["GET"]}}],"collection":[{"href":"https:\/\/agora.xtec.cat\/cfabertrana\/wp-json\/wp\/v2\/pages"}],"about":[{"href":"https:\/\/agora.xtec.cat\/cfabertrana\/wp-json\/wp\/v2\/types\/page"}],"author":[{"embeddable":true,"href":"https:\/\/agora.xtec.cat\/cfabertrana\/wp-json\/wp\/v2\/users\/1"}],"replies":[{"embeddable":true,"href":"https:\/\/agora.xtec.cat\/cfabertrana\/wp-json\/wp\/v2\/comments?post=2814"}],"version-history":[{"count":6,"href":"https:\/\/agora.xtec.cat\/cfabertrana\/wp-json\/wp\/v2\/pages\/2814\/revisions"}],"predecessor-version":[{"id":3968,"href":"https:\/\/agora.xtec.cat\/cfabertrana\/wp-json\/wp\/v2\/pages\/2814\/revisions\/3968"}],"wp:attachment":[{"href":"https:\/\/agora.xtec.cat\/cfabertrana\/wp-json\/wp\/v2\/media?parent=2814"}],"curies":[{"name":"wp","href":"https:\/\/api.w.org\/{rel}","templated":true}]}}