{"id":1798,"date":"2020-05-31T14:51:01","date_gmt":"2020-05-31T12:51:01","guid":{"rendered":"https:\/\/agora.xtec.cat\/cfabertrana\/?page_id=1798"},"modified":"2025-07-15T13:08:18","modified_gmt":"2025-07-15T11:08:18","slug":"preinscripcio-acces-universitat","status":"publish","type":"page","link":"https:\/\/agora.xtec.cat\/cfabertrana\/preinscripcio-acces-universitat\/","title":{"rendered":"Preparaci\u00f3 prova d&#8217;acc\u00e9s a la universitat +25 anys"},"content":{"rendered":"<p><b>Proves d\u2019acc\u00e9s a la Universitat CURS 25\/26<\/b><\/p>\n<p><span style=\"font-weight: 400;\">Preparaci\u00f3 de les assignatures comunes i espec\u00edfiques<\/span><\/p>\n<ul>\n<li style=\"list-style-type: none;\">\n<ul>\n<li aria-level=\"1\"><b>Majors de 25 anys <\/b><span style=\"font-weight: 400;\">(4 assignatures comunes + 2 espec\u00edfiques)\u00a0<\/span><\/li>\n<\/ul>\n<\/li>\n<\/ul>\n<p><span style=\"font-weight: 400;\">Les assignatures espec\u00edfiques es trien en\u00a0 funci\u00f3 de la branca\u00a0<\/span><\/p>\n<p><span style=\"font-weight: 400;\">de coneixement escollida, mireu la informaci\u00f3 en aquest <\/span><a href=\"https:\/\/universitats.gencat.cat\/ca\/acces-universitat\/acces-segons-perfils-estudiants\/tinc-mes-25-anys\/#estructura\"><span style=\"font-weight: 400;\">enlla\u00e7:<\/span><\/a><\/p>\n<ul>\n<li style=\"list-style-type: none;\">\n<ul>\n<li aria-level=\"1\"><b>Majors de 45 anys <\/b><span style=\"font-weight: 400;\">(nom\u00e9s cal fer 3 assignatures comunes)<\/span><\/li>\n<\/ul>\n<\/li>\n<\/ul>\n<p>Curs anual: setembre \/ abril<\/p>\n<p>Temaris oficials i simulaci\u00f3 d\u2019ex\u00e0mens<\/p>\n<p>Horaris: mat\u00ed i tarda<\/p>\n<h3><b>Matr\u00edcula: <\/b><span style=\"font-weight: 400;\">3 i 9 de setembre, a les 10h o a les 17h<\/span><\/h3>\n<p><b>Inici de classes:\u00a0 <\/b><span style=\"font-weight: 400;\">17 de setembre\u00a0\u00a0<\/span><\/p>\n<p><span style=\"font-weight: 400;\">Amb la prova d\u2019acc\u00e9s &gt;25 superada podr\u00e0s:\u00a0<\/span><\/p>\n<ul>\n<li style=\"font-weight: 400;\" aria-level=\"1\"><span style=\"font-weight: 400;\">accedir a qualsevol universitat catalana<\/span><\/li>\n<li style=\"font-weight: 400;\" aria-level=\"1\"><span style=\"font-weight: 400;\">fer un cicle formatiu de grau superior<\/span><\/li>\n<\/ul>\n<ul>\n<li style=\"font-weight: 400;\" aria-level=\"1\"><span style=\"font-weight: 400;\">acreditar el nivell de batxillerat a l\u2019\u00e0mbit laboral i la prova superada tamb\u00e9 et permet accedir a l\u2019administraci\u00f3 p\u00fablica i\/o opositar (prova d\u2019acc\u00e9s GFGS + ESO o equivalent)<\/span><\/li>\n<\/ul>\n<p><span style=\"font-weight: 400;\">Som un centre p\u00fablic i preparem per a totes les branques de coneixement, fem classes presencials i proporcionem els materials per a la preparaci\u00f3 de les proves.<\/span><\/p>\n<p style=\"text-align: center;\"><b>Matricula\u2019t. T&#8217;esperem!<\/b><\/p>\n","protected":false},"excerpt":{"rendered":"<p>Proves d\u2019acc\u00e9s a la Universitat CURS 25\/26 Preparaci\u00f3 de les assignatures comunes i espec\u00edfiques Majors de 25 anys (4 assignatures comunes + 2 espec\u00edfiques)\u00a0 Les assignatures espec\u00edfiques es trien en\u00a0 funci\u00f3 de la branca\u00a0 de coneixement escollida, mireu la informaci\u00f3 en aquest enlla\u00e7: Majors de 45 anys (nom\u00e9s cal fer 3 assignatures comunes) Curs anual: [&hellip;]<\/p>\n","protected":false},"author":1,"featured_media":0,"parent":0,"menu_order":0,"comment_status":"closed","ping_status":"closed","template":"","meta":{"_bbp_topic_count":0,"_bbp_reply_count":0,"_bbp_total_topic_count":0,"_bbp_total_reply_count":0,"_bbp_voice_count":0,"_bbp_anonymous_reply_count":0,"_bbp_topic_count_hidden":0,"_bbp_reply_count_hidden":0,"_bbp_forum_subforum_count":0,"site-sidebar-layout":"default","site-content-layout":"","ast-site-content-layout":"","site-content-style":"default","site-sidebar-style":"default","ast-global-header-display":"","ast-banner-title-visibility":"","ast-main-header-display":"","ast-hfb-above-header-display":"","ast-hfb-below-header-display":"","ast-hfb-mobile-header-display":"","site-post-title":"","ast-breadcrumbs-content":"","ast-featured-img":"","footer-sml-layout":"","theme-transparent-header-meta":"","adv-header-id-meta":"","stick-header-meta":"","header-above-stick-meta":"","header-main-stick-meta":"","header-below-stick-meta":"","astra-migrate-meta-layouts":"default","ast-page-background-enabled":"default","ast-page-background-meta":{"desktop":{"background-color":"var(--ast-global-color-4)","background-image":"","background-repeat":"repeat","background-position":"center center","background-size":"auto","background-attachment":"scroll","background-type":"","background-media":"","overlay-type":"","overlay-color":"","overlay-opacity":"","overlay-gradient":""},"tablet":{"background-color":"","background-image":"","background-repeat":"repeat","background-position":"center center","background-size":"auto","background-attachment":"scroll","background-type":"","background-media":"","overlay-type":"","overlay-color":"","overlay-opacity":"","overlay-gradient":""},"mobile":{"background-color":"","background-image":"","background-repeat":"repeat","background-position":"center center","background-size":"auto","background-attachment":"scroll","background-type":"","background-media":"","overlay-type":"","overlay-color":"","overlay-opacity":"","overlay-gradient":""}},"ast-content-background-meta":{"desktop":{"background-color":"var(--ast-global-color-5)","background-image":"","background-repeat":"repeat","background-position":"center center","background-size":"auto","background-attachment":"scroll","background-type":"","background-media":"","overlay-type":"","overlay-color":"","overlay-opacity":"","overlay-gradient":""},"tablet":{"background-color":"var(--ast-global-color-5)","background-image":"","background-repeat":"repeat","background-position":"center center","background-size":"auto","background-attachment":"scroll","background-type":"","background-media":"","overlay-type":"","overlay-color":"","overlay-opacity":"","overlay-gradient":""},"mobile":{"background-color":"var(--ast-global-color-5)","background-image":"","background-repeat":"repeat","background-position":"center center","background-size":"auto","background-attachment":"scroll","background-type":"","background-media":"","overlay-type":"","overlay-color":"","overlay-opacity":"","overlay-gradient":""}},"footnotes":""},"class_list":["post-1798","page","type-page","status-publish","hentry"],"post_mailing_queue_ids":[],"_links":{"self":[{"href":"https:\/\/agora.xtec.cat\/cfabertrana\/wp-json\/wp\/v2\/pages\/1798","targetHints":{"allow":["GET"]}}],"collection":[{"href":"https:\/\/agora.xtec.cat\/cfabertrana\/wp-json\/wp\/v2\/pages"}],"about":[{"href":"https:\/\/agora.xtec.cat\/cfabertrana\/wp-json\/wp\/v2\/types\/page"}],"author":[{"embeddable":true,"href":"https:\/\/agora.xtec.cat\/cfabertrana\/wp-json\/wp\/v2\/users\/1"}],"replies":[{"embeddable":true,"href":"https:\/\/agora.xtec.cat\/cfabertrana\/wp-json\/wp\/v2\/comments?post=1798"}],"version-history":[{"count":7,"href":"https:\/\/agora.xtec.cat\/cfabertrana\/wp-json\/wp\/v2\/pages\/1798\/revisions"}],"predecessor-version":[{"id":3980,"href":"https:\/\/agora.xtec.cat\/cfabertrana\/wp-json\/wp\/v2\/pages\/1798\/revisions\/3980"}],"wp:attachment":[{"href":"https:\/\/agora.xtec.cat\/cfabertrana\/wp-json\/wp\/v2\/media?parent=1798"}],"curies":[{"name":"wp","href":"https:\/\/api.w.org\/{rel}","templated":true}]}}