{"id":491,"date":"2018-07-16T13:04:51","date_gmt":"2018-07-16T11:04:51","guid":{"rendered":"http:\/\/blocs.xtec.cat\/bergangles\/?page_id=6"},"modified":"2026-01-30T15:40:19","modified_gmt":"2026-01-30T14:40:19","slug":"angles-2","status":"publish","type":"page","link":"https:\/\/agora.xtec.cat\/cfabergueda\/serveis\/blocs-del-centre\/angles-2\/","title":{"rendered":"Angl\u00e8s 2"},"content":{"rendered":"<p><strong><span style=\"color: #ff0000; font-size: large;\">Angl\u00e8s A2.1<\/span><\/strong><\/p>\n<p><strong>&#8221;\u00a0<\/strong><em>L\u2019usuari<\/em><em>\u00a0d<\/em><em>e<\/em><em>\u00a0nivell A2\u00a0<\/em><em>\u00a0pot comprendre frases i expressions habitualment utilitzades relacionades amb temes d&#8217;import\u00e0ncia m\u00e9s immediata (per exemple, informacions personals b\u00e0siques, familiars, compres, geografia local, ocupaci\u00f3). L&#8217;alumne pot comunicar-se en situacions simples i habituals que exigeixin un intercanvi simple i directe d&#8217;informaci\u00f3 sobre temes familiars i habituals. Pot descriure, amb termes simples, aspectes de la seva experi\u00e8ncia o bagatge personal, entorn immediat i problemes sobre q\u00fcestions de primera necessitat.&#8221;<\/em><\/p>\n<h4 style=\"text-align: center;\">ENGLISH FILE A1\/A2<\/h4>\n<p style=\"text-align: center;\"><a href=\"https:\/\/agora.xtec.cat\/cfabergueda\/wp-content\/uploads\/usu1406\/2019\/08\/A2.jpg\"><img loading=\"lazy\" decoding=\"async\" class=\"size-full wp-image-1237 aligncenter\" src=\"https:\/\/agora.xtec.cat\/cfabergueda\/wp-content\/uploads\/usu1406\/2019\/08\/A2.jpg\" alt=\"\" width=\"260\" height=\"327\" srcset=\"https:\/\/agora.xtec.cat\/cfabergueda\/wp-content\/uploads\/usu1406\/2019\/08\/A2.jpg 260w, https:\/\/agora.xtec.cat\/cfabergueda\/wp-content\/uploads\/usu1406\/2019\/08\/A2-239x300.jpg 239w\" sizes=\"auto, (max-width: 260px) 100vw, 260px\" \/>Student&#8217;s Book, Workbook and Online Practice with Key\u00a0 \u00a0ISBN 9780194058001\u00a0<\/a><\/p>\n<p style=\"text-align: center;\"><span style=\"color: #ff0000; font-size: large; line-height: 1.5;\">Learning the Alphabet\u00a0<\/span><\/p>\n<div class=\"ast-oembed-container \" style=\"height: 100%;\"><iframe loading=\"lazy\" title=\"ENGLISH ALPHABET English ABC.. BRITISH ENGLISH -  Speak English, Learn English,\" width=\"500\" height=\"375\" src=\"https:\/\/www.youtube.com\/embed\/8KjezV-lK4s?feature=oembed\" frameborder=\"0\" allow=\"accelerometer; autoplay; clipboard-write; encrypted-media; gyroscope; picture-in-picture; web-share\" referrerpolicy=\"strict-origin-when-cross-origin\" allowfullscreen><\/iframe><\/div>\n<h1><span style=\"color: #ff0000;\">Family vocabulary<\/span><\/h1>\n<p><a href=\"http:\/\/www.saberingles.com.ar\/lists\/family.html\" target=\"_blank\" rel=\"noopener noreferrer\">http:\/\/www.saberingles.com.ar\/lists\/family.html<\/a><\/p>\n<h1><span style=\"color: #ff0000;\">\u00a0Guy Fawkes and Bonfire<\/span><\/h1>\n<p>https:\/\/www.youtube.com\/watch?v=bcyXMLz3fK0<\/p>\n<p><a href=\"http:\/\/resources.woodlands-junior.kent.sch.uk\/customs\/guy.html\" target=\"_blank\" rel=\"noopener noreferrer\">TRADITION<\/a><\/p>\n<p><a href=\"http:\/\/www.audio-lingua.eu\/spip.php?article1150\" target=\"_blank\" rel=\"noopener noreferrer\">LISTENING<\/a><\/p>\n<p><a href=\"http:\/\/www.bbc.com\/news\/uk-england-sussex-24828478\" target=\"_blank\" rel=\"noopener noreferrer\">Sussex Procession<\/a><\/p>\n<p>&nbsp;<\/p>\n<p>&nbsp;<\/p>\n<h1><span style=\"color: #ff0000; font-size: x-large;\">LONDON<\/span><\/h1>\n<div class=\"ast-oembed-container \" style=\"height: 100%;\"><iframe loading=\"lazy\" title=\"English - London sightseeing (A1-A2 - with subtitles)\" width=\"500\" height=\"281\" src=\"https:\/\/www.youtube.com\/embed\/WFRR0zC70-0?feature=oembed\" frameborder=\"0\" allow=\"accelerometer; autoplay; clipboard-write; encrypted-media; gyroscope; picture-in-picture; web-share\" referrerpolicy=\"strict-origin-when-cross-origin\" allowfullscreen><\/iframe><\/div>\n<p><strong><span style=\"color: #ff0000;\"><a title=\"Jobs Vocabulary\" href=\"http:\/\/www.learnenglish.de\/vocabulary\/jobs.html\">JOBS<\/a>\u00a0 clic\u00a0<\/span><\/strong><\/p>\n<p><a href=\"http:\/\/www.eslgamesplus.com\/jobs-and-places-esl-vocabulary-wheel-of-fortune-game\/\">http:\/\/www.eslgamesplus.com\/jobs-and-places-esl-vocabulary-wheel-of-fortune-game\/<\/a><\/p>\n<p><a href=\"http:\/\/learnenglish.britishcouncil.org\/en\/magazine-articles\/halloween\" target=\"_blank\" rel=\"noopener noreferrer\">Halloween<\/a><\/p>\n<p>https:\/\/www.youtube.com\/watch?v=xpvdAJYvofI<\/p>\n<p><a href=\"http:\/\/www.multimedia-english.com\/videos\/esl\/the-legend-of-stingy-jack-2882\" target=\"_blank\" rel=\"noopener noreferrer\">Video The legend of Stingy Jack<\/a><\/p>\n<p><a href=\"http:\/\/www.ictacchiventuri.it\/english\/halloween\/legend.html\" target=\"_blank\" rel=\"noopener noreferrer\">The Legend of Jack O&#8217; Lantern<\/a><\/p>\n<h1><span style=\"color: #ff0000; font-size: x-large;\">\u00a0<\/span><\/h1>\n<p><a href=\"http:\/\/www.vitutor.com\/gramatica_inglesa\/pronouns\/personal_pronouns.html\">Pronouns<\/a><\/p>\n<p><a href=\"http:\/\/www.vitutor.com\/gramatica_inglesa\/adjectives\/possessive_adjectives.html\" target=\"_blank\" rel=\"noopener noreferrer\">Possesive Adjectives<\/a><\/p>\n<h1><strong><span style=\"color: #ff0000;\">\u00a0<\/span><\/strong><\/h1>\n<p>https:\/\/www.youtube.com\/watch?v=9rKtPg1hv90<\/p>\n<h3><a href=\"https:\/\/www.macmillandictionary.com\/verb_wheel\/\" target=\"_blank\" rel=\"noopener noreferrer\">Irregular Verb Wheel Game<\/a><\/h3>\n<p><a href=\"http:\/\/www.quia.com\/cb\/8111.html\" target=\"_blank\" rel=\"noopener noreferrer\">Irregular verb Jeopardi<\/a><\/p>\n<h1><span style=\"color: #ff0000;\">\u00a0<\/span><\/h1>\n<p>&nbsp;<\/p>\n<p>&nbsp;<\/p>\n<h1><span style=\"font-size: x-large; color: #ff0000;\"><strong>\u00a0<\/strong><\/span><\/h1>\n","protected":false},"excerpt":{"rendered":"<p>Angl\u00e8s A2.1 &#8221;\u00a0L\u2019usuari\u00a0de\u00a0nivell A2\u00a0\u00a0pot comprendre frases i expressions habitualment utilitzades relacionades amb temes d&#8217;import\u00e0ncia m\u00e9s immediata (per exemple, informacions personals b\u00e0siques, familiars, compres, geografia local, ocupaci\u00f3). L&#8217;alumne pot comunicar-se en situacions simples i habituals que exigeixin un intercanvi simple i directe d&#8217;informaci\u00f3 sobre temes familiars i habituals. Pot descriure, amb termes simples, aspectes de la [&hellip;]<\/p>\n","protected":false},"author":3,"featured_media":0,"parent":728,"menu_order":2,"comment_status":"open","ping_status":"open","template":"","meta":{"_bbp_topic_count":0,"_bbp_reply_count":0,"_bbp_total_topic_count":0,"_bbp_total_reply_count":0,"_bbp_voice_count":0,"_bbp_anonymous_reply_count":0,"_bbp_topic_count_hidden":0,"_bbp_reply_count_hidden":0,"_bbp_forum_subforum_count":0,"site-sidebar-layout":"default","site-content-layout":"","ast-site-content-layout":"","site-content-style":"default","site-sidebar-style":"default","ast-global-header-display":"","ast-banner-title-visibility":"","ast-main-header-display":"","ast-hfb-above-header-display":"","ast-hfb-below-header-display":"","ast-hfb-mobile-header-display":"","site-post-title":"","ast-breadcrumbs-content":"","ast-featured-img":"","footer-sml-layout":"","theme-transparent-header-meta":"","adv-header-id-meta":"","stick-header-meta":"","header-above-stick-meta":"","header-main-stick-meta":"","header-below-stick-meta":"","astra-migrate-meta-layouts":"default","ast-page-background-enabled":"default","ast-page-background-meta":{"desktop":{"background-color":"var(--ast-global-color-4)","background-image":"","background-repeat":"repeat","background-position":"center center","background-size":"auto","background-attachment":"scroll","background-type":"","background-media":"","overlay-type":"","overlay-color":"","overlay-opacity":"","overlay-gradient":""},"tablet":{"background-color":"","background-image":"","background-repeat":"repeat","background-position":"center center","background-size":"auto","background-attachment":"scroll","background-type":"","background-media":"","overlay-type":"","overlay-color":"","overlay-opacity":"","overlay-gradient":""},"mobile":{"background-color":"","background-image":"","background-repeat":"repeat","background-position":"center center","background-size":"auto","background-attachment":"scroll","background-type":"","background-media":"","overlay-type":"","overlay-color":"","overlay-opacity":"","overlay-gradient":""}},"ast-content-background-meta":{"desktop":{"background-color":"var(--ast-global-color-5)","background-image":"","background-repeat":"repeat","background-position":"center center","background-size":"auto","background-attachment":"scroll","background-type":"","background-media":"","overlay-type":"","overlay-color":"","overlay-opacity":"","overlay-gradient":""},"tablet":{"background-color":"var(--ast-global-color-5)","background-image":"","background-repeat":"repeat","background-position":"center center","background-size":"auto","background-attachment":"scroll","background-type":"","background-media":"","overlay-type":"","overlay-color":"","overlay-opacity":"","overlay-gradient":""},"mobile":{"background-color":"var(--ast-global-color-5)","background-image":"","background-repeat":"repeat","background-position":"center center","background-size":"auto","background-attachment":"scroll","background-type":"","background-media":"","overlay-type":"","overlay-color":"","overlay-opacity":"","overlay-gradient":""}},"footnotes":""},"class_list":["post-491","page","type-page","status-publish","hentry"],"post_mailing_queue_ids":[],"_links":{"self":[{"href":"https:\/\/agora.xtec.cat\/cfabergueda\/wp-json\/wp\/v2\/pages\/491","targetHints":{"allow":["GET"]}}],"collection":[{"href":"https:\/\/agora.xtec.cat\/cfabergueda\/wp-json\/wp\/v2\/pages"}],"about":[{"href":"https:\/\/agora.xtec.cat\/cfabergueda\/wp-json\/wp\/v2\/types\/page"}],"author":[{"embeddable":true,"href":"https:\/\/agora.xtec.cat\/cfabergueda\/wp-json\/wp\/v2\/users\/3"}],"replies":[{"embeddable":true,"href":"https:\/\/agora.xtec.cat\/cfabergueda\/wp-json\/wp\/v2\/comments?post=491"}],"version-history":[{"count":3,"href":"https:\/\/agora.xtec.cat\/cfabergueda\/wp-json\/wp\/v2\/pages\/491\/revisions"}],"predecessor-version":[{"id":1241,"href":"https:\/\/agora.xtec.cat\/cfabergueda\/wp-json\/wp\/v2\/pages\/491\/revisions\/1241"}],"up":[{"embeddable":true,"href":"https:\/\/agora.xtec.cat\/cfabergueda\/wp-json\/wp\/v2\/pages\/728"}],"wp:attachment":[{"href":"https:\/\/agora.xtec.cat\/cfabergueda\/wp-json\/wp\/v2\/media?parent=491"}],"curies":[{"name":"wp","href":"https:\/\/api.w.org\/{rel}","templated":true}]}}