{"id":265,"date":"2023-07-13T10:28:56","date_gmt":"2023-07-13T08:28:56","guid":{"rendered":"http:\/\/agora.xtec.cat\/cfabergueda\/?page_id=265"},"modified":"2024-02-28T22:41:26","modified_gmt":"2024-02-28T21:41:26","slug":"organitzacio-interna","status":"publish","type":"page","link":"https:\/\/agora.xtec.cat\/cfabergueda\/el-centre\/organitzacio-interna\/","title":{"rendered":"Organitzaci\u00f3 interna"},"content":{"rendered":"<p style=\"text-align: left;\"><span style=\"color: #ff9900;\"><b>Equip directiu<\/b><\/span><\/p>\n<p><em>DIRECTORA:<\/em> Gemma Soler Roig<\/p>\n<p><em>SECRETARIA:<\/em> Alba Noguera Carol<\/p>\n<p><span style=\"color: #ff9900;\"><b>Equip docent<\/b><\/span><\/p>\n<p>Xavier Vall Ontiveiros (<em>\u00c0mbit de comunicaci\u00f3 PPACFGS i PPAU+25)<br \/>\n<\/em><\/p>\n<p>Alba Noguera Carol (<em>COMPETIC i PPACFGS)<\/em><\/p>\n<p>Alba Clotet Caballol (<em>\u00c0mbit cient\u00edfic i tecnol\u00f2gic GES)<\/em><\/p>\n<p>Ramon Massana Codina (<em>\u00c0mbit Social GES\u00a0)<br \/>\n<\/em><\/p>\n<p>Maria Merc\u00e8 Mart\u00ed Giron\u00e8s (<em>Cicle de formaci\u00f3 instrumental i catal\u00e0<\/em>)<\/p>\n<p>Gemma Soler Roig (Llengua estrangera angl\u00e8s i GES IOC)<\/p>\n<p><strong><span style=\"color: #ff9900;\">Personal d\u2019Administraci\u00f3 i Serveis (PAS)<\/span><br \/>\n<\/strong><\/p>\n<p>Rosa Maria Comellas Fit\u00f3<\/p>\n<p><b><span style=\"color: #ff9900;\">CONSELL ESCOLAR 2023-2024<\/span><br \/>\n<\/b><\/p>\n<p><span style=\"color: #ff9900;\"><em>Presidenta:<\/em><\/span> Gemma Soler Roig<\/p>\n<p><span style=\"color: #ff9900;\"><em>Secretaria: <span style=\"color: #000000;\">Alba Noguera Carol<\/span><br \/>\n<\/em><\/span><\/p>\n<p class=\"western\" lang=\"ca-ES\" align=\"justify\"><span style=\"color: #ff9900;\"><em>Representant de l\u2019Ajuntament:<\/em><\/span><\/p>\n<p lang=\"ca-ES\" align=\"justify\"><span style=\"color: #ff9900;\"><em>Representant del PAS:<\/em><\/span> Rosa Maria Comellas Fit\u00f3<\/p>\n<p><span style=\"color: #ff9900;\"><em>Representants del professorat:<\/em><\/span><\/p>\n<p>Alba Noguera Carol<\/p>\n<p>Alba Clotet Caballol<\/p>\n<p>Xavi Vall\u00a0<em><br \/>\n<\/em><\/p>\n<p><span style=\"color: #000000; font-family: inherit; font-size: 1em;\"> Maria Merc\u00e8 Mart\u00ed Giron\u00e8s (Referent en coeducaci\u00f3)<\/span><\/p>\n<p><span style=\"color: #ff9900;\">Representants de l\u2019alumnat:<\/span><\/p>\n<p>Rosa Garcia S\u00e1ez<\/p>\n<p>Mireia<\/p>\n<p>&nbsp;<\/p>\n<p style=\"padding-left: 80px;\">\n<p>&nbsp;<\/p>\n<p>&nbsp;<\/p>\n<p>&nbsp;<\/p>\n","protected":false},"excerpt":{"rendered":"<p>Equip directiu DIRECTORA: Gemma Soler Roig SECRETARIA: Alba Noguera Carol Equip docent Xavier Vall Ontiveiros (\u00c0mbit de comunicaci\u00f3 PPACFGS i PPAU+25) Alba Noguera Carol (COMPETIC i PPACFGS) Alba Clotet Caballol (\u00c0mbit cient\u00edfic i tecnol\u00f2gic GES) Ramon Massana Codina (\u00c0mbit Social GES\u00a0) Maria Merc\u00e8 Mart\u00ed Giron\u00e8s (Cicle de formaci\u00f3 instrumental i catal\u00e0) Gemma Soler Roig (Llengua [&hellip;]<\/p>\n","protected":false},"author":1,"featured_media":0,"parent":261,"menu_order":40,"comment_status":"closed","ping_status":"closed","template":"page-templates\/side-menu.php","meta":{"_bbp_topic_count":0,"_bbp_reply_count":0,"_bbp_total_topic_count":0,"_bbp_total_reply_count":0,"_bbp_voice_count":0,"_bbp_anonymous_reply_count":0,"_bbp_topic_count_hidden":0,"_bbp_reply_count_hidden":0,"_bbp_forum_subforum_count":0,"site-sidebar-layout":"default","site-content-layout":"","ast-site-content-layout":"","site-content-style":"default","site-sidebar-style":"default","ast-global-header-display":"","ast-banner-title-visibility":"","ast-main-header-display":"","ast-hfb-above-header-display":"","ast-hfb-below-header-display":"","ast-hfb-mobile-header-display":"","site-post-title":"","ast-breadcrumbs-content":"","ast-featured-img":"","footer-sml-layout":"","theme-transparent-header-meta":"","adv-header-id-meta":"","stick-header-meta":"","header-above-stick-meta":"","header-main-stick-meta":"","header-below-stick-meta":"","astra-migrate-meta-layouts":"default","ast-page-background-enabled":"default","ast-page-background-meta":{"desktop":{"background-color":"var(--ast-global-color-4)","background-image":"","background-repeat":"repeat","background-position":"center center","background-size":"auto","background-attachment":"scroll","background-type":"","background-media":"","overlay-type":"","overlay-color":"","overlay-opacity":"","overlay-gradient":""},"tablet":{"background-color":"","background-image":"","background-repeat":"repeat","background-position":"center center","background-size":"auto","background-attachment":"scroll","background-type":"","background-media":"","overlay-type":"","overlay-color":"","overlay-opacity":"","overlay-gradient":""},"mobile":{"background-color":"","background-image":"","background-repeat":"repeat","background-position":"center center","background-size":"auto","background-attachment":"scroll","background-type":"","background-media":"","overlay-type":"","overlay-color":"","overlay-opacity":"","overlay-gradient":""}},"ast-content-background-meta":{"desktop":{"background-color":"var(--ast-global-color-5)","background-image":"","background-repeat":"repeat","background-position":"center center","background-size":"auto","background-attachment":"scroll","background-type":"","background-media":"","overlay-type":"","overlay-color":"","overlay-opacity":"","overlay-gradient":""},"tablet":{"background-color":"var(--ast-global-color-5)","background-image":"","background-repeat":"repeat","background-position":"center center","background-size":"auto","background-attachment":"scroll","background-type":"","background-media":"","overlay-type":"","overlay-color":"","overlay-opacity":"","overlay-gradient":""},"mobile":{"background-color":"var(--ast-global-color-5)","background-image":"","background-repeat":"repeat","background-position":"center center","background-size":"auto","background-attachment":"scroll","background-type":"","background-media":"","overlay-type":"","overlay-color":"","overlay-opacity":"","overlay-gradient":""}},"footnotes":""},"class_list":["post-265","page","type-page","status-publish","hentry"],"post_mailing_queue_ids":[],"_links":{"self":[{"href":"https:\/\/agora.xtec.cat\/cfabergueda\/wp-json\/wp\/v2\/pages\/265","targetHints":{"allow":["GET"]}}],"collection":[{"href":"https:\/\/agora.xtec.cat\/cfabergueda\/wp-json\/wp\/v2\/pages"}],"about":[{"href":"https:\/\/agora.xtec.cat\/cfabergueda\/wp-json\/wp\/v2\/types\/page"}],"author":[{"embeddable":true,"href":"https:\/\/agora.xtec.cat\/cfabergueda\/wp-json\/wp\/v2\/users\/1"}],"replies":[{"embeddable":true,"href":"https:\/\/agora.xtec.cat\/cfabergueda\/wp-json\/wp\/v2\/comments?post=265"}],"version-history":[{"count":5,"href":"https:\/\/agora.xtec.cat\/cfabergueda\/wp-json\/wp\/v2\/pages\/265\/revisions"}],"predecessor-version":[{"id":1917,"href":"https:\/\/agora.xtec.cat\/cfabergueda\/wp-json\/wp\/v2\/pages\/265\/revisions\/1917"}],"up":[{"embeddable":true,"href":"https:\/\/agora.xtec.cat\/cfabergueda\/wp-json\/wp\/v2\/pages\/261"}],"wp:attachment":[{"href":"https:\/\/agora.xtec.cat\/cfabergueda\/wp-json\/wp\/v2\/media?parent=265"}],"curies":[{"name":"wp","href":"https:\/\/api.w.org\/{rel}","templated":true}]}}