{"id":1374,"date":"2024-05-13T08:13:17","date_gmt":"2024-05-13T06:13:17","guid":{"rendered":"http:\/\/agora.xtec.cat\/cfabellavista\/?page_id=1374"},"modified":"2024-05-13T11:49:33","modified_gmt":"2024-05-13T09:49:33","slug":"preu","status":"publish","type":"page","link":"https:\/\/agora.xtec.cat\/cfabellavista\/secretaria\/preu\/","title":{"rendered":"Preu i pagament"},"content":{"rendered":"<h1>Alumnat IOC Graduat en ESO<\/h1>\n<ul>\n<li style=\"list-style-type: none;\">\n<ul style=\"list-style-type: square;\">\n<li>Heu d&#8217;entrar al Campus IOC amb el vostre nom d&#8217;usuari i contrasenya. Accedir a la pestanya de secretaria | pagament i descarregar-vos el full de pagament.<\/li>\n<li>Preu: un m\u00f2dul s\u00f3n 15 \u20ac i per cada m\u00f2dul addicional 5\u20ac.<\/li>\n<li>M\u00e9s informaci\u00f3: <a href=\"https:\/\/ioc.xtec.cat\/educacio\/ges#fourth\">https:\/\/ioc.xtec.cat\/educacio\/ges#fourth<\/a><\/li>\n<\/ul>\n<\/li>\n<\/ul>\n<h1>Alumnat presencial<\/h1>\n<p>Som una escola p\u00fablica i gratu\u00efta.<\/p>\n<p>Demanem una col\u00b7laboraci\u00f3 amb el pagament <strong>de 20 euros anual<\/strong> en concepte de <strong>despeses i manteniment de materials educatius<\/strong><strong>.<\/strong> El pagament s&#8217;efectuar\u00e0, per transfer\u00e8ncia banc\u00e0ria, durant el mes de setembre, sempre que <span style=\"color: #008000;\"><strong>estigueu admesos<\/strong><\/span> al llistat de preinscripci\u00f3.<\/p>\n<p>Segons l&#8217;ensenyament haureu de comprar els llibres que necessitareu per comen\u00e7ar les classes durant el mes de setembre.<\/p>\n<p><a href=\"https:\/\/agora.xtec.cat\/cfabellavista\/secretaria\/inici\/preu\/instruccions-de-pagament-quota-de-material\/\" target=\"_blank\" rel=\"noopener noreferrer\">Instruccions de pagament<\/a><em><br \/>\n<\/em><\/p>\n<p>&nbsp;<\/p>\n","protected":false},"excerpt":{"rendered":"<p>Alumnat IOC Graduat en ESO<\/p>\n<ul>\n<li style=\"list-style-type: none;\">\n<ul style=\"list-style-type: square;\">\n<li>Heu d&#8217;entrar al Campus IOC amb el vostre nom d&#8217;usuari i contrasenya. Accedir a la pestanya de secretaria | pagament i descarregar-vos el full de pagament.<\/li>\n<li>Preu: un m\u00f2dul s\u00f3n 15 \u20ac i per cada m\u00f2dul addicional 5\u20ac.<\/li>\n<li>M\u00e9s&hellip;  <a href=\"https:\/\/agora.xtec.cat\/cfabellavista\/secretaria\/preu\/\" title=\"Read Preu i pagament\">Llegeix m\u00e9s\u00bb<\/a><br \/>\n","protected":false},"author":1,"featured_media":0,"parent":1513,"menu_order":1,"comment_status":"closed","ping_status":"closed","template":"page-templates\/side-menu.php","meta":{"_bbp_topic_count":0,"_bbp_reply_count":0,"_bbp_total_topic_count":0,"_bbp_total_reply_count":0,"_bbp_voice_count":0,"_bbp_anonymous_reply_count":0,"_bbp_topic_count_hidden":0,"_bbp_reply_count_hidden":0,"_bbp_forum_subforum_count":0,"footnotes":""},"class_list":["post-1374","page","type-page","status-publish","hentry"],"post_mailing_queue_ids":[],"_links":{"self":[{"href":"https:\/\/agora.xtec.cat\/cfabellavista\/wp-json\/wp\/v2\/pages\/1374","targetHints":{"allow":["GET"]}}],"collection":[{"href":"https:\/\/agora.xtec.cat\/cfabellavista\/wp-json\/wp\/v2\/pages"}],"about":[{"href":"https:\/\/agora.xtec.cat\/cfabellavista\/wp-json\/wp\/v2\/types\/page"}],"author":[{"embeddable":true,"href":"https:\/\/agora.xtec.cat\/cfabellavista\/wp-json\/wp\/v2\/users\/1"}],"replies":[{"embeddable":true,"href":"https:\/\/agora.xtec.cat\/cfabellavista\/wp-json\/wp\/v2\/comments?post=1374"}],"version-history":[{"count":5,"href":"https:\/\/agora.xtec.cat\/cfabellavista\/wp-json\/wp\/v2\/pages\/1374\/revisions"}],"predecessor-version":[{"id":2595,"href":"https:\/\/agora.xtec.cat\/cfabellavista\/wp-json\/wp\/v2\/pages\/1374\/revisions\/2595"}],"up":[{"embeddable":true,"href":"https:\/\/agora.xtec.cat\/cfabellavista\/wp-json\/wp\/v2\/pages\/1513"}],"wp:attachment":[{"href":"https:\/\/agora.xtec.cat\/cfabellavista\/wp-json\/wp\/v2\/media?parent=1374"}],"curies":[{"name":"wp","href":"https:\/\/api.w.org\/{rel}","templated":true}]}}