{"id":274,"date":"2015-01-27T17:56:20","date_gmt":"2015-01-27T16:56:20","guid":{"rendered":"http:\/\/agora.xtec.cat\/cfabalaguer\/?page_id=274"},"modified":"2025-06-25T13:35:32","modified_gmt":"2025-06-25T11:35:32","slug":"ensenyaments","status":"publish","type":"page","link":"https:\/\/agora.xtec.cat\/cfabalaguer\/ensenyaments\/","title":{"rendered":"Oferta formativa CFA Balaguer"},"content":{"rendered":"<h4><\/h4>\n<table class=\" aligncenter\" style=\"border-collapse: collapse; width: 69.5091%; height: 672px;\">\n<tbody>\n<tr style=\"height: 32px;\">\n<td style=\"width: 25.2175%; height: 32px;\"><strong>NIvell<\/strong><\/td>\n<td style=\"width: 24.7825%; height: 32px;\"><strong>Grups<\/strong><\/td>\n<td style=\"width: 25%; height: 32px;\"><strong>Places<\/strong><\/td>\n<td style=\"width: 25%; height: 32px;\"><strong>Torn<\/strong><\/td>\n<\/tr>\n<tr style=\"height: 32px;\">\n<td style=\"width: 25.2175%; height: 32px;\">Llengua catalana 1<\/p>\n<p>Nivell A1<\/td>\n<td style=\"width: 24.7825%; height: 32px;\">1<\/td>\n<td style=\"width: 25%; height: 32px;\">25<\/td>\n<td style=\"width: 25%; height: 32px;\">mat\u00ed<\/td>\n<\/tr>\n<tr style=\"height: 32px;\">\n<td style=\"width: 25.2175%; height: 32px;\">Llengua catalana 3<\/p>\n<p>Nivell B1<\/td>\n<td style=\"width: 24.7825%; height: 32px;\">1<\/td>\n<td style=\"width: 25%; height: 32px;\">25<\/td>\n<td style=\"width: 25%; height: 32px;\">mat\u00ed<\/td>\n<\/tr>\n<tr style=\"height: 32px;\">\n<td style=\"width: 25.2175%; height: 32px;\"><\/td>\n<td style=\"width: 24.7825%; height: 32px;\"><\/td>\n<td style=\"width: 25%; height: 32px;\"><\/td>\n<td style=\"width: 25%; height: 32px;\"><\/td>\n<\/tr>\n<tr style=\"height: 32px;\">\n<td style=\"width: 25.2175%; height: 32px;\">Llengua castellana 1<\/p>\n<p>Nivell A1<\/td>\n<td style=\"width: 24.7825%; height: 32px;\">2<\/td>\n<td style=\"width: 25%; height: 32px;\">50<\/td>\n<td style=\"width: 25%; height: 32px;\">mat\u00ed i tarda<\/td>\n<\/tr>\n<tr style=\"height: 32px;\">\n<td style=\"width: 25.2175%; height: 32px;\">Llengua castellana 2<\/p>\n<p>Nivell A2<\/td>\n<td style=\"width: 24.7825%; height: 32px;\">1<\/td>\n<td style=\"width: 25%; height: 32px;\">25<\/td>\n<td style=\"width: 25%; height: 32px;\">mat\u00ed<\/td>\n<\/tr>\n<tr style=\"height: 32px;\">\n<td style=\"width: 25.2175%; height: 32px;\"><\/td>\n<td style=\"width: 24.7825%; height: 32px;\"><\/td>\n<td style=\"width: 25%; height: 32px;\"><\/td>\n<td style=\"width: 25%; height: 32px;\"><\/td>\n<\/tr>\n<tr style=\"height: 32px;\">\n<td style=\"width: 25.2175%; height: 32px;\">Llengua anglesa 1<\/td>\n<td style=\"width: 24.7825%; height: 32px;\">1<\/td>\n<td style=\"width: 25%; height: 32px;\">25<\/td>\n<td style=\"width: 25%; height: 32px;\">tarda<\/td>\n<\/tr>\n<tr style=\"height: 32px;\">\n<td style=\"width: 25.2175%; height: 32px;\">Llengua anglesa 2<\/td>\n<td style=\"width: 24.7825%; height: 32px;\">1<\/td>\n<td style=\"width: 25%; height: 32px;\">25<\/td>\n<td style=\"width: 25%; height: 32px;\">tarda<\/td>\n<\/tr>\n<tr style=\"height: 32px;\">\n<td style=\"width: 25.2175%; height: 32px;\">Llengua anglesa 3<\/td>\n<td style=\"width: 24.7825%; height: 32px;\">1<\/td>\n<td style=\"width: 25%; height: 32px;\">25<\/td>\n<td style=\"width: 25%; height: 32px;\">tarda<\/td>\n<\/tr>\n<tr style=\"height: 32px;\">\n<td style=\"width: 25.2175%; height: 32px;\"><\/td>\n<td style=\"width: 24.7825%; height: 32px;\"><\/td>\n<td style=\"width: 25%; height: 32px;\"><\/td>\n<td style=\"width: 25%; height: 32px;\"><\/td>\n<\/tr>\n<tr style=\"height: 32px;\">\n<td style=\"width: 25.2175%; height: 32px;\">COMPETIC inicial<\/td>\n<td style=\"width: 24.7825%; height: 32px;\">1<\/td>\n<td style=\"width: 25%; height: 32px;\">25<\/td>\n<td style=\"width: 25%; height: 32px;\">mat\u00ed<\/td>\n<\/tr>\n<tr style=\"height: 32px;\">\n<td style=\"width: 25.2175%; height: 32px;\">COMPETIC 1<\/td>\n<td style=\"width: 24.7825%; height: 32px;\">1<\/td>\n<td style=\"width: 25%; height: 32px;\">25<\/td>\n<td style=\"width: 25%; height: 32px;\">mat\u00ed<\/td>\n<\/tr>\n<tr style=\"height: 32px;\">\n<td style=\"width: 25.2175%; height: 32px;\">COMPETIC 2<\/td>\n<td style=\"width: 24.7825%; height: 32px;\">1<\/td>\n<td style=\"width: 25%; height: 32px;\">25<\/td>\n<td style=\"width: 25%; height: 32px;\">tarda<\/td>\n<\/tr>\n<tr style=\"height: 48px;\">\n<td style=\"width: 25.2175%; height: 48px;\">COMPETIC 3<\/td>\n<td style=\"width: 24.7825%; height: 48px;\">1<\/td>\n<td style=\"width: 25%; height: 48px;\">25<\/td>\n<td style=\"width: 25%; height: 48px;\">tarda i dist\u00e0ncia<\/td>\n<\/tr>\n<tr style=\"height: 32px;\">\n<td style=\"width: 25.2175%; height: 32px;\"><\/td>\n<td style=\"width: 24.7825%; height: 32px;\"><\/td>\n<td style=\"width: 25%; height: 32px;\"><\/td>\n<td style=\"width: 25%; height: 32px;\"><\/td>\n<\/tr>\n<tr style=\"height: 48px;\">\n<td style=\"width: 25.2175%; height: 48px;\">INSTRUMENTAL 1<\/td>\n<td style=\"width: 24.7825%; height: 48px;\">1<\/td>\n<td style=\"width: 25%; height: 48px;\">25<\/td>\n<td style=\"width: 25%; height: 48px;\">mat\u00ed<\/td>\n<\/tr>\n<tr style=\"height: 48px;\">\n<td style=\"width: 25.2175%; height: 48px;\">INSTRUMENTAL 2<\/td>\n<td style=\"width: 24.7825%; height: 48px;\">1<\/td>\n<td style=\"width: 25%; height: 48px;\">25<\/td>\n<td style=\"width: 25%; height: 48px;\">tarda<\/td>\n<\/tr>\n<\/tbody>\n<\/table>\n<h4><\/h4>\n<p>&nbsp;<\/p>\n<p>&nbsp;<\/p>\n<p>&nbsp;<\/p>\n<p>&nbsp;<\/p>\n<p>&nbsp;<\/p>\n<p>&nbsp;<\/p>\n<table class=\" aligncenter\" style=\"border-collapse: collapse; width: 68.649%; height: 385px;\">\n<tbody>\n<tr style=\"height: 96px;\">\n<td style=\"width: 22.0373%; height: 96px;\">Curs de proves d&#8217;acc\u00e9s<\/p>\n<p>a Grau Mig<\/td>\n<td style=\"width: 22.309%; height: 96px;\">1<\/td>\n<td style=\"width: 22.0537%; height: 96px;\">35<\/td>\n<td style=\"width: 22.0549%; height: 96px;\">mat\u00ed<\/td>\n<\/tr>\n<tr style=\"height: 32px;\">\n<td style=\"width: 22.0373%; height: 32px;\"><\/td>\n<td style=\"width: 22.309%; height: 32px;\"><\/td>\n<td style=\"width: 22.0537%; height: 32px;\"><\/td>\n<td style=\"width: 22.0549%; height: 32px;\"><\/td>\n<\/tr>\n<tr style=\"height: 96px;\">\n<td style=\"width: 22.0373%; height: 96px;\">Curs de proves d&#8217;acc\u00e9s<\/p>\n<p>a Grau Superior<\/td>\n<td style=\"width: 22.309%; height: 96px;\">1<\/td>\n<td style=\"width: 22.0537%; height: 96px;\">35<\/td>\n<td style=\"width: 22.0549%; height: 96px;\">tarda<\/td>\n<\/tr>\n<tr style=\"height: 56px;\">\n<td style=\"width: 22.0373%; height: 56px;\">TOTAL<\/td>\n<td style=\"width: 22.309%; height: 56px;\">16 grups<\/td>\n<td style=\"width: 22.0537%; height: 56px;\">420 places<\/td>\n<td style=\"width: 22.0549%; height: 56px;\"><\/td>\n<\/tr>\n<\/tbody>\n<\/table>\n<p>&nbsp;<\/p>\n<p>&nbsp;<\/p>\n<p>&nbsp;<\/p>\n<p>&nbsp;<\/p>\n<p>&nbsp;<\/p>\n<p>&nbsp;<\/p>\n<p>&nbsp;<\/p>\n<p>&nbsp;<\/p>\n<p>&nbsp;<\/p>\n<p>&nbsp;<\/p>\n<p>&nbsp;<\/p>\n<p>&nbsp;<\/p>\n<p>&nbsp;<\/p>\n<p>&nbsp;<\/p>\n<p>&nbsp;<\/p>\n<p>&nbsp;<\/p>\n<p>&nbsp;<\/p>\n<p>&nbsp;<\/p>\n<p>&nbsp;<\/p>\n<p>&nbsp;<\/p>\n<p>&nbsp;<\/p>\n<p>&nbsp;<\/p>\n","protected":false},"excerpt":{"rendered":"<p>NIvell Grups Places Torn Llengua catalana 1 Nivell A1 1 25 mat\u00ed Llengua catalana 3 Nivell B1 1 25 mat\u00ed Llengua castellana 1 Nivell A1 2 50 mat\u00ed i tarda Llengua castellana 2 Nivell A2 1 25 mat\u00ed Llengua anglesa 1 1 25 tarda Llengua anglesa 2 1 25 tarda Llengua anglesa 3 1 25 [&hellip;]<\/p>\n","protected":false},"author":1,"featured_media":0,"parent":0,"menu_order":0,"comment_status":"closed","ping_status":"closed","template":"","meta":{"_bbp_topic_count":0,"_bbp_reply_count":0,"_bbp_total_topic_count":0,"_bbp_total_reply_count":0,"_bbp_voice_count":0,"_bbp_anonymous_reply_count":0,"_bbp_topic_count_hidden":0,"_bbp_reply_count_hidden":0,"_bbp_forum_subforum_count":0,"site-sidebar-layout":"default","site-content-layout":"","ast-site-content-layout":"default","site-content-style":"default","site-sidebar-style":"default","ast-global-header-display":"","ast-banner-title-visibility":"","ast-main-header-display":"","ast-hfb-above-header-display":"","ast-hfb-below-header-display":"","ast-hfb-mobile-header-display":"","site-post-title":"","ast-breadcrumbs-content":"","ast-featured-img":"","footer-sml-layout":"","theme-transparent-header-meta":"default","adv-header-id-meta":"","stick-header-meta":"","header-above-stick-meta":"","header-main-stick-meta":"","header-below-stick-meta":"","astra-migrate-meta-layouts":"set","ast-page-background-enabled":"default","ast-page-background-meta":{"desktop":{"background-color":"var(--ast-global-color-4)","background-image":"","background-repeat":"repeat","background-position":"center center","background-size":"auto","background-attachment":"scroll","background-type":"","background-media":"","overlay-type":"","overlay-color":"","overlay-opacity":"","overlay-gradient":""},"tablet":{"background-color":"","background-image":"","background-repeat":"repeat","background-position":"center center","background-size":"auto","background-attachment":"scroll","background-type":"","background-media":"","overlay-type":"","overlay-color":"","overlay-opacity":"","overlay-gradient":""},"mobile":{"background-color":"","background-image":"","background-repeat":"repeat","background-position":"center center","background-size":"auto","background-attachment":"scroll","background-type":"","background-media":"","overlay-type":"","overlay-color":"","overlay-opacity":"","overlay-gradient":""}},"ast-content-background-meta":{"desktop":{"background-color":"var(--ast-global-color-5)","background-image":"","background-repeat":"repeat","background-position":"center center","background-size":"auto","background-attachment":"scroll","background-type":"","background-media":"","overlay-type":"","overlay-color":"","overlay-opacity":"","overlay-gradient":""},"tablet":{"background-color":"var(--ast-global-color-5)","background-image":"","background-repeat":"repeat","background-position":"center center","background-size":"auto","background-attachment":"scroll","background-type":"","background-media":"","overlay-type":"","overlay-color":"","overlay-opacity":"","overlay-gradient":""},"mobile":{"background-color":"var(--ast-global-color-5)","background-image":"","background-repeat":"repeat","background-position":"center center","background-size":"auto","background-attachment":"scroll","background-type":"","background-media":"","overlay-type":"","overlay-color":"","overlay-opacity":"","overlay-gradient":""}},"footnotes":""},"class_list":["post-274","page","type-page","status-publish","hentry"],"post_mailing_queue_ids":[],"_links":{"self":[{"href":"https:\/\/agora.xtec.cat\/cfabalaguer\/wp-json\/wp\/v2\/pages\/274","targetHints":{"allow":["GET"]}}],"collection":[{"href":"https:\/\/agora.xtec.cat\/cfabalaguer\/wp-json\/wp\/v2\/pages"}],"about":[{"href":"https:\/\/agora.xtec.cat\/cfabalaguer\/wp-json\/wp\/v2\/types\/page"}],"author":[{"embeddable":true,"href":"https:\/\/agora.xtec.cat\/cfabalaguer\/wp-json\/wp\/v2\/users\/1"}],"replies":[{"embeddable":true,"href":"https:\/\/agora.xtec.cat\/cfabalaguer\/wp-json\/wp\/v2\/comments?post=274"}],"version-history":[{"count":6,"href":"https:\/\/agora.xtec.cat\/cfabalaguer\/wp-json\/wp\/v2\/pages\/274\/revisions"}],"predecessor-version":[{"id":2594,"href":"https:\/\/agora.xtec.cat\/cfabalaguer\/wp-json\/wp\/v2\/pages\/274\/revisions\/2594"}],"wp:attachment":[{"href":"https:\/\/agora.xtec.cat\/cfabalaguer\/wp-json\/wp\/v2\/media?parent=274"}],"curies":[{"name":"wp","href":"https:\/\/api.w.org\/{rel}","templated":true}]}}