{"id":3931,"date":"2024-09-20T11:12:37","date_gmt":"2024-09-20T09:12:37","guid":{"rendered":"https:\/\/agora.xtec.cat\/cfaarturmartorell\/?page_id=3931"},"modified":"2024-09-20T14:11:25","modified_gmt":"2024-09-20T12:11:25","slug":"banc-de-recursos-competic","status":"publish","type":"page","link":"https:\/\/agora.xtec.cat\/cfaarturmartorell\/estrategia-digital-de-centre\/cultura-digital-de-centre\/banc-de-recursos-digitals\/banc-de-recursos-competic\/","title":{"rendered":"Banc de recursos: COMPETIC"},"content":{"rendered":"<table dir=\"ltr\" style=\"width: 54.8085%; height: 369px;\" border=\"1\" cellspacing=\"0\" cellpadding=\"0\">\n<colgroup>\n<col width=\"278\" \/>\n<col width=\"596\" \/><\/colgroup>\n<tbody>\n<tr style=\"height: 33px;\">\n<td style=\"height: 33px; width: 6.21792%;\" data-sheets-value=\"{&quot;1&quot;:2,&quot;2&quot;:&quot;Nom del recurs&quot;}\" data-sheets-note=\"Hem de posar la tem\u00e0tica o contingut a treballar. Per exemple: Gal\u00ed Gram\u00e0tica i vocabulari.\"><strong>Nom del recurs<\/strong><\/td>\n<td style=\"height: 33px; width: 7.03929%;\" data-sheets-value=\"{&quot;1&quot;:2,&quot;2&quot;:&quot;Enlla\u00e7 del recurs&quot;}\"><strong>Enlla\u00e7 del recurs<\/strong><\/td>\n<\/tr>\n<tr style=\"height: 49px;\">\n<td style=\"height: 49px; width: 6.21792%;\" data-sheets-value=\"{&quot;1&quot;:2,&quot;2&quot;:&quot;Gal\u00ed, gram\u00e0tica, vocabulari, morfosintaxi&quot;}\">Freeimages<\/td>\n<td style=\"width: 7.03929%; height: 49px;\" data-sheets-value=\"{&quot;1&quot;:2,&quot;2&quot;:&quot;https:\/\/aprenderespanol.org\/&quot;}\" data-sheets-hyperlink=\"https:\/\/aprenderespanol.org\/\"><a href=\"https:\/\/www.freeimages.com\/\">Enlla\u00e7<\/a><\/td>\n<\/tr>\n<tr style=\"height: 49px;\">\n<td style=\"width: 6.21792%; height: 49px;\" data-sheets-value=\"{&quot;1&quot;:2,&quot;2&quot;:&quot;Los verbos&quot;}\">Pixabay<\/td>\n<td style=\"width: 7.03929%; height: 49px;\" data-sheets-value=\"{&quot;1&quot;:2,&quot;2&quot;:&quot;https:\/\/www.liveworksheets.com\/search.asp?content=los+verbos&quot;}\" data-sheets-hyperlink=\"https:\/\/www.liveworksheets.com\/\"><a href=\"https:\/\/pixabay.com\/es\/\">Enlla\u00e7<\/a><\/td>\n<\/tr>\n<tr style=\"border-color: #ffffff;\">\n<td style=\"width: 6.21792%; height: 50px;\">Viquip\u00e8dia<\/td>\n<td style=\"width: 7.03929%; height: 50px;\"><a href=\"https:\/\/es.wikipedia.org\/wiki\/Wikipedia:Portada\">Enlla\u00e7<\/a><\/td>\n<\/tr>\n<tr style=\"height: 48px;\">\n<td style=\"width: 6.21792%; height: 48px;\">DIEC<\/td>\n<td style=\"width: 7.03929%; height: 48px;\"><a href=\"https:\/\/dlc.iec.cat\">Enlla\u00e7<\/a><\/td>\n<\/tr>\n<tr style=\"height: 46px;\">\n<td style=\"width: 6.21792%; height: 46px;\">RAE<\/td>\n<td style=\"width: 7.03929%; height: 46px;\"><a href=\"https:\/\/www.rae.es\">Enlla\u00e7<\/a><\/td>\n<\/tr>\n<tr style=\"height: 48px;\">\n<td style=\"width: 6.21792%; height: 48px;\">Enciclop\u00e8dia catalana<\/td>\n<td style=\"width: 7.03929%; height: 48px;\"><a href=\"https:\/\/www.enciclopedia.cat\">Enlla\u00e7<\/a><\/td>\n<\/tr>\n<tr style=\"height: 46px;\">\n<td style=\"width: 6.21792%; height: 46px;\">Google traductor<\/td>\n<td style=\"width: 7.03929%; height: 46px;\"><a href=\"https:\/\/translate.google.com\/?hl=es&amp;sl=es&amp;tl=ro&amp;op=translate\">Enlla\u00e7<\/a><\/td>\n<\/tr>\n<\/tbody>\n<\/table>\n","protected":false},"excerpt":{"rendered":"<p>Nom del recurs Enlla\u00e7 del recurs Freeimages Enlla\u00e7 Pixabay Enlla\u00e7 Viquip\u00e8dia Enlla\u00e7 DIEC Enlla\u00e7 RAE Enlla\u00e7 Enciclop\u00e8dia catalana Enlla\u00e7 Google traductor Enlla\u00e7<\/p>\n","protected":false},"author":1,"featured_media":0,"parent":2949,"menu_order":0,"comment_status":"closed","ping_status":"closed","template":"page-templates\/side-menu.php","meta":{"_bbp_topic_count":0,"_bbp_reply_count":0,"_bbp_total_topic_count":0,"_bbp_total_reply_count":0,"_bbp_voice_count":0,"_bbp_anonymous_reply_count":0,"_bbp_topic_count_hidden":0,"_bbp_reply_count_hidden":0,"_bbp_forum_subforum_count":0,"site-sidebar-layout":"default","site-content-layout":"","ast-site-content-layout":"","site-content-style":"default","site-sidebar-style":"default","ast-global-header-display":"","ast-banner-title-visibility":"","ast-main-header-display":"","ast-hfb-above-header-display":"","ast-hfb-below-header-display":"","ast-hfb-mobile-header-display":"","site-post-title":"","ast-breadcrumbs-content":"","ast-featured-img":"","footer-sml-layout":"","theme-transparent-header-meta":"","adv-header-id-meta":"","stick-header-meta":"","header-above-stick-meta":"","header-main-stick-meta":"","header-below-stick-meta":"","astra-migrate-meta-layouts":"default","ast-page-background-enabled":"default","ast-page-background-meta":{"desktop":{"background-color":"var(--ast-global-color-4)","background-image":"","background-repeat":"repeat","background-position":"center center","background-size":"auto","background-attachment":"scroll","background-type":"","background-media":"","overlay-type":"","overlay-color":"","overlay-opacity":"","overlay-gradient":""},"tablet":{"background-color":"","background-image":"","background-repeat":"repeat","background-position":"center center","background-size":"auto","background-attachment":"scroll","background-type":"","background-media":"","overlay-type":"","overlay-color":"","overlay-opacity":"","overlay-gradient":""},"mobile":{"background-color":"","background-image":"","background-repeat":"repeat","background-position":"center center","background-size":"auto","background-attachment":"scroll","background-type":"","background-media":"","overlay-type":"","overlay-color":"","overlay-opacity":"","overlay-gradient":""}},"ast-content-background-meta":{"desktop":{"background-color":"var(--ast-global-color-5)","background-image":"","background-repeat":"repeat","background-position":"center center","background-size":"auto","background-attachment":"scroll","background-type":"","background-media":"","overlay-type":"","overlay-color":"","overlay-opacity":"","overlay-gradient":""},"tablet":{"background-color":"var(--ast-global-color-5)","background-image":"","background-repeat":"repeat","background-position":"center center","background-size":"auto","background-attachment":"scroll","background-type":"","background-media":"","overlay-type":"","overlay-color":"","overlay-opacity":"","overlay-gradient":""},"mobile":{"background-color":"var(--ast-global-color-5)","background-image":"","background-repeat":"repeat","background-position":"center center","background-size":"auto","background-attachment":"scroll","background-type":"","background-media":"","overlay-type":"","overlay-color":"","overlay-opacity":"","overlay-gradient":""}},"footnotes":""},"class_list":["post-3931","page","type-page","status-publish","hentry"],"post_mailing_queue_ids":[],"_links":{"self":[{"href":"https:\/\/agora.xtec.cat\/cfaarturmartorell\/wp-json\/wp\/v2\/pages\/3931","targetHints":{"allow":["GET"]}}],"collection":[{"href":"https:\/\/agora.xtec.cat\/cfaarturmartorell\/wp-json\/wp\/v2\/pages"}],"about":[{"href":"https:\/\/agora.xtec.cat\/cfaarturmartorell\/wp-json\/wp\/v2\/types\/page"}],"author":[{"embeddable":true,"href":"https:\/\/agora.xtec.cat\/cfaarturmartorell\/wp-json\/wp\/v2\/users\/1"}],"replies":[{"embeddable":true,"href":"https:\/\/agora.xtec.cat\/cfaarturmartorell\/wp-json\/wp\/v2\/comments?post=3931"}],"version-history":[{"count":4,"href":"https:\/\/agora.xtec.cat\/cfaarturmartorell\/wp-json\/wp\/v2\/pages\/3931\/revisions"}],"predecessor-version":[{"id":3948,"href":"https:\/\/agora.xtec.cat\/cfaarturmartorell\/wp-json\/wp\/v2\/pages\/3931\/revisions\/3948"}],"up":[{"embeddable":true,"href":"https:\/\/agora.xtec.cat\/cfaarturmartorell\/wp-json\/wp\/v2\/pages\/2949"}],"wp:attachment":[{"href":"https:\/\/agora.xtec.cat\/cfaarturmartorell\/wp-json\/wp\/v2\/media?parent=3931"}],"curies":[{"name":"wp","href":"https:\/\/api.w.org\/{rel}","templated":true}]}}