{"id":2111,"date":"2022-07-04T14:05:41","date_gmt":"2022-07-04T12:05:41","guid":{"rendered":"https:\/\/agora.xtec.cat\/cfaarturmartorell\/?page_id=2111"},"modified":"2024-09-20T11:20:35","modified_gmt":"2024-09-20T09:20:35","slug":"documents-descola","status":"publish","type":"page","link":"https:\/\/agora.xtec.cat\/cfaarturmartorell\/el-centre\/documents-descola\/","title":{"rendered":"Documents d&#8217;escola"},"content":{"rendered":"<p><strong>El projecte educatiu de centre<\/strong> (PEC) \u00e9s el document que defineix com funciona el nostre centre educatiu. Inclou els principis rectors que el diferencien d\u2019altres centres, adaptat a la realitat de l\u2019entorn del nostre alumnat i d\u2019acord amb les conviccions pedag\u00f2giques dels docents; explicita les l\u00ednies d\u2019atenci\u00f3 a la diversitat i els objectius a mig termini; a m\u00e9s, desglossa les l\u00ednies mestres d\u2019organitzaci\u00f3, que es concretaran al projecte curricular. Podeu consultar-lo fent clic al seg\u00fcent bot\u00f3:<\/p>\n<p><a href=\"https:\/\/agora.xtec.cat\/cfaarturmartorell\/wp-content\/uploads\/usu395\/2022\/12\/PEC-4.pdf\"><img loading=\"lazy\" decoding=\"async\" class=\" wp-image-2990 aligncenter\" src=\"https:\/\/agora.xtec.cat\/cfaarturmartorell\/wp-content\/uploads\/usu395\/2023\/03\/imatge_2023-03-24_190049288.png\" alt=\"\" width=\"413\" height=\"84\" srcset=\"https:\/\/agora.xtec.cat\/cfaarturmartorell\/wp-content\/uploads\/usu395\/2023\/03\/imatge_2023-03-24_190049288.png 787w, https:\/\/agora.xtec.cat\/cfaarturmartorell\/wp-content\/uploads\/usu395\/2023\/03\/imatge_2023-03-24_190049288-300x61.png 300w, https:\/\/agora.xtec.cat\/cfaarturmartorell\/wp-content\/uploads\/usu395\/2023\/03\/imatge_2023-03-24_190049288-768x156.png 768w\" sizes=\"auto, (max-width: 413px) 100vw, 413px\" \/><\/a><\/p>\n<p>&nbsp;<\/p>\n<p><span class=\"fontstyle0\"><strong>El projecte de direcci\u00f3<\/strong> \u00e9s un document essencial de l\u2019autonomia dels centres educatius perqu\u00e8 ordena el desplegament i l\u2019aplicaci\u00f3 del projecte educatiu per al per\u00edode de mandat de la direcci\u00f3 del centre, en concreta l\u2019estructura organitzativa i n\u2019inclou uns indicadors, derivats del que estableix el projecte educatiu del centre, que han de servir per avaluar l\u2019exercici de la direcci\u00f3<\/span>. Consulteu-lo aqu\u00ed:<\/p>\n<p><a href=\"https:\/\/agora.xtec.cat\/cfaarturmartorell\/wp-content\/uploads\/usu395\/2022\/11\/Projecte-de-direccio.pdf\"><img loading=\"lazy\" decoding=\"async\" class=\" wp-image-2992 aligncenter\" src=\"https:\/\/agora.xtec.cat\/cfaarturmartorell\/wp-content\/uploads\/usu395\/2023\/03\/imatge_2023-03-24_190159745.png\" alt=\"\" width=\"469\" height=\"78\" srcset=\"https:\/\/agora.xtec.cat\/cfaarturmartorell\/wp-content\/uploads\/usu395\/2023\/03\/imatge_2023-03-24_190159745.png 782w, https:\/\/agora.xtec.cat\/cfaarturmartorell\/wp-content\/uploads\/usu395\/2023\/03\/imatge_2023-03-24_190159745-300x50.png 300w, https:\/\/agora.xtec.cat\/cfaarturmartorell\/wp-content\/uploads\/usu395\/2023\/03\/imatge_2023-03-24_190159745-768x128.png 768w\" sizes=\"auto, (max-width: 469px) 100vw, 469px\" \/><\/a><\/p>\n<p>&nbsp;<\/p>\n<p><strong>Les Normes d\u2019Organitzaci\u00f3 i Funcionament del Centre<\/strong> (NOFC), que formen part del projecte educatiu, \u00e9s el document que recull els preceptes que regeixen la nostra organitzaci\u00f3 i les interrelacions de la vida escolar: explicita l\u2019estructura; defineix els vincles; recull les funcions, els drets i els deures dels diferents sectors que formen l\u2019escola; fixa els procediments; adapta la normativa general a la nostra realitat i estableix l\u2019espec\u00edfica per al nostre centre. Podeu consultar-lo fent clic al seg\u00fcent bot\u00f3:<\/p>\n<p><a href=\"https:\/\/agora.xtec.cat\/cfaarturmartorell\/wp-content\/uploads\/usu395\/2022\/12\/NOFC.pdf\"><img loading=\"lazy\" decoding=\"async\" class=\"wp-image-2993 aligncenter\" src=\"https:\/\/agora.xtec.cat\/cfaarturmartorell\/wp-content\/uploads\/usu395\/2023\/03\/imatge_2023-03-24_190247226.png\" alt=\"\" width=\"431\" height=\"105\" srcset=\"https:\/\/agora.xtec.cat\/cfaarturmartorell\/wp-content\/uploads\/usu395\/2023\/03\/imatge_2023-03-24_190247226.png 785w, https:\/\/agora.xtec.cat\/cfaarturmartorell\/wp-content\/uploads\/usu395\/2023\/03\/imatge_2023-03-24_190247226-300x73.png 300w, https:\/\/agora.xtec.cat\/cfaarturmartorell\/wp-content\/uploads\/usu395\/2023\/03\/imatge_2023-03-24_190247226-768x187.png 768w\" sizes=\"auto, (max-width: 431px) 100vw, 431px\" \/><\/a><\/p>\n<p>&nbsp;<\/p>\n<p>&nbsp;<\/p>\n<p><strong>La Programaci\u00f3 General Anual de Centre<\/strong> (PGAC) \u00e9s el document que <span class=\"fontstyle0\">recull la concreci\u00f3 de les prioritats, de les activitats i del funcionament del centre per al curs escolar corresponent, i dels diferents \u00e0mbits de l\u2019autonomia del centre, d\u2019acord amb el projecte educatiu i d\u2019acord amb el projecte de direcci\u00f3 vigent. Tot seguit la teniu disponible.<\/span><\/p>\n<p><a href=\"https:\/\/agora.xtec.cat\/cfaarturmartorell\/wp-content\/uploads\/usu395\/2023\/09\/PGAC.pdf\"><img loading=\"lazy\" decoding=\"async\" class=\"wp-image-2995 aligncenter\" src=\"https:\/\/agora.xtec.cat\/cfaarturmartorell\/wp-content\/uploads\/usu395\/2023\/03\/pgac-1024x207.png\" alt=\"\" width=\"424\" height=\"86\" srcset=\"https:\/\/agora.xtec.cat\/cfaarturmartorell\/wp-content\/uploads\/usu395\/2023\/03\/pgac-1024x207.png 1024w, https:\/\/agora.xtec.cat\/cfaarturmartorell\/wp-content\/uploads\/usu395\/2023\/03\/pgac-300x61.png 300w, https:\/\/agora.xtec.cat\/cfaarturmartorell\/wp-content\/uploads\/usu395\/2023\/03\/pgac-768x155.png 768w, https:\/\/agora.xtec.cat\/cfaarturmartorell\/wp-content\/uploads\/usu395\/2023\/03\/pgac.png 1067w\" sizes=\"auto, (max-width: 424px) 100vw, 424px\" \/><\/a><\/p>\n<p>&nbsp;<\/p>\n<p><strong>L&#8217;estrat\u00e8gia digital de centre<\/strong> (EDC) defineix i concreta les l\u00ednies d&#8217;actuaci\u00f3 d&#8217;un centre que fan possible que docents, alumnat i centre assoleixin la compet\u00e8ncia digital. Tot seguit la podeu consultar.<\/p>\n<p><a href=\"https:\/\/agora.xtec.cat\/cfaarturmartorell\/wp-content\/uploads\/usu395\/2023\/06\/Document-Estrategia-digital-de-centre-EDC.docx.pdf\"><img loading=\"lazy\" decoding=\"async\" class=\"wp-image-2996 aligncenter\" src=\"https:\/\/agora.xtec.cat\/cfaarturmartorell\/wp-content\/uploads\/usu395\/2023\/03\/digital-1024x209.png\" alt=\"\" width=\"407\" height=\"83\" srcset=\"https:\/\/agora.xtec.cat\/cfaarturmartorell\/wp-content\/uploads\/usu395\/2023\/03\/digital-1024x209.png 1024w, https:\/\/agora.xtec.cat\/cfaarturmartorell\/wp-content\/uploads\/usu395\/2023\/03\/digital-300x61.png 300w, https:\/\/agora.xtec.cat\/cfaarturmartorell\/wp-content\/uploads\/usu395\/2023\/03\/digital-768x157.png 768w, https:\/\/agora.xtec.cat\/cfaarturmartorell\/wp-content\/uploads\/usu395\/2023\/03\/digital.png 1071w\" sizes=\"auto, (max-width: 407px) 100vw, 407px\" \/><\/a><\/p>\n<p>&nbsp;<\/p>\n<p><strong>El Projecte de Conviv\u00e8ncia<\/strong> \u00e9s l\u2019instrument on es reflecteixen les accions que el centre docent desenvolupa per capacitar tot l\u2019alumnat i la resta de la comunitat educativa per a la conviv\u00e8ncia i la gesti\u00f3 positiva dels conflictes. Ha de desenvolupar l<span class=\"fontstyle0\">es mesures de promoci\u00f3 de la conviv\u00e8ncia, els mecanismes i f\u00f3rmules per a la resoluci\u00f3 pac\u00edfica dels conflictes, aix\u00ed com els processos i mesures d\u2019intervenci\u00f3 educativa aplicables en el cas d\u2019incompliment de les NOFC i de la normativa vigent. Feu clic i consulteu-lo.<\/span><\/p>\n<p><a href=\"https:\/\/agora.xtec.cat\/cfaarturmartorell\/wp-content\/uploads\/usu395\/2022\/11\/Projecte-de-convivencia_compressed-2.pdf\"><img loading=\"lazy\" decoding=\"async\" class=\"wp-image-2997 aligncenter\" src=\"https:\/\/agora.xtec.cat\/cfaarturmartorell\/wp-content\/uploads\/usu395\/2023\/03\/convivencia-1024x213.png\" alt=\"\" width=\"427\" height=\"89\" srcset=\"https:\/\/agora.xtec.cat\/cfaarturmartorell\/wp-content\/uploads\/usu395\/2023\/03\/convivencia-1024x213.png 1024w, https:\/\/agora.xtec.cat\/cfaarturmartorell\/wp-content\/uploads\/usu395\/2023\/03\/convivencia-300x63.png 300w, https:\/\/agora.xtec.cat\/cfaarturmartorell\/wp-content\/uploads\/usu395\/2023\/03\/convivencia-768x160.png 768w, https:\/\/agora.xtec.cat\/cfaarturmartorell\/wp-content\/uploads\/usu395\/2023\/03\/convivencia.png 1065w\" sizes=\"auto, (max-width: 427px) 100vw, 427px\" \/><\/a><\/p>\n<p>&nbsp;<\/p>\n<p><strong>El Projecte Ling\u00fc\u00edstic<\/strong> del centre (PLC) \u00e9s el document que inclou el proc\u00e9s de reflexi\u00f3 i l\u2019experi\u00e8ncia del tractament de les lleng\u00fces al centre educatiu. Forma part del Projecte Educatiu del Centre (PEC) i ha de definir-se en aquests termes: el paper de la llengua vehicular, el tractament de les lleng\u00fces curriculars, i els aspectes d\u2019organitzaci\u00f3 i de gesti\u00f3 que tinguin repercussions ling\u00fc\u00edstiques. \u00c9s, doncs, un text de refer\u00e8ncia per a l\u2019\u00fas de les lleng\u00fces. Aqu\u00ed el teniu.<\/p>\n<p><a href=\"https:\/\/agora.xtec.cat\/cfaarturmartorell\/wp-content\/uploads\/usu395\/2024\/09\/20-09-24-Projecte-linguistic.pdf\"><img loading=\"lazy\" decoding=\"async\" class=\"wp-image-2998 aligncenter\" src=\"https:\/\/agora.xtec.cat\/cfaarturmartorell\/wp-content\/uploads\/usu395\/2023\/03\/ling.-1024x214.png\" alt=\"\" width=\"410\" height=\"86\" srcset=\"https:\/\/agora.xtec.cat\/cfaarturmartorell\/wp-content\/uploads\/usu395\/2023\/03\/ling.-1024x214.png 1024w, https:\/\/agora.xtec.cat\/cfaarturmartorell\/wp-content\/uploads\/usu395\/2023\/03\/ling.-300x63.png 300w, https:\/\/agora.xtec.cat\/cfaarturmartorell\/wp-content\/uploads\/usu395\/2023\/03\/ling.-768x161.png 768w, https:\/\/agora.xtec.cat\/cfaarturmartorell\/wp-content\/uploads\/usu395\/2023\/03\/ling..png 1065w\" sizes=\"auto, (max-width: 410px) 100vw, 410px\" \/><\/a><\/p>\n","protected":false},"excerpt":{"rendered":"<p>El projecte educatiu de centre (PEC) \u00e9s el document que defineix com funciona el nostre centre educatiu. Inclou els principis rectors que el diferencien d\u2019altres centres, adaptat a la realitat de l\u2019entorn del nostre alumnat i d\u2019acord amb les conviccions pedag\u00f2giques dels docents; explicita les l\u00ednies d\u2019atenci\u00f3 a la diversitat i els objectius a mig [&hellip;]<\/p>\n","protected":false},"author":1,"featured_media":0,"parent":261,"menu_order":0,"comment_status":"closed","ping_status":"closed","template":"page-templates\/side-menu.php","meta":{"_bbp_topic_count":0,"_bbp_reply_count":0,"_bbp_total_topic_count":0,"_bbp_total_reply_count":0,"_bbp_voice_count":0,"_bbp_anonymous_reply_count":0,"_bbp_topic_count_hidden":0,"_bbp_reply_count_hidden":0,"_bbp_forum_subforum_count":0,"site-sidebar-layout":"default","site-content-layout":"","ast-site-content-layout":"","site-content-style":"default","site-sidebar-style":"default","ast-global-header-display":"","ast-banner-title-visibility":"","ast-main-header-display":"","ast-hfb-above-header-display":"","ast-hfb-below-header-display":"","ast-hfb-mobile-header-display":"","site-post-title":"","ast-breadcrumbs-content":"","ast-featured-img":"","footer-sml-layout":"","theme-transparent-header-meta":"","adv-header-id-meta":"","stick-header-meta":"","header-above-stick-meta":"","header-main-stick-meta":"","header-below-stick-meta":"","astra-migrate-meta-layouts":"default","ast-page-background-enabled":"default","ast-page-background-meta":{"desktop":{"background-color":"var(--ast-global-color-4)","background-image":"","background-repeat":"repeat","background-position":"center center","background-size":"auto","background-attachment":"scroll","background-type":"","background-media":"","overlay-type":"","overlay-color":"","overlay-opacity":"","overlay-gradient":""},"tablet":{"background-color":"","background-image":"","background-repeat":"repeat","background-position":"center center","background-size":"auto","background-attachment":"scroll","background-type":"","background-media":"","overlay-type":"","overlay-color":"","overlay-opacity":"","overlay-gradient":""},"mobile":{"background-color":"","background-image":"","background-repeat":"repeat","background-position":"center center","background-size":"auto","background-attachment":"scroll","background-type":"","background-media":"","overlay-type":"","overlay-color":"","overlay-opacity":"","overlay-gradient":""}},"ast-content-background-meta":{"desktop":{"background-color":"var(--ast-global-color-5)","background-image":"","background-repeat":"repeat","background-position":"center center","background-size":"auto","background-attachment":"scroll","background-type":"","background-media":"","overlay-type":"","overlay-color":"","overlay-opacity":"","overlay-gradient":""},"tablet":{"background-color":"var(--ast-global-color-5)","background-image":"","background-repeat":"repeat","background-position":"center center","background-size":"auto","background-attachment":"scroll","background-type":"","background-media":"","overlay-type":"","overlay-color":"","overlay-opacity":"","overlay-gradient":""},"mobile":{"background-color":"var(--ast-global-color-5)","background-image":"","background-repeat":"repeat","background-position":"center center","background-size":"auto","background-attachment":"scroll","background-type":"","background-media":"","overlay-type":"","overlay-color":"","overlay-opacity":"","overlay-gradient":""}},"footnotes":""},"class_list":["post-2111","page","type-page","status-publish","hentry"],"post_mailing_queue_ids":[],"_links":{"self":[{"href":"https:\/\/agora.xtec.cat\/cfaarturmartorell\/wp-json\/wp\/v2\/pages\/2111","targetHints":{"allow":["GET"]}}],"collection":[{"href":"https:\/\/agora.xtec.cat\/cfaarturmartorell\/wp-json\/wp\/v2\/pages"}],"about":[{"href":"https:\/\/agora.xtec.cat\/cfaarturmartorell\/wp-json\/wp\/v2\/types\/page"}],"author":[{"embeddable":true,"href":"https:\/\/agora.xtec.cat\/cfaarturmartorell\/wp-json\/wp\/v2\/users\/1"}],"replies":[{"embeddable":true,"href":"https:\/\/agora.xtec.cat\/cfaarturmartorell\/wp-json\/wp\/v2\/comments?post=2111"}],"version-history":[{"count":5,"href":"https:\/\/agora.xtec.cat\/cfaarturmartorell\/wp-json\/wp\/v2\/pages\/2111\/revisions"}],"predecessor-version":[{"id":2114,"href":"https:\/\/agora.xtec.cat\/cfaarturmartorell\/wp-json\/wp\/v2\/pages\/2111\/revisions\/2114"}],"up":[{"embeddable":true,"href":"https:\/\/agora.xtec.cat\/cfaarturmartorell\/wp-json\/wp\/v2\/pages\/261"}],"wp:attachment":[{"href":"https:\/\/agora.xtec.cat\/cfaarturmartorell\/wp-json\/wp\/v2\/media?parent=2111"}],"curies":[{"name":"wp","href":"https:\/\/api.w.org\/{rel}","templated":true}]}}