{"id":2031,"date":"2022-06-29T11:40:25","date_gmt":"2022-06-29T09:40:25","guid":{"rendered":"https:\/\/agora.xtec.cat\/cfaarturmartorell\/?page_id=2031"},"modified":"2025-04-09T14:43:58","modified_gmt":"2025-04-09T12:43:58","slug":"projecte-forca","status":"publish","type":"page","link":"https:\/\/agora.xtec.cat\/cfaarturmartorell\/projecte-forca\/","title":{"rendered":"COCOBE"},"content":{"rendered":"<p>La comissi\u00f3 est\u00e0 formada per professorat amb \u00e0nim de promoure i visibilitzar el paper de la dona en el m\u00f3n actual i coeducar en valors.<\/p>\n<p>L&#8217;alumnat de l&#8217;escola \u00e9s mixt pel que considerem molt important transformar la nostra mirada conjuntament per entendre que el feminisme \u00e9s una lluita de tothom.<\/p>\n<p>Tenint en compte el medi en el que ens trobem creiem que \u00e9s\u00a0 rellevant treballar la coeducaci\u00f3 transversalment i des de la comissi\u00f3 aportem al projecte d\u2019escola altres activitats complement\u00e0ries m\u00e9s l\u00fadiques. Durant el curs hem programat una s\u00e8rie d\u2019activitats de les que hem dut a terme el primer trimestre una exposici\u00f3 relativa al temps de dedicaci\u00f3 de la dona a la llar i m\u00f3n laboral.<\/p>\n<p>A m\u00e9s s\u00b4ha habilitat un rac\u00f3 com\u00fa a l\u2019escola on es difon informaci\u00f3 relativa al projecte a tota la comunitat d\u2019aprenentatge. Tot seguit en podeu trobar una mostra.<\/p>\n<p><a href=\"https:\/\/agora.xtec.cat\/cfaarturmartorell\/wp-content\/uploads\/usu395\/2025\/04\/mafalda-respeto-miguelito.jpg\"><img loading=\"lazy\" decoding=\"async\" class=\"wp-image-4260 aligncenter\" src=\"https:\/\/agora.xtec.cat\/cfaarturmartorell\/wp-content\/uploads\/usu395\/2025\/04\/mafalda-respeto-miguelito.jpg\" alt=\"\" width=\"503\" height=\"418\" srcset=\"https:\/\/agora.xtec.cat\/cfaarturmartorell\/wp-content\/uploads\/usu395\/2025\/04\/mafalda-respeto-miguelito.jpg 735w, https:\/\/agora.xtec.cat\/cfaarturmartorell\/wp-content\/uploads\/usu395\/2025\/04\/mafalda-respeto-miguelito-300x250.jpg 300w\" sizes=\"auto, (max-width: 503px) 100vw, 503px\" \/><\/a><\/p>\n<p><a href=\"https:\/\/agora.xtec.cat\/cfaarturmartorell\/wp-content\/uploads\/usu395\/2025\/04\/negro-en-el-pais-de-los-blancos.jpg\"><img loading=\"lazy\" decoding=\"async\" class=\" wp-image-4261 aligncenter\" src=\"https:\/\/agora.xtec.cat\/cfaarturmartorell\/wp-content\/uploads\/usu395\/2025\/04\/negro-en-el-pais-de-los-blancos.jpg\" alt=\"\" width=\"226\" height=\"300\" \/><\/a><\/p>\n<p><a href=\"https:\/\/agora.xtec.cat\/cfaarturmartorell\/wp-content\/uploads\/usu395\/2025\/04\/todos-los-colores-pintan-mejor.jpg\"><img loading=\"lazy\" decoding=\"async\" class=\"wp-image-4262 aligncenter\" src=\"https:\/\/agora.xtec.cat\/cfaarturmartorell\/wp-content\/uploads\/usu395\/2025\/04\/todos-los-colores-pintan-mejor.jpg\" alt=\"\" width=\"476\" height=\"476\" srcset=\"https:\/\/agora.xtec.cat\/cfaarturmartorell\/wp-content\/uploads\/usu395\/2025\/04\/todos-los-colores-pintan-mejor.jpg 800w, https:\/\/agora.xtec.cat\/cfaarturmartorell\/wp-content\/uploads\/usu395\/2025\/04\/todos-los-colores-pintan-mejor-300x300.jpg 300w, https:\/\/agora.xtec.cat\/cfaarturmartorell\/wp-content\/uploads\/usu395\/2025\/04\/todos-los-colores-pintan-mejor-150x150.jpg 150w, https:\/\/agora.xtec.cat\/cfaarturmartorell\/wp-content\/uploads\/usu395\/2025\/04\/todos-los-colores-pintan-mejor-768x768.jpg 768w\" sizes=\"auto, (max-width: 476px) 100vw, 476px\" \/><\/a><\/p>\n<p><a href=\"https:\/\/agora.xtec.cat\/cfaarturmartorell\/wp-content\/uploads\/usu395\/2025\/04\/dia-internacional-de-les-dones-cartell-.jpg\"><img loading=\"lazy\" decoding=\"async\" class=\"size-full wp-image-4263 aligncenter\" src=\"https:\/\/agora.xtec.cat\/cfaarturmartorell\/wp-content\/uploads\/usu395\/2025\/04\/dia-internacional-de-les-dones-cartell-.jpg\" alt=\"\" width=\"777\" height=\"408\" srcset=\"https:\/\/agora.xtec.cat\/cfaarturmartorell\/wp-content\/uploads\/usu395\/2025\/04\/dia-internacional-de-les-dones-cartell-.jpg 777w, https:\/\/agora.xtec.cat\/cfaarturmartorell\/wp-content\/uploads\/usu395\/2025\/04\/dia-internacional-de-les-dones-cartell--300x158.jpg 300w, https:\/\/agora.xtec.cat\/cfaarturmartorell\/wp-content\/uploads\/usu395\/2025\/04\/dia-internacional-de-les-dones-cartell--768x403.jpg 768w\" sizes=\"auto, (max-width: 777px) 100vw, 777px\" \/><\/a><\/p>\n","protected":false},"excerpt":{"rendered":"<p>La comissi\u00f3 est\u00e0 formada per professorat amb \u00e0nim de promoure i visibilitzar el paper de la dona en el m\u00f3n actual i coeducar en valors. L&#8217;alumnat de l&#8217;escola \u00e9s mixt pel que considerem molt important transformar la nostra mirada conjuntament per entendre que el feminisme \u00e9s una lluita de tothom. Tenint en compte el medi [&hellip;]<\/p>\n","protected":false},"author":1,"featured_media":0,"parent":0,"menu_order":0,"comment_status":"closed","ping_status":"closed","template":"","meta":{"_bbp_topic_count":0,"_bbp_reply_count":0,"_bbp_total_topic_count":0,"_bbp_total_reply_count":0,"_bbp_voice_count":0,"_bbp_anonymous_reply_count":0,"_bbp_topic_count_hidden":0,"_bbp_reply_count_hidden":0,"_bbp_forum_subforum_count":0,"site-sidebar-layout":"default","site-content-layout":"","ast-site-content-layout":"","site-content-style":"default","site-sidebar-style":"default","ast-global-header-display":"","ast-banner-title-visibility":"","ast-main-header-display":"","ast-hfb-above-header-display":"","ast-hfb-below-header-display":"","ast-hfb-mobile-header-display":"","site-post-title":"","ast-breadcrumbs-content":"","ast-featured-img":"","footer-sml-layout":"","theme-transparent-header-meta":"","adv-header-id-meta":"","stick-header-meta":"","header-above-stick-meta":"","header-main-stick-meta":"","header-below-stick-meta":"","astra-migrate-meta-layouts":"default","ast-page-background-enabled":"default","ast-page-background-meta":{"desktop":{"background-color":"var(--ast-global-color-4)","background-image":"","background-repeat":"repeat","background-position":"center center","background-size":"auto","background-attachment":"scroll","background-type":"","background-media":"","overlay-type":"","overlay-color":"","overlay-opacity":"","overlay-gradient":""},"tablet":{"background-color":"","background-image":"","background-repeat":"repeat","background-position":"center center","background-size":"auto","background-attachment":"scroll","background-type":"","background-media":"","overlay-type":"","overlay-color":"","overlay-opacity":"","overlay-gradient":""},"mobile":{"background-color":"","background-image":"","background-repeat":"repeat","background-position":"center center","background-size":"auto","background-attachment":"scroll","background-type":"","background-media":"","overlay-type":"","overlay-color":"","overlay-opacity":"","overlay-gradient":""}},"ast-content-background-meta":{"desktop":{"background-color":"var(--ast-global-color-5)","background-image":"","background-repeat":"repeat","background-position":"center center","background-size":"auto","background-attachment":"scroll","background-type":"","background-media":"","overlay-type":"","overlay-color":"","overlay-opacity":"","overlay-gradient":""},"tablet":{"background-color":"var(--ast-global-color-5)","background-image":"","background-repeat":"repeat","background-position":"center center","background-size":"auto","background-attachment":"scroll","background-type":"","background-media":"","overlay-type":"","overlay-color":"","overlay-opacity":"","overlay-gradient":""},"mobile":{"background-color":"var(--ast-global-color-5)","background-image":"","background-repeat":"repeat","background-position":"center center","background-size":"auto","background-attachment":"scroll","background-type":"","background-media":"","overlay-type":"","overlay-color":"","overlay-opacity":"","overlay-gradient":""}},"footnotes":""},"class_list":["post-2031","page","type-page","status-publish","hentry"],"post_mailing_queue_ids":[],"_links":{"self":[{"href":"https:\/\/agora.xtec.cat\/cfaarturmartorell\/wp-json\/wp\/v2\/pages\/2031","targetHints":{"allow":["GET"]}}],"collection":[{"href":"https:\/\/agora.xtec.cat\/cfaarturmartorell\/wp-json\/wp\/v2\/pages"}],"about":[{"href":"https:\/\/agora.xtec.cat\/cfaarturmartorell\/wp-json\/wp\/v2\/types\/page"}],"author":[{"embeddable":true,"href":"https:\/\/agora.xtec.cat\/cfaarturmartorell\/wp-json\/wp\/v2\/users\/1"}],"replies":[{"embeddable":true,"href":"https:\/\/agora.xtec.cat\/cfaarturmartorell\/wp-json\/wp\/v2\/comments?post=2031"}],"version-history":[{"count":6,"href":"https:\/\/agora.xtec.cat\/cfaarturmartorell\/wp-json\/wp\/v2\/pages\/2031\/revisions"}],"predecessor-version":[{"id":4265,"href":"https:\/\/agora.xtec.cat\/cfaarturmartorell\/wp-json\/wp\/v2\/pages\/2031\/revisions\/4265"}],"wp:attachment":[{"href":"https:\/\/agora.xtec.cat\/cfaarturmartorell\/wp-json\/wp\/v2\/media?parent=2031"}],"curies":[{"name":"wp","href":"https:\/\/api.w.org\/{rel}","templated":true}]}}