{"id":322,"date":"2015-01-28T11:36:17","date_gmt":"2015-01-28T10:36:17","guid":{"rendered":"http:\/\/agora.xtec.cat\/cfaannamuria\/?page_id=322"},"modified":"2026-06-25T11:21:29","modified_gmt":"2026-06-25T09:21:29","slug":"a-la-universitat-per-a-majors-de-25-anys","status":"publish","type":"page","link":"https:\/\/agora.xtec.cat\/cfaannamuria\/ensenyaments\/ensenyaments-per-a-la-preparacio-de-proves-dacces\/a-la-universitat-per-a-majors-de-25-anys\/","title":{"rendered":"Proves d&#8217;acc\u00e9s a la universitat per a majors de 25\/45 anys"},"content":{"rendered":"<p><strong>Descripci\u00f3<\/strong><\/p>\n<ul>\n<li>Una de les vies per a accedir a la Universitat s\u00f3n les proves d&#8217;acc\u00e9s per a m\u00e9s grans de 25 o 45 anys.<\/li>\n<li>L\u2019assist\u00e8ncia als curs de preparaci\u00f3 \u00e9s important per assegurar els coneixements necessaris per a la superaci\u00f3 de la prova.<\/li>\n<\/ul>\n<p><strong>Requisits<\/strong><\/p>\n<ul>\n<li><span style=\"font-weight: 400;\">Per a presentar-se a la prova d&#8217;acc\u00e9s a la universitat per a m\u00e9s grans de 25 anys cal complir els requisits seg\u00fcents:<\/span>\n<ul>\n<li style=\"font-weight: 400;\" aria-level=\"1\"><span style=\"font-weight: 400;\">Tenir 25 anys en l&#8217;any natural en qu\u00e8 es du a terme la prova.<\/span><\/li>\n<li style=\"font-weight: 400;\" aria-level=\"1\"><span style=\"font-weight: 400;\">No tenir superada la PAU (o equivalent).<\/span><\/li>\n<li style=\"font-weight: 400;\" aria-level=\"1\"><span style=\"font-weight: 400;\">No estar en possessi\u00f3 d&#8217;un t\u00edtol de t\u00e8cnic superior de formaci\u00f3 professional, d&#8217;arts pl\u00e0stiques i disseny, o d&#8217;esports (o equivalent).<\/span><\/li>\n<li style=\"font-weight: 400;\" aria-level=\"1\"><span style=\"font-weight: 400;\">No tenir cap titulaci\u00f3 universit\u00e0ria.<\/span><\/li>\n<li style=\"font-weight: 400;\" aria-level=\"1\"><span style=\"font-weight: 400;\">No tenir cap altra titulaci\u00f3 o qualsevol altre requisit general per accedir a la universitat.<\/span><\/li>\n<\/ul>\n<\/li>\n<\/ul>\n<p><strong>Continguts del curs<\/strong><\/p>\n<p>El curs t\u00e9 dues parts: la part comuna i la part espec\u00edfica. S\u2019han de cursar totes dues obligat\u00f2riament.<\/p>\n<ul>\n<li><em><strong>Part comuna<\/strong><\/em>\n<ul>\n<li>Llengua catalana<\/li>\n<li>Llengua castellana<\/li>\n<li>Llengua anglesa<\/li>\n<li>Comentari de text<\/li>\n<\/ul>\n<\/li>\n<li><em><strong>Part espec\u00edfica<\/strong><\/em>\n<ul>\n<li>Cal triar dues mat\u00e8ries en funci\u00f3 del grau superior que es vulgui cursar en el futur.<\/li>\n<li>A CFA Anna Muri\u00e0 ofertem algunes assignatures espec\u00edfiques; les que no oferim s&#8217;hauran de preparar externament.<\/li>\n<\/ul>\n<\/li>\n<\/ul>\n<table style=\"border-style: solid;\" border=\"1\">\n<tbody>\n<tr>\n<td style=\"text-align: center;\"><span style=\"font-weight: 400;\"><b>Arts i humanitats<\/b><\/span><\/td>\n<td style=\"text-align: center;\"><span style=\"font-weight: 400;\"><b>Ci\u00e8ncies \/ Ci\u00e8ncies de la Salut<\/b><\/span><\/td>\n<td style=\"text-align: center;\"><span style=\"font-weight: 400;\"><b>Ci\u00e8ncies socials i jur\u00eddiques<\/b><\/span><\/td>\n<td style=\"text-align: center;\"><span style=\"font-weight: 400;\"><b>Enginyeria i arquitectura<\/b><\/span><\/td>\n<\/tr>\n<tr>\n<td style=\"text-align: center;\"><span style=\"font-weight: 400;\">Geografia<\/span><span style=\"font-weight: 400;\">Hist\u00f2ria contempor\u00e0nia<\/span><\/p>\n<p><span style=\"font-weight: 400;\">Hist\u00f2ria de l\u2019art<\/span><\/td>\n<td style=\"text-align: center;\"><span style=\"font-weight: 400;\">Biologia<\/span><span style=\"font-weight: 400;\">F\u00edsica (no oferta)<\/span><\/p>\n<p><span style=\"font-weight: 400;\">Matem\u00e0tiques (nom\u00e9s matins)<\/span><\/p>\n<p><span style=\"font-weight: 400;\">Qu\u00edmica<\/span><\/p>\n<p><span style=\"font-weight: 400;\">Estad\u00edstica<\/span><\/td>\n<td style=\"text-align: center;\"><span style=\"font-weight: 400;\">Geografia<\/span><span style=\"font-weight: 400;\">Hist\u00f2ria contempor\u00e0nia<\/span><\/p>\n<p style=\"text-align: center;\"><span style=\"font-weight: 400;\">Matem\u00e0tiques (nom\u00e9s matins)<\/span><\/p>\n<p><span style=\"font-weight: 400;\">Economia de l\u2019empresa<\/span><\/p>\n<p><span style=\"font-weight: 400;\">Estad\u00edstica<\/span><\/td>\n<td style=\"text-align: center;\"><span style=\"font-weight: 400;\">Matem\u00e0tiques (nom\u00e9s matins)<\/span><span style=\"font-weight: 400;\">F\u00edsica (no oferta<\/span><\/p>\n<p><span style=\"font-weight: 400;\">Qu\u00edmica<\/span><\/p>\n<p><span style=\"font-weight: 400;\">Economia de l\u2019empresa<\/span><\/td>\n<\/tr>\n<\/tbody>\n<\/table>\n<h6><sup><strong>L\u2019oferta concreta de mat\u00e8ries\u00a0 espec\u00edfiques est\u00e0 subjecta a un nombre m\u00ednim d\u2019alumnes matriculats.<\/strong><\/sup><\/h6>\n<p><strong>Organitzaci\u00f3<\/strong><\/p>\n<ul>\n<li>El Centre organitza els estudis en franja hor\u00e0ria de mat\u00ed (dilluns a divendres, de 8:30 a 13:00) i vespre (de dilluns a dijous, de 17:00 a 21:00, horaris variables segons el dia i les assignatures espec\u00edfiques).<\/li>\n<li>El curs es desenvolupar\u00e0 de mitjan setembre fins a la celebraci\u00f3 de les proves (habitualment a l&#8217;abril).<\/li>\n<li>Els materials per a fer el curs s\u00f3n d\u2019elaboraci\u00f3 pr\u00f2pia, aix\u00ed com les proves d\u2019avaluaci\u00f3.<\/li>\n<\/ul>\n<p><strong>Criteris d\u2019avaluaci\u00f3<\/strong><\/p>\n<ul>\n<li aria-level=\"1\">La formaci\u00f3 \u00e9s presencial i amb suport d\u2019eines d\u2019aprenentatge virtual com, per exemple, Google Classroom. Els dossiers de cada mat\u00e8ria els lliurar\u00e0 a l\u2019aula cada professor\/a.<\/li>\n<li aria-level=\"1\">Es far\u00e0 un simulacre de prova per avaluar l\u2019assoliment dels objectius.<\/li>\n<\/ul>\n<p>El dia de simulacre de les mat\u00e8ries de la fase general no es far\u00e0 classe de cap mat\u00e8ria.<\/p>\n<ul>\n<li aria-level=\"1\">L\u2019assist\u00e8ncia, la participaci\u00f3, el lliurament de tasques i l\u2019actitud a l\u2019aula conformen, juntament amb la nota del simulacre, l\u2019avaluaci\u00f3 final del curs.<\/li>\n<\/ul>\n<p><strong>Qualificaci\u00f3 de la prova d&#8217;acc\u00e9s<\/strong><\/p>\n<ul>\n<li style=\"font-weight: 400;\" aria-level=\"1\"><span style=\"font-weight: 400;\">Cadascun dels ex\u00e0mens es qualifica amb una puntuaci\u00f3 de 0 a 10 punts.<\/span><\/li>\n<li style=\"font-weight: 400;\" aria-level=\"1\"><span style=\"font-weight: 400;\">\u00c9s obligatori lliurar tots els ex\u00e0mens de la mateixa fase per tal d&#8217;obtenir la qualificaci\u00f3 corresponent.<\/span><\/li>\n<li style=\"font-weight: 400;\" aria-level=\"1\"><span style=\"font-weight: 400;\">La qualificaci\u00f3 de la fase general s&#8217;obt\u00e9 de la mitjana aritm\u00e8tica dels quatre ex\u00e0mens.<\/span><\/li>\n<li style=\"font-weight: 400;\" aria-level=\"1\"><span style=\"font-weight: 400;\">La qualificaci\u00f3 de la fase espec\u00edfica s&#8217;obt\u00e9 de la mitjana aritm\u00e8tica dels dos ex\u00e0mens.<\/span><\/li>\n<li style=\"font-weight: 400;\" aria-level=\"1\"><span style=\"font-weight: 400;\">La qualificaci\u00f3 final de la prova s&#8217;obt\u00e9 de la mitjana aritm\u00e8tica de la qualificaci\u00f3 obtinguda en cadascuna de les fases.<\/span><\/li>\n<li style=\"font-weight: 400;\" aria-level=\"1\"><span style=\"font-weight: 400;\">Nom\u00e9s es podr\u00e0 fer la mitjana quan la qualificaci\u00f3 de cadascuna de les dues fases sigui igual o superior a quatre punts.<\/span><\/li>\n<li style=\"font-weight: 400;\" aria-level=\"1\"><span style=\"font-weight: 400;\">Superes la prova d&#8217;acc\u00e9s quan obtens un m\u00ednim de cinc punts en la qualificaci\u00f3 final.<\/span><\/li>\n<li style=\"font-weight: 400;\" aria-level=\"1\"><span style=\"font-weight: 400;\">Si nom\u00e9s se supera una part completa (general o espec\u00edfica), la qualificaci\u00f3 obtinguda es mant\u00e9 per a l\u2019any vinent (no caldria repetir l\u2019examen d\u2019aquesta part).<\/span><\/li>\n<li style=\"font-weight: 400;\" aria-level=\"1\"><span style=\"font-weight: 400;\">Un cop superada la prova per a m\u00e9s grans de 25 anys, la qualificaci\u00f3 obtinguda t\u00e9 validesa indefinida.<\/span><\/li>\n<li style=\"font-weight: 400;\" aria-level=\"1\"><span style=\"font-weight: 400;\">Si compleixes els requisits pots presentar-te de nou en convocat\u00f2ries posteriors per millorar la qualificaci\u00f3 obtinguda.<\/span><\/li>\n<\/ul>\n<p><b>M\u00e9s grans de 45 anys<\/b><\/p>\n<p>Els m\u00e9s grans de 45 anys nom\u00e9s s&#8217;examinen de Llengua Catalana, Llengua Castellana i Comentari de text, per tant no han de fer la prova d&#8217;Angl\u00e8s ni les espec\u00edfiques. En canvi, cal que superin tamb\u00e9 una entrevista personal a la facultat a la qual vulguin accedir.<\/p>\n<p><strong>Recursos<\/strong><\/p>\n<p>M\u00e9s informaci\u00f3: m\u00e9s grans de 25 anys,\u00a0 <a href=\"https:\/\/universitats.gencat.cat\/ca\/proves-majors\/25-anys\/index.html\">aqu\u00ed<\/a>; m\u00e9s grans de 45 anys, <a href=\"https:\/\/universitats.gencat.cat\/ca\/proves-majors\/45-anys\/index.html\">aqu\u00ed<\/a>.<\/p>\n","protected":false},"excerpt":{"rendered":"<p>Descripci\u00f3 Una de les vies per a accedir a la Universitat s\u00f3n les proves d&#8217;acc\u00e9s per a m\u00e9s grans de [&hellip;]<\/p>\n","protected":false},"author":1,"featured_media":0,"parent":288,"menu_order":0,"comment_status":"closed","ping_status":"closed","template":"","meta":{"site-sidebar-layout":"default","site-content-layout":"","ast-site-content-layout":"default","site-content-style":"default","site-sidebar-style":"default","ast-global-header-display":"","ast-banner-title-visibility":"","ast-main-header-display":"","ast-hfb-above-header-display":"","ast-hfb-below-header-display":"","ast-hfb-mobile-header-display":"","site-post-title":"","ast-breadcrumbs-content":"","ast-featured-img":"","footer-sml-layout":"","theme-transparent-header-meta":"","adv-header-id-meta":"","stick-header-meta":"","header-above-stick-meta":"","header-main-stick-meta":"","header-below-stick-meta":"","astra-migrate-meta-layouts":"set","ast-page-background-enabled":"default","ast-page-background-meta":{"desktop":{"background-color":"var(--ast-global-color-4)","background-image":"","background-repeat":"repeat","background-position":"center center","background-size":"auto","background-attachment":"scroll","background-type":"","background-media":"","overlay-type":"","overlay-color":"","overlay-opacity":"","overlay-gradient":""},"tablet":{"background-color":"","background-image":"","background-repeat":"repeat","background-position":"center center","background-size":"auto","background-attachment":"scroll","background-type":"","background-media":"","overlay-type":"","overlay-color":"","overlay-opacity":"","overlay-gradient":""},"mobile":{"background-color":"","background-image":"","background-repeat":"repeat","background-position":"center center","background-size":"auto","background-attachment":"scroll","background-type":"","background-media":"","overlay-type":"","overlay-color":"","overlay-opacity":"","overlay-gradient":""}},"ast-content-background-meta":{"desktop":{"background-color":"var(--ast-global-color-5)","background-image":"","background-repeat":"repeat","background-position":"center center","background-size":"auto","background-attachment":"scroll","background-type":"","background-media":"","overlay-type":"","overlay-color":"","overlay-opacity":"","overlay-gradient":""},"tablet":{"background-color":"var(--ast-global-color-5)","background-image":"","background-repeat":"repeat","background-position":"center center","background-size":"auto","background-attachment":"scroll","background-type":"","background-media":"","overlay-type":"","overlay-color":"","overlay-opacity":"","overlay-gradient":""},"mobile":{"background-color":"var(--ast-global-color-5)","background-image":"","background-repeat":"repeat","background-position":"center center","background-size":"auto","background-attachment":"scroll","background-type":"","background-media":"","overlay-type":"","overlay-color":"","overlay-opacity":"","overlay-gradient":""}},"footnotes":""},"class_list":["post-322","page","type-page","status-publish","hentry"],"post_mailing_queue_ids":[],"_links":{"self":[{"href":"https:\/\/agora.xtec.cat\/cfaannamuria\/wp-json\/wp\/v2\/pages\/322","targetHints":{"allow":["GET"]}}],"collection":[{"href":"https:\/\/agora.xtec.cat\/cfaannamuria\/wp-json\/wp\/v2\/pages"}],"about":[{"href":"https:\/\/agora.xtec.cat\/cfaannamuria\/wp-json\/wp\/v2\/types\/page"}],"author":[{"embeddable":true,"href":"https:\/\/agora.xtec.cat\/cfaannamuria\/wp-json\/wp\/v2\/users\/1"}],"replies":[{"embeddable":true,"href":"https:\/\/agora.xtec.cat\/cfaannamuria\/wp-json\/wp\/v2\/comments?post=322"}],"version-history":[{"count":3,"href":"https:\/\/agora.xtec.cat\/cfaannamuria\/wp-json\/wp\/v2\/pages\/322\/revisions"}],"predecessor-version":[{"id":774,"href":"https:\/\/agora.xtec.cat\/cfaannamuria\/wp-json\/wp\/v2\/pages\/322\/revisions\/774"}],"up":[{"embeddable":true,"href":"https:\/\/agora.xtec.cat\/cfaannamuria\/wp-json\/wp\/v2\/pages\/288"}],"wp:attachment":[{"href":"https:\/\/agora.xtec.cat\/cfaannamuria\/wp-json\/wp\/v2\/media?parent=322"}],"curies":[{"name":"wp","href":"https:\/\/api.w.org\/{rel}","templated":true}]}}

Proves d&#8217;accés a la universitat per a majors de 25/45 anys

<p><strong>Descripció</strong></p>
<ul>
<li>Una de les vies per a accedir a la Universitat són les proves d&#8217;accés per a més grans de 25 o 45 anys.</li>
<li>L’assistència als curs de preparació és important per assegurar els coneixements necessaris per a la superació de la prova.</li>
</ul>
<p><strong>Requisits</strong></p>
<ul>
<li><span style="font-weight: 400;">Per a presentar-se a la prova d&#8217;accés a la universitat per a més grans de 25 anys cal complir els requisits següents:</span>
<ul>
<li style="font-weight: 400;" aria-level="1"><span style="font-weight: 400;">Tenir 25 anys en l&#8217;any natural en què es du a terme la prova.</span></li>
<li style="font-weight: 400;" aria-level="1"><span style="font-weight: 400;">No tenir superada la PAU (o equivalent).</span></li>
<li style="font-weight: 400;" aria-level="1"><span style="font-weight: 400;">No estar en possessió d&#8217;un títol de tècnic superior de formació professional, d&#8217;arts plàstiques i disseny, o d&#8217;esports (o equivalent).</span></li>
<li style="font-weight: 400;" aria-level="1"><span style="font-weight: 400;">No tenir cap titulació universitària.</span></li>
<li style="font-weight: 400;" aria-level="1"><span style="font-weight: 400;">No tenir cap altra titulació o qualsevol altre requisit general per accedir a la universitat.</span></li>
</ul>
</li>
</ul>
<p><strong>Continguts del curs</strong></p>
<p>El curs té dues parts: la part comuna i la part específica. S’han de cursar totes dues obligatòriament.</p>
<ul>
<li><em><strong>Part comuna</strong></em>
<ul>
<li>Llengua catalana</li>
<li>Llengua castellana</li>
<li>Llengua anglesa</li>
<li>Comentari de text</li>
</ul>
</li>
<li><em><strong>Part específica</strong></em>
<ul>
<li>Cal triar dues matèries en funció del grau superior que es vulgui cursar en el futur.</li>
<li>A CFA Anna Murià ofertem algunes assignatures específiques; les que no oferim s&#8217;hauran de preparar externament.</li>
</ul>
</li>
</ul>
<table style="border-style: solid;" border="1">
<tbody>
<tr>
<td style="text-align: center;"><span style="font-weight: 400;"><b>Arts i humanitats</b></span></td>
<td style="text-align: center;"><span style="font-weight: 400;"><b>Ciències / Ciències de la Salut</b></span></td>
<td style="text-align: center;"><span style="font-weight: 400;"><b>Ciències socials i jurídiques</b></span></td>
<td style="text-align: center;"><span style="font-weight: 400;"><b>Enginyeria i arquitectura</b></span></td>
</tr>
<tr>
<td style="text-align: center;"><span style="font-weight: 400;">Geografia</span><span style="font-weight: 400;">Història contemporània</span></p>
<p><span style="font-weight: 400;">Història de l’art</span></td>
<td style="text-align: center;"><span style="font-weight: 400;">Biologia</span><span style="font-weight: 400;">Física (no oferta)</span></p>
<p><span style="font-weight: 400;">Matemàtiques (només matins)</span></p>
<p><span style="font-weight: 400;">Química</span></p>
<p><span style="font-weight: 400;">Estadística</span></td>
<td style="text-align: center;"><span style="font-weight: 400;">Geografia</span><span style="font-weight: 400;">Història contemporània</span></p>
<p style="text-align: center;"><span style="font-weight: 400;">Matemàtiques (només matins)</span></p>
<p><span style="font-weight: 400;">Economia de l’empresa</span></p>
<p><span style="font-weight: 400;">Estadística</span></td>
<td style="text-align: center;"><span style="font-weight: 400;">Matemàtiques (només matins)</span><span style="font-weight: 400;">Física (no oferta</span></p>
<p><span style="font-weight: 400;">Química</span></p>
<p><span style="font-weight: 400;">Economia de l’empresa</span></td>
</tr>
</tbody>
</table>
<h6><sup><strong>L’oferta concreta de matèries  específiques està subjecta a un nombre mínim d’alumnes matriculats.</strong></sup></h6>
<p><strong>Organització</strong></p>
<ul>
<li>El Centre organitza els estudis en franja horària de matí (dilluns a divendres, de 8:30 a 13:00) i vespre (de dilluns a dijous, de 17:00 a 21:00, horaris variables segons el dia i les assignatures específiques).</li>
<li>El curs es desenvoluparà de mitjan setembre fins a la celebració de les proves (habitualment a l&#8217;abril).</li>
<li>Els materials per a fer el curs són d’elaboració pròpia, així com les proves d’avaluació.</li>
</ul>
<p><strong>Criteris d’avaluació</strong></p>
<ul>
<li aria-level="1">La formació és presencial i amb suport d’eines d’aprenentatge virtual com, per exemple, Google Classroom. Els dossiers de cada matèria els lliurarà a l’aula cada professor/a.</li>
<li aria-level="1">Es farà un simulacre de prova per avaluar l’assoliment dels objectius.</li>
</ul>
<p>El dia de simulacre de les matèries de la fase general no es farà classe de cap matèria.</p>
<ul>
<li aria-level="1">L’assistència, la participació, el lliurament de tasques i l’actitud a l’aula conformen, juntament amb la nota del simulacre, l’avaluació final del curs.</li>
</ul>
<p><strong>Qualificació de la prova d&#8217;accés</strong></p>
<ul>
<li style="font-weight: 400;" aria-level="1"><span style="font-weight: 400;">Cadascun dels exàmens es qualifica amb una puntuació de 0 a 10 punts.</span></li>
<li style="font-weight: 400;" aria-level="1"><span style="font-weight: 400;">És obligatori lliurar tots els exàmens de la mateixa fase per tal d&#8217;obtenir la qualificació corresponent.</span></li>
<li style="font-weight: 400;" aria-level="1"><span style="font-weight: 400;">La qualificació de la fase general s&#8217;obté de la mitjana aritmètica dels quatre exàmens.</span></li>
<li style="font-weight: 400;" aria-level="1"><span style="font-weight: 400;">La qualificació de la fase específica s&#8217;obté de la mitjana aritmètica dels dos exàmens.</span></li>
<li style="font-weight: 400;" aria-level="1"><span style="font-weight: 400;">La qualificació final de la prova s&#8217;obté de la mitjana aritmètica de la qualificació obtinguda en cadascuna de les fases.</span></li>
<li style="font-weight: 400;" aria-level="1"><span style="font-weight: 400;">Només es podrà fer la mitjana quan la qualificació de cadascuna de les dues fases sigui igual o superior a quatre punts.</span></li>
<li style="font-weight: 400;" aria-level="1"><span style="font-weight: 400;">Superes la prova d&#8217;accés quan obtens un mínim de cinc punts en la qualificació final.</span></li>
<li style="font-weight: 400;" aria-level="1"><span style="font-weight: 400;">Si només se supera una part completa (general o específica), la qualificació obtinguda es manté per a l’any vinent (no caldria repetir l’examen d’aquesta part).</span></li>
<li style="font-weight: 400;" aria-level="1"><span style="font-weight: 400;">Un cop superada la prova per a més grans de 25 anys, la qualificació obtinguda té validesa indefinida.</span></li>
<li style="font-weight: 400;" aria-level="1"><span style="font-weight: 400;">Si compleixes els requisits pots presentar-te de nou en convocatòries posteriors per millorar la qualificació obtinguda.</span></li>
</ul>
<p><b>Més grans de 45 anys</b></p>
<p>Els més grans de 45 anys només s&#8217;examinen de Llengua Catalana, Llengua Castellana i Comentari de text, per tant no han de fer la prova d&#8217;Anglès ni les específiques. En canvi, cal que superin també una entrevista personal a la facultat a la qual vulguin accedir.</p>
<p><strong>Recursos</strong></p>
<p>Més informació: més grans de 25 anys,  <a href="https://universitats.gencat.cat/ca/proves-majors/25-anys/index.html">aquí</a>; més grans de 45 anys, <a href="https://universitats.gencat.cat/ca/proves-majors/45-anys/index.html">aquí</a>.</p>

<p>Descripció Una de les vies per a accedir a la Universitat són les proves d&#8217;accés per a més grans de [&hellip;]</p>
