{"id":301,"date":"2015-01-28T11:21:46","date_gmt":"2015-01-28T10:21:46","guid":{"rendered":"http:\/\/agora.xtec.cat\/cfaagorasalou\/?page_id=301"},"modified":"2025-09-16T19:26:40","modified_gmt":"2025-09-16T17:26:40","slug":"formacio-instrumental","status":"publish","type":"page","link":"https:\/\/agora.xtec.cat\/cfaagorasalou\/ensenyaments\/ensenyaments-inicials-i-formacio-basica\/formacio-instrumental\/","title":{"rendered":"Cicle de formaci\u00f3 instrumental"},"content":{"rendered":"<p>L&#8217;objectiu d&#8217;aquests estudis \u00e9s proporcionar a les persones adultes els elements necessaris que els permetin l&#8217;adquisici\u00f3 progressiva de les compet\u00e8ncies clau per afavorir el seu desenvolupament personal i acad\u00e8mic i la integraci\u00f3 social i laboral.<br \/>\nLa superaci\u00f3 d&#8217;aquests estudis permet l&#8217;obtenci\u00f3 del certificat de formaci\u00f3 instrumental. Tamb\u00e9 l&#8217;assoliment d&#8217;un nivell A2 del MECR en les dues lleng\u00fces oficials i un coneixement equivalent al nivell de COMPETIC inicial.<\/p>\n<p>\u00c0rees curriculars i compet\u00e8ncies<br \/>\nEls ensenyaments de formaci\u00f3 instrumental s&#8217;estructuren en tres \u00e0rees curriculars i dues compet\u00e8ncies transversals:<br \/>\n\u2022 \u00c0rea ling\u00fc\u00edstica<br \/>\n\u2022 \u00c0rea matem\u00e0tica<br \/>\n\u2022 \u00c0rea del medi natural, social i cultural<br \/>\n\u2022 Compet\u00e8ncia digital<br \/>\n\u2022 Compet\u00e8ncia personal, social i laboral<br \/>\nEs treballen integrades al llarg dels dos cicles i es recomana que es concretin a partir de propostes d&#8217;aprenentatge globalitzades i competencials en les quals l&#8217;alumnat s&#8217;aproximi al coneixement des d&#8217;una perspectiva transversal, significativa i funcional.<\/p>\n","protected":false},"excerpt":{"rendered":"<p>L&#8217;objectiu d&#8217;aquests estudis \u00e9s proporcionar a les persones adultes els elements necessaris que els permetin l&#8217;adquisici\u00f3 progressiva de les compet\u00e8ncies clau per afavorir el seu desenvolupament personal i acad\u00e8mic i la integraci\u00f3 social i laboral.<br \/>\nLa superaci\u00f3 d&#8217;aquests estudis permet l&#8217;obtenci\u00f3 del certificat de formaci\u00f3 instrumental.&hellip;  <a href=\"https:\/\/agora.xtec.cat\/cfaagorasalou\/ensenyaments\/ensenyaments-inicials-i-formacio-basica\/formacio-instrumental\/\" title=\"Read Cicle de formaci\u00f3 instrumental\">Llegeix m\u00e9s\u00bb<\/a><\/p>\n","protected":false},"author":1,"featured_media":0,"parent":283,"menu_order":0,"comment_status":"closed","ping_status":"closed","template":"page-templates\/side-menu.php","meta":{"_bbp_topic_count":0,"_bbp_reply_count":0,"_bbp_total_topic_count":0,"_bbp_total_reply_count":0,"_bbp_voice_count":0,"_bbp_anonymous_reply_count":0,"_bbp_topic_count_hidden":0,"_bbp_reply_count_hidden":0,"_bbp_forum_subforum_count":0,"footnotes":""},"class_list":["post-301","page","type-page","status-publish","hentry"],"post_mailing_queue_ids":[],"_links":{"self":[{"href":"https:\/\/agora.xtec.cat\/cfaagorasalou\/wp-json\/wp\/v2\/pages\/301","targetHints":{"allow":["GET"]}}],"collection":[{"href":"https:\/\/agora.xtec.cat\/cfaagorasalou\/wp-json\/wp\/v2\/pages"}],"about":[{"href":"https:\/\/agora.xtec.cat\/cfaagorasalou\/wp-json\/wp\/v2\/types\/page"}],"author":[{"embeddable":true,"href":"https:\/\/agora.xtec.cat\/cfaagorasalou\/wp-json\/wp\/v2\/users\/1"}],"replies":[{"embeddable":true,"href":"https:\/\/agora.xtec.cat\/cfaagorasalou\/wp-json\/wp\/v2\/comments?post=301"}],"version-history":[{"count":5,"href":"https:\/\/agora.xtec.cat\/cfaagorasalou\/wp-json\/wp\/v2\/pages\/301\/revisions"}],"predecessor-version":[{"id":1171,"href":"https:\/\/agora.xtec.cat\/cfaagorasalou\/wp-json\/wp\/v2\/pages\/301\/revisions\/1171"}],"up":[{"embeddable":true,"href":"https:\/\/agora.xtec.cat\/cfaagorasalou\/wp-json\/wp\/v2\/pages\/283"}],"wp:attachment":[{"href":"https:\/\/agora.xtec.cat\/cfaagorasalou\/wp-json\/wp\/v2\/media?parent=301"}],"curies":[{"name":"wp","href":"https:\/\/api.w.org\/{rel}","templated":true}]}}

Cicle de formació instrumental

<p>L&#8217;objectiu d&#8217;aquests estudis és proporcionar a les persones adultes els elements necessaris que els permetin l&#8217;adquisició progressiva de les competències clau per afavorir el seu desenvolupament personal i acadèmic i la integració social i laboral.<br />
La superació d&#8217;aquests estudis permet l&#8217;obtenció del certificat de formació instrumental. També l&#8217;assoliment d&#8217;un nivell A2 del MECR en les dues llengües oficials i un coneixement equivalent al nivell de COMPETIC inicial.</p>
<p>Àrees curriculars i competències<br />
Els ensenyaments de formació instrumental s&#8217;estructuren en tres àrees curriculars i dues competències transversals:<br />
• Àrea lingüística<br />
• Àrea matemàtica<br />
• Àrea del medi natural, social i cultural<br />
• Competència digital<br />
• Competència personal, social i laboral<br />
Es treballen integrades al llarg dels dos cicles i es recomana que es concretin a partir de propostes d&#8217;aprenentatge globalitzades i competencials en les quals l&#8217;alumnat s&#8217;aproximi al coneixement des d&#8217;una perspectiva transversal, significativa i funcional.</p>

<p>L&#8217;objectiu d&#8217;aquests estudis és proporcionar a les persones adultes els elements necessaris que els permetin l&#8217;adquisició progressiva de les competències clau per afavorir el seu desenvolupament personal i acadèmic i la integració social i laboral.<br />
La superació d&#8217;aquests estudis permet l&#8217;obtenció del certificat de formació instrumental.&hellip;  <a href="https://agora.xtec.cat/cfaagorasalou/ensenyaments/ensenyaments-inicials-i-formacio-basica/formacio-instrumental/" title="Read Cicle de formació instrumental">Llegeix més»</a></p>
