{"id":1159,"date":"2025-09-16T19:07:40","date_gmt":"2025-09-16T17:07:40","guid":{"rendered":"https:\/\/agora.xtec.cat\/cfaagorasalou\/?page_id=1159"},"modified":"2025-09-16T19:10:34","modified_gmt":"2025-09-16T17:10:34","slug":"horaris-dels-diferents-ensenyaments","status":"publish","type":"page","link":"https:\/\/agora.xtec.cat\/cfaagorasalou\/el-centre\/organitzacio-interna\/horaris-dels-diferents-ensenyaments\/","title":{"rendered":"Horaris dels diferents ensenyaments"},"content":{"rendered":"<p>Si cliques damunt de cada horari, podr\u00e0s veure la imatge m\u00e9s gran i m\u00e9s clara.\u00a0<a href=\"https:\/\/agora.xtec.cat\/cfaagorasalou\/wp-content\/uploads\/usu595\/2025\/09\/horaris-angles-i-catala-inicial.jpg\"><br \/>\n<img loading=\"lazy\" decoding=\"async\" class=\"alignright size-full wp-image-1161\" src=\"https:\/\/agora.xtec.cat\/cfaagorasalou\/wp-content\/uploads\/usu595\/2025\/09\/horaris-angles-i-catala-inicial.jpg\" alt=\"\" width=\"835\" height=\"531\" srcset=\"https:\/\/agora.xtec.cat\/cfaagorasalou\/wp-content\/uploads\/usu595\/2025\/09\/horaris-angles-i-catala-inicial.jpg 835w, https:\/\/agora.xtec.cat\/cfaagorasalou\/wp-content\/uploads\/usu595\/2025\/09\/horaris-angles-i-catala-inicial-300x191.jpg 300w, https:\/\/agora.xtec.cat\/cfaagorasalou\/wp-content\/uploads\/usu595\/2025\/09\/horaris-angles-i-catala-inicial-768x488.jpg 768w\" sizes=\"auto, (max-width: 835px) 100vw, 835px\" \/><\/a> <a href=\"https:\/\/agora.xtec.cat\/cfaagorasalou\/wp-content\/uploads\/usu595\/2025\/09\/horaris-competic-i-castella.jpg\"><img loading=\"lazy\" decoding=\"async\" class=\"alignright size-full wp-image-1162\" src=\"https:\/\/agora.xtec.cat\/cfaagorasalou\/wp-content\/uploads\/usu595\/2025\/09\/horaris-competic-i-castella.jpg\" alt=\"\" width=\"835\" height=\"531\" srcset=\"https:\/\/agora.xtec.cat\/cfaagorasalou\/wp-content\/uploads\/usu595\/2025\/09\/horaris-competic-i-castella.jpg 835w, https:\/\/agora.xtec.cat\/cfaagorasalou\/wp-content\/uploads\/usu595\/2025\/09\/horaris-competic-i-castella-300x191.jpg 300w, https:\/\/agora.xtec.cat\/cfaagorasalou\/wp-content\/uploads\/usu595\/2025\/09\/horaris-competic-i-castella-768x488.jpg 768w\" sizes=\"auto, (max-width: 835px) 100vw, 835px\" \/><\/a> <a href=\"https:\/\/agora.xtec.cat\/cfaagorasalou\/wp-content\/uploads\/usu595\/2025\/09\/horaris-geso.jpg\"><img loading=\"lazy\" decoding=\"async\" class=\"alignright size-full wp-image-1163\" src=\"https:\/\/agora.xtec.cat\/cfaagorasalou\/wp-content\/uploads\/usu595\/2025\/09\/horaris-geso.jpg\" alt=\"\" width=\"835\" height=\"531\" srcset=\"https:\/\/agora.xtec.cat\/cfaagorasalou\/wp-content\/uploads\/usu595\/2025\/09\/horaris-geso.jpg 835w, https:\/\/agora.xtec.cat\/cfaagorasalou\/wp-content\/uploads\/usu595\/2025\/09\/horaris-geso-300x191.jpg 300w, https:\/\/agora.xtec.cat\/cfaagorasalou\/wp-content\/uploads\/usu595\/2025\/09\/horaris-geso-768x488.jpg 768w\" sizes=\"auto, (max-width: 835px) 100vw, 835px\" \/><\/a> <a href=\"https:\/\/agora.xtec.cat\/cfaagorasalou\/wp-content\/uploads\/usu595\/2025\/09\/horaris-instrumentals.jpg\"><img loading=\"lazy\" decoding=\"async\" class=\"alignright size-full wp-image-1164\" src=\"https:\/\/agora.xtec.cat\/cfaagorasalou\/wp-content\/uploads\/usu595\/2025\/09\/horaris-instrumentals.jpg\" alt=\"\" width=\"835\" height=\"531\" srcset=\"https:\/\/agora.xtec.cat\/cfaagorasalou\/wp-content\/uploads\/usu595\/2025\/09\/horaris-instrumentals.jpg 835w, https:\/\/agora.xtec.cat\/cfaagorasalou\/wp-content\/uploads\/usu595\/2025\/09\/horaris-instrumentals-300x191.jpg 300w, https:\/\/agora.xtec.cat\/cfaagorasalou\/wp-content\/uploads\/usu595\/2025\/09\/horaris-instrumentals-768x488.jpg 768w\" sizes=\"auto, (max-width: 835px) 100vw, 835px\" \/><\/a><\/p>\n","protected":false},"excerpt":{"rendered":"<p>Si cliques damunt de cada horari, podr\u00e0s veure la imatge m\u00e9s gran i m\u00e9s clara.\u00a0<a href=\"https:\/\/agora.xtec.cat\/cfaagorasalou\/wp-content\/uploads\/usu595\/2025\/09\/horaris-angles-i-catala-inicial.jpg\"><br \/>\n<\/a> <a href=\"https:\/\/agora.xtec.cat\/cfaagorasalou\/wp-content\/uploads\/usu595\/2025\/09\/horaris-competic-i-castella.jpg\"><\/a> <a href=\"https:\/\/agora.xtec.cat\/cfaagorasalou\/wp-content\/uploads\/usu595\/2025\/09\/horaris-geso.jpg\"><\/a> <a href=\"https:\/\/agora.xtec.cat\/cfaagorasalou\/wp-content\/uploads\/usu595\/2025\/09\/horaris-instrumentals.jpg\"><\/a><\/p>\n","protected":false},"author":1,"featured_media":0,"parent":265,"menu_order":0,"comment_status":"closed","ping_status":"closed","template":"page-templates\/side-menu.php","meta":{"_bbp_topic_count":0,"_bbp_reply_count":0,"_bbp_total_topic_count":0,"_bbp_total_reply_count":0,"_bbp_voice_count":0,"_bbp_anonymous_reply_count":0,"_bbp_topic_count_hidden":0,"_bbp_reply_count_hidden":0,"_bbp_forum_subforum_count":0,"footnotes":""},"class_list":["post-1159","page","type-page","status-publish","hentry"],"post_mailing_queue_ids":[],"_links":{"self":[{"href":"https:\/\/agora.xtec.cat\/cfaagorasalou\/wp-json\/wp\/v2\/pages\/1159","targetHints":{"allow":["GET"]}}],"collection":[{"href":"https:\/\/agora.xtec.cat\/cfaagorasalou\/wp-json\/wp\/v2\/pages"}],"about":[{"href":"https:\/\/agora.xtec.cat\/cfaagorasalou\/wp-json\/wp\/v2\/types\/page"}],"author":[{"embeddable":true,"href":"https:\/\/agora.xtec.cat\/cfaagorasalou\/wp-json\/wp\/v2\/users\/1"}],"replies":[{"embeddable":true,"href":"https:\/\/agora.xtec.cat\/cfaagorasalou\/wp-json\/wp\/v2\/comments?post=1159"}],"version-history":[{"count":3,"href":"https:\/\/agora.xtec.cat\/cfaagorasalou\/wp-json\/wp\/v2\/pages\/1159\/revisions"}],"predecessor-version":[{"id":1166,"href":"https:\/\/agora.xtec.cat\/cfaagorasalou\/wp-json\/wp\/v2\/pages\/1159\/revisions\/1166"}],"up":[{"embeddable":true,"href":"https:\/\/agora.xtec.cat\/cfaagorasalou\/wp-json\/wp\/v2\/pages\/265"}],"wp:attachment":[{"href":"https:\/\/agora.xtec.cat\/cfaagorasalou\/wp-json\/wp\/v2\/media?parent=1159"}],"curies":[{"name":"wp","href":"https:\/\/api.w.org\/{rel}","templated":true}]}}