{"id":860,"date":"2022-05-09T19:01:36","date_gmt":"2022-05-09T17:01:36","guid":{"rendered":"https:\/\/agora.xtec.cat\/cfa-vallirana\/?page_id=860"},"modified":"2025-09-11T21:52:18","modified_gmt":"2025-09-11T19:52:18","slug":"festes","status":"publish","type":"page","link":"https:\/\/agora.xtec.cat\/cfa-vallirana\/serveis\/activitats\/festes\/","title":{"rendered":"Festes"},"content":{"rendered":"\r\n<p style=\"text-align: justify;\">La celebraci\u00f3 de les diferents festes que celebrem al Centre (la Castanyada, Sant Jordi&#8230;) tamb\u00e9 formen part de la vida de la nostra escola i s\u00f3n una oportunitat per viure experi\u00e8ncies \u00faniques gr\u00e0cies a la participaci\u00f3, col\u00b7laboraci\u00f3 i cooperaci\u00f3 de tothom. Tamb\u00e9 permeten con\u00e8ixer les tradicions culturals del nostre pa\u00eds.<\/p>\r\n<h3><br \/><img loading=\"lazy\" decoding=\"async\" class=\"wp-image-617 aligncenter\" src=\"https:\/\/agora.xtec.cat\/cfa-vallirana\/wp-content\/uploads\/usu2577\/2022\/04\/IMG_20211130_172021828-1024x768.jpg\" alt=\"Visita al Poble Espanyol 4\" width=\"412\" height=\"309\" srcset=\"https:\/\/agora.xtec.cat\/cfa-vallirana\/wp-content\/uploads\/usu2577\/2022\/04\/IMG_20211130_172021828-1024x768.jpg 1024w, https:\/\/agora.xtec.cat\/cfa-vallirana\/wp-content\/uploads\/usu2577\/2022\/04\/IMG_20211130_172021828-300x225.jpg 300w, https:\/\/agora.xtec.cat\/cfa-vallirana\/wp-content\/uploads\/usu2577\/2022\/04\/IMG_20211130_172021828-768x576.jpg 768w, https:\/\/agora.xtec.cat\/cfa-vallirana\/wp-content\/uploads\/usu2577\/2022\/04\/IMG_20211130_172021828-1536x1152.jpg 1536w, https:\/\/agora.xtec.cat\/cfa-vallirana\/wp-content\/uploads\/usu2577\/2022\/04\/IMG_20211130_172021828-200x150.jpg 200w, https:\/\/agora.xtec.cat\/cfa-vallirana\/wp-content\/uploads\/usu2577\/2022\/04\/IMG_20211130_172021828.jpg 1600w\" sizes=\"auto, (max-width: 412px) 100vw, 412px\" \/><\/h3>\r\n<p>&nbsp;<\/p>\r\n<h3><a href=\"https:\/\/agora.xtec.cat\/cfa-vallirana\/tag\/festes\/\" target=\"_blank\" rel=\"noopener\">Clica aqu\u00ed per veure totes les festes<\/a><\/h3>\r\n","protected":false},"excerpt":{"rendered":"<p>La celebraci\u00f3 de les diferents festes que celebrem al Centre (la Castanyada, Sant Jordi&#8230;) tamb\u00e9 formen part de la vida de la nostra escola i s\u00f3n una oportunitat per viure experi\u00e8ncies \u00faniques gr\u00e0cies a la participaci\u00f3, col\u00b7laboraci\u00f3 i cooperaci\u00f3 de tothom. Tamb\u00e9 permeten con\u00e8ixer les&hellip;  <a href=\"https:\/\/agora.xtec.cat\/cfa-vallirana\/serveis\/activitats\/festes\/\" title=\"Read Festes\">Llegeix m\u00e9s\u00bb<\/a><\/p>\n","protected":false},"author":1,"featured_media":0,"parent":898,"menu_order":40,"comment_status":"closed","ping_status":"closed","template":"page-templates\/side-menu.php","meta":{"_bbp_topic_count":0,"_bbp_reply_count":0,"_bbp_total_topic_count":0,"_bbp_total_reply_count":0,"_bbp_voice_count":0,"_bbp_anonymous_reply_count":0,"_bbp_topic_count_hidden":0,"_bbp_reply_count_hidden":0,"_bbp_forum_subforum_count":0,"footnotes":""},"class_list":["post-860","page","type-page","status-publish","hentry"],"post_mailing_queue_ids":[],"_links":{"self":[{"href":"https:\/\/agora.xtec.cat\/cfa-vallirana\/wp-json\/wp\/v2\/pages\/860","targetHints":{"allow":["GET"]}}],"collection":[{"href":"https:\/\/agora.xtec.cat\/cfa-vallirana\/wp-json\/wp\/v2\/pages"}],"about":[{"href":"https:\/\/agora.xtec.cat\/cfa-vallirana\/wp-json\/wp\/v2\/types\/page"}],"author":[{"embeddable":true,"href":"https:\/\/agora.xtec.cat\/cfa-vallirana\/wp-json\/wp\/v2\/users\/1"}],"replies":[{"embeddable":true,"href":"https:\/\/agora.xtec.cat\/cfa-vallirana\/wp-json\/wp\/v2\/comments?post=860"}],"version-history":[{"count":6,"href":"https:\/\/agora.xtec.cat\/cfa-vallirana\/wp-json\/wp\/v2\/pages\/860\/revisions"}],"predecessor-version":[{"id":2038,"href":"https:\/\/agora.xtec.cat\/cfa-vallirana\/wp-json\/wp\/v2\/pages\/860\/revisions\/2038"}],"up":[{"embeddable":true,"href":"https:\/\/agora.xtec.cat\/cfa-vallirana\/wp-json\/wp\/v2\/pages\/898"}],"wp:attachment":[{"href":"https:\/\/agora.xtec.cat\/cfa-vallirana\/wp-json\/wp\/v2\/media?parent=860"}],"curies":[{"name":"wp","href":"https:\/\/api.w.org\/{rel}","templated":true}]}}

<p style="text-align: justify;">La celebració de les diferents festes que celebrem al Centre (la Castanyada, Sant Jordi&#8230;) també formen part de la vida de la nostra escola i són una oportunitat per viure experiències úniques gràcies a la participació, col·laboració i cooperació de tothom. També permeten conèixer les tradicions culturals del nostre país.</p>
<h3><br /><img loading="lazy" decoding="async" class="wp-image-617 aligncenter" src="https://agora.xtec.cat/cfa-vallirana/wp-content/uploads/usu2577/2022/04/IMG_20211130_172021828-1024x768.jpg" alt="Visita al Poble Espanyol 4" width="412" height="309" srcset="https://agora.xtec.cat/cfa-vallirana/wp-content/uploads/usu2577/2022/04/IMG_20211130_172021828-1024x768.jpg 1024w, https://agora.xtec.cat/cfa-vallirana/wp-content/uploads/usu2577/2022/04/IMG_20211130_172021828-300x225.jpg 300w, https://agora.xtec.cat/cfa-vallirana/wp-content/uploads/usu2577/2022/04/IMG_20211130_172021828-768x576.jpg 768w, https://agora.xtec.cat/cfa-vallirana/wp-content/uploads/usu2577/2022/04/IMG_20211130_172021828-1536x1152.jpg 1536w, https://agora.xtec.cat/cfa-vallirana/wp-content/uploads/usu2577/2022/04/IMG_20211130_172021828-200x150.jpg 200w, https://agora.xtec.cat/cfa-vallirana/wp-content/uploads/usu2577/2022/04/IMG_20211130_172021828.jpg 1600w" sizes="auto, (max-width: 412px) 100vw, 412px" /></h3>
<p>&nbsp;</p>
<h3><a href="https://agora.xtec.cat/cfa-vallirana/tag/festes/" target="_blank" rel="noopener">Clica aquí per veure totes les festes</a></h3>

<p>La celebració de les diferents festes que celebrem al Centre (la Castanyada, Sant Jordi&#8230;) també formen part de la vida de la nostra escola i són una oportunitat per viure experiències úniques gràcies a la participació, col·laboració i cooperació de tothom. També permeten conèixer les&hellip;  <a href="https://agora.xtec.cat/cfa-vallirana/serveis/activitats/festes/" title="Read Festes">Llegeix més»</a></p>
