{"id":322,"date":"2015-01-28T11:36:17","date_gmt":"2015-01-28T10:36:17","guid":{"rendered":"http:\/\/agora.xtec.cat\/cfa-vallirana\/?page_id=322"},"modified":"2025-09-06T19:37:36","modified_gmt":"2025-09-06T17:37:36","slug":"a-la-universitat-per-a-majors-de-25-anys","status":"publish","type":"page","link":"https:\/\/agora.xtec.cat\/cfa-vallirana\/ensenyaments\/ensenyaments-per-a-la-preparacio-de-proves-dacces\/a-la-universitat-per-a-majors-de-25-anys\/","title":{"rendered":"A la universitat per a majors de 40-45 anys"},"content":{"rendered":"<p style=\"text-align: justify;\">\u00c9s un curs adre\u00e7at a totes aquelles persones interessades a seguir estudis universitaris i que no tinguin superades les PAU (o equivalent), que no estiguin en possessi\u00f3 d\u2019un t\u00edtol de t\u00e8cnic superior de formaci\u00f3 professional, d\u2019arts pl\u00e0stiques i disseny, o d\u2019esports (o equivalent) i que no tinguin cap titulaci\u00f3 universit\u00e0ria.<\/p>\n<p style=\"text-align: justify;\">Per accedir a la universitat per la via de<strong>\u202fmajors de 45 anys<\/strong>\u202fcal <span style=\"text-decoration: underline;\">superar una prova d&#8217;acc\u00e9s<\/span> i <span style=\"text-decoration: underline;\">fer una entrevista personal<\/span>. La prova d&#8217;acc\u00e9s, un cop superada, t\u00e9 validesa indefinida, mentre que l&#8217;entrevista personal, obligat\u00f2ria i amb resoluci\u00f3 final d&#8217;apte\/a, ser\u00e0 v\u00e0lida durant tres anys (l\u2019any que se supera i dos anys m\u00e9s), per\u00f2 \u00fanicament pel mateix estudi de grau i per a la mateixa universitat per a la qual es va superar.<\/p>\n<h3 style=\"text-align: justify;\">Recursos<\/h3>\n<p style=\"text-align: justify;\"><a href=\"https:\/\/universitats.gencat.cat\/ca\/acces-universitat\/acces-segons-perfils-estudiants\/tinc-mes-45-anys\/\" target=\"_blank\" rel=\"noopener\">Acc\u00e9s universitat majors 45 anys (Generalitat)<\/a><\/p>\n","protected":false},"excerpt":{"rendered":"<p>\u00c9s un curs adre\u00e7at a totes aquelles persones interessades a seguir estudis universitaris i que no tinguin superades les PAU (o equivalent), que no estiguin en possessi\u00f3 d\u2019un t\u00edtol de t\u00e8cnic superior de formaci\u00f3 professional, d\u2019arts pl\u00e0stiques i disseny, o d\u2019esports (o equivalent) i que&hellip;  <a href=\"https:\/\/agora.xtec.cat\/cfa-vallirana\/ensenyaments\/ensenyaments-per-a-la-preparacio-de-proves-dacces\/a-la-universitat-per-a-majors-de-25-anys\/\" title=\"Read A la universitat per a majors de 40-45 anys\">Llegeix m\u00e9s\u00bb<\/a><\/p>\n","protected":false},"author":1,"featured_media":0,"parent":288,"menu_order":0,"comment_status":"closed","ping_status":"closed","template":"page-templates\/side-menu.php","meta":{"_bbp_topic_count":0,"_bbp_reply_count":0,"_bbp_total_topic_count":0,"_bbp_total_reply_count":0,"_bbp_voice_count":0,"_bbp_anonymous_reply_count":0,"_bbp_topic_count_hidden":0,"_bbp_reply_count_hidden":0,"_bbp_forum_subforum_count":0,"footnotes":""},"class_list":["post-322","page","type-page","status-publish","hentry"],"post_mailing_queue_ids":[],"_links":{"self":[{"href":"https:\/\/agora.xtec.cat\/cfa-vallirana\/wp-json\/wp\/v2\/pages\/322","targetHints":{"allow":["GET"]}}],"collection":[{"href":"https:\/\/agora.xtec.cat\/cfa-vallirana\/wp-json\/wp\/v2\/pages"}],"about":[{"href":"https:\/\/agora.xtec.cat\/cfa-vallirana\/wp-json\/wp\/v2\/types\/page"}],"author":[{"embeddable":true,"href":"https:\/\/agora.xtec.cat\/cfa-vallirana\/wp-json\/wp\/v2\/users\/1"}],"replies":[{"embeddable":true,"href":"https:\/\/agora.xtec.cat\/cfa-vallirana\/wp-json\/wp\/v2\/comments?post=322"}],"version-history":[{"count":6,"href":"https:\/\/agora.xtec.cat\/cfa-vallirana\/wp-json\/wp\/v2\/pages\/322\/revisions"}],"predecessor-version":[{"id":1983,"href":"https:\/\/agora.xtec.cat\/cfa-vallirana\/wp-json\/wp\/v2\/pages\/322\/revisions\/1983"}],"up":[{"embeddable":true,"href":"https:\/\/agora.xtec.cat\/cfa-vallirana\/wp-json\/wp\/v2\/pages\/288"}],"wp:attachment":[{"href":"https:\/\/agora.xtec.cat\/cfa-vallirana\/wp-json\/wp\/v2\/media?parent=322"}],"curies":[{"name":"wp","href":"https:\/\/api.w.org\/{rel}","templated":true}]}}

<p style="text-align: justify;">És un curs adreçat a totes aquelles persones interessades a seguir estudis universitaris i que no tinguin superades les PAU (o equivalent), que no estiguin en possessió d’un títol de tècnic superior de formació professional, d’arts plàstiques i disseny, o d’esports (o equivalent) i que no tinguin cap titulació universitària.</p>
<p style="text-align: justify;">Per accedir a la universitat per la via de<strong> majors de 45 anys</strong> cal <span style="text-decoration: underline;">superar una prova d&#8217;accés</span> i <span style="text-decoration: underline;">fer una entrevista personal</span>. La prova d&#8217;accés, un cop superada, té validesa indefinida, mentre que l&#8217;entrevista personal, obligatòria i amb resolució final d&#8217;apte/a, serà vàlida durant tres anys (l’any que se supera i dos anys més), però únicament pel mateix estudi de grau i per a la mateixa universitat per a la qual es va superar.</p>
<h3 style="text-align: justify;">Recursos</h3>
<p style="text-align: justify;"><a href="https://universitats.gencat.cat/ca/acces-universitat/acces-segons-perfils-estudiants/tinc-mes-45-anys/" target="_blank" rel="noopener">Accés universitat majors 45 anys (Generalitat)</a></p>

<p>És un curs adreçat a totes aquelles persones interessades a seguir estudis universitaris i que no tinguin superades les PAU (o equivalent), que no estiguin en possessió d’un títol de tècnic superior de formació professional, d’arts plàstiques i disseny, o d’esports (o equivalent) i que&hellip;  <a href="https://agora.xtec.cat/cfa-vallirana/ensenyaments/ensenyaments-per-a-la-preparacio-de-proves-dacces/a-la-universitat-per-a-majors-de-25-anys/" title="Read A la universitat per a majors de 40-45 anys">Llegeix més»</a></p>
