{"id":320,"date":"2015-01-28T11:35:13","date_gmt":"2015-01-28T10:35:13","guid":{"rendered":"http:\/\/agora.xtec.cat\/cfa-vallirana\/?page_id=320"},"modified":"2022-05-09T20:58:19","modified_gmt":"2022-05-09T18:58:19","slug":"a-cicles-formatius-de-grau-superior","status":"publish","type":"page","link":"https:\/\/agora.xtec.cat\/cfa-vallirana\/ensenyaments\/ensenyaments-per-a-la-preparacio-de-proves-dacces\/a-cicles-formatius-de-grau-superior\/","title":{"rendered":"A cicles formatius de grau superior"},"content":{"rendered":"<p style=\"text-align: justify;\"><strong>Descripci\u00f3<\/strong><br \/>Aquests estudis preparen per presentar-se a les proves d&#8217;acc\u00e9s als cicles de grau superior de formaci\u00f3 professional, d&#8217;arts pl\u00e0stiques i disseny i d&#8217;ensenyaments esportius. L&#8217;alumnat pot preparar la part comuna de la prova, la part espec\u00edfica, o totes dues.<\/p>\n<p style=\"text-align: justify;\"><strong>Continguts<\/strong><br \/>Les mat\u00e8ries de la prova d&#8217;acc\u00e9s a cicles formatius de grau superior s\u00f3n les seg\u00fcents:<\/p>\n<p style=\"text-align: justify;\"><span style=\"text-decoration: underline;\">Mat\u00e8ries de la part comuna:<\/span><br \/>\u2022 Llengua catalana i castellana<br \/>\u2022 Llengua estrangera<br \/>\u2022 Matem\u00e0tiques<br \/>\u2022 Hist\u00f2ria (les persones que vulguin accedir als ensenyaments art\u00edstics poden cursar aquesta mat\u00e8ria en comptes de matem\u00e0tiques).<\/p>\n<p style=\"text-align: justify;\"><span style=\"text-decoration: underline;\">Mat\u00e8ries de la part espec\u00edfica:<\/span><br \/>Segons la fam\u00edlia professional o cicle al qual l&#8217;alumne vol accedir, cal escollir dues mat\u00e8ries d&#8217;una s\u00e8rie d&#8217;opcions.<\/p>\n<p style=\"text-align: justify;\">La durada m\u00ednima per a la preparaci\u00f3 de les proves d&#8217;acc\u00e9s al grau superior \u00e9s de 300 hores per a la part comuna i de 99 hores per a cada mat\u00e8ria de la part espec\u00edfica.<\/p>\n<p style=\"text-align: justify;\"><strong>Acc\u00e9s<\/strong><br \/>Cal tenir en compte que per realitzar les proves d&#8217;acc\u00e9s als cicles formatius de grau superior s&#8217;han de tenir m\u00e9s de 19 anys o complir-los l&#8217;any natural en qu\u00e8 es realitza la prova.<\/p>\n<h3>Recursos<\/h3>\n<ul>\n<li><a href=\"https:\/\/educacio.gencat.cat\/ca\/serveis-tramits\/proves\/proves-acces\/gs-fp\/\" target=\"_blank\" rel=\"noopener\">Informaci\u00f3 sobre les proves d\u2019acc\u00e9s (GenCat)<\/a><\/li>\n<li><a href=\"https:\/\/www.xelu.net\/html\/materials\/materials_fitxa.php?materials_ID=25&amp;idioma=catala\" target=\"_blank\" rel=\"noopener\">Proves i solucions d\u2019anys anteriors (Xelu.net)<\/a><\/li>\n<\/ul>\n\n","protected":false},"excerpt":{"rendered":"<p>Descripci\u00f3Aquests estudis preparen per presentar-se a les proves d&#8217;acc\u00e9s als cicles de grau superior de formaci\u00f3 professional, d&#8217;arts pl\u00e0stiques i disseny i d&#8217;ensenyaments esportius. L&#8217;alumnat pot preparar la part comuna de la prova, la part espec\u00edfica, o totes dues.<br \/>\nContingutsLes mat\u00e8ries de la prova d&#8217;acc\u00e9s a&hellip;  <a href=\"https:\/\/agora.xtec.cat\/cfa-vallirana\/ensenyaments\/ensenyaments-per-a-la-preparacio-de-proves-dacces\/a-cicles-formatius-de-grau-superior\/\" title=\"Read A cicles formatius de grau superior\">Llegeix m\u00e9s\u00bb<\/a><\/p>\n","protected":false},"author":1,"featured_media":0,"parent":288,"menu_order":0,"comment_status":"closed","ping_status":"closed","template":"page-templates\/side-menu.php","meta":{"_bbp_topic_count":0,"_bbp_reply_count":0,"_bbp_total_topic_count":0,"_bbp_total_reply_count":0,"_bbp_voice_count":0,"_bbp_anonymous_reply_count":0,"_bbp_topic_count_hidden":0,"_bbp_reply_count_hidden":0,"_bbp_forum_subforum_count":0,"footnotes":""},"class_list":["post-320","page","type-page","status-publish","hentry"],"post_mailing_queue_ids":[],"_links":{"self":[{"href":"https:\/\/agora.xtec.cat\/cfa-vallirana\/wp-json\/wp\/v2\/pages\/320","targetHints":{"allow":["GET"]}}],"collection":[{"href":"https:\/\/agora.xtec.cat\/cfa-vallirana\/wp-json\/wp\/v2\/pages"}],"about":[{"href":"https:\/\/agora.xtec.cat\/cfa-vallirana\/wp-json\/wp\/v2\/types\/page"}],"author":[{"embeddable":true,"href":"https:\/\/agora.xtec.cat\/cfa-vallirana\/wp-json\/wp\/v2\/users\/1"}],"replies":[{"embeddable":true,"href":"https:\/\/agora.xtec.cat\/cfa-vallirana\/wp-json\/wp\/v2\/comments?post=320"}],"version-history":[{"count":2,"href":"https:\/\/agora.xtec.cat\/cfa-vallirana\/wp-json\/wp\/v2\/pages\/320\/revisions"}],"predecessor-version":[{"id":879,"href":"https:\/\/agora.xtec.cat\/cfa-vallirana\/wp-json\/wp\/v2\/pages\/320\/revisions\/879"}],"up":[{"embeddable":true,"href":"https:\/\/agora.xtec.cat\/cfa-vallirana\/wp-json\/wp\/v2\/pages\/288"}],"wp:attachment":[{"href":"https:\/\/agora.xtec.cat\/cfa-vallirana\/wp-json\/wp\/v2\/media?parent=320"}],"curies":[{"name":"wp","href":"https:\/\/api.w.org\/{rel}","templated":true}]}}

<p style="text-align: justify;"><strong>Descripció</strong><br />Aquests estudis preparen per presentar-se a les proves d&#8217;accés als cicles de grau superior de formació professional, d&#8217;arts plàstiques i disseny i d&#8217;ensenyaments esportius. L&#8217;alumnat pot preparar la part comuna de la prova, la part específica, o totes dues.</p>
<p style="text-align: justify;"><strong>Continguts</strong><br />Les matèries de la prova d&#8217;accés a cicles formatius de grau superior són les següents:</p>
<p style="text-align: justify;"><span style="text-decoration: underline;">Matèries de la part comuna:</span><br />• Llengua catalana i castellana<br />• Llengua estrangera<br />• Matemàtiques<br />• Història (les persones que vulguin accedir als ensenyaments artístics poden cursar aquesta matèria en comptes de matemàtiques).</p>
<p style="text-align: justify;"><span style="text-decoration: underline;">Matèries de la part específica:</span><br />Segons la família professional o cicle al qual l&#8217;alumne vol accedir, cal escollir dues matèries d&#8217;una sèrie d&#8217;opcions.</p>
<p style="text-align: justify;">La durada mínima per a la preparació de les proves d&#8217;accés al grau superior és de 300 hores per a la part comuna i de 99 hores per a cada matèria de la part específica.</p>
<p style="text-align: justify;"><strong>Accés</strong><br />Cal tenir en compte que per realitzar les proves d&#8217;accés als cicles formatius de grau superior s&#8217;han de tenir més de 19 anys o complir-los l&#8217;any natural en què es realitza la prova.</p>
<h3>Recursos</h3>
<ul>
<li><a href="https://educacio.gencat.cat/ca/serveis-tramits/proves/proves-acces/gs-fp/" target="_blank" rel="noopener">Informació sobre les proves d’accés (GenCat)</a></li>
<li><a href="https://www.xelu.net/html/materials/materials_fitxa.php?materials_ID=25&amp;idioma=catala" target="_blank" rel="noopener">Proves i solucions d’anys anteriors (Xelu.net)</a></li>
</ul>

<p>DescripcióAquests estudis preparen per presentar-se a les proves d&#8217;accés als cicles de grau superior de formació professional, d&#8217;arts plàstiques i disseny i d&#8217;ensenyaments esportius. L&#8217;alumnat pot preparar la part comuna de la prova, la part específica, o totes dues.<br />
ContingutsLes matèries de la prova d&#8217;accés a&hellip;  <a href="https://agora.xtec.cat/cfa-vallirana/ensenyaments/ensenyaments-per-a-la-preparacio-de-proves-dacces/a-cicles-formatius-de-grau-superior/" title="Read A cicles formatius de grau superior">Llegeix més»</a></p>
