{"id":318,"date":"2015-01-28T11:34:47","date_gmt":"2015-01-28T10:34:47","guid":{"rendered":"http:\/\/agora.xtec.cat\/cfa-vallirana\/?page_id=318"},"modified":"2025-09-06T19:30:15","modified_gmt":"2025-09-06T17:30:15","slug":"a-cicles-formatius-de-grau-mitja","status":"publish","type":"page","link":"https:\/\/agora.xtec.cat\/cfa-vallirana\/ensenyaments\/ensenyaments-per-a-la-preparacio-de-proves-dacces\/a-cicles-formatius-de-grau-mitja\/","title":{"rendered":"A cicles formatius de grau mitj\u00e0"},"content":{"rendered":"<p style=\"text-align: justify;\"><strong>Descripci\u00f3<\/strong><br \/>Aquests estudis preparen per accedir als estudis de Cicles Formatius de Grau Mitj\u00e0, tant als de Formaci\u00f3 professional, com als estudis d&#8217;arts pl\u00e0stiques i disseny, o als estudis d&#8217;ensenyaments esportius.<\/p>\r\n<p style=\"text-align: justify;\"><strong>Continguts<\/strong><br \/>Les mat\u00e8ries que oferim en aquest Curs d&#8217;Acc\u00e9s a Cicles Formatius de Grau Mitj\u00e0 s\u00f3n les seg\u00fcents:<br \/>\u2022 compet\u00e8ncia en llengua catalana i castellana<br \/>\u2022 compet\u00e8ncia en llengua estrangera<br \/>\u2022 compet\u00e8ncia social i ciutadana<br \/>\u2022 compet\u00e8ncia matem\u00e0tica<br \/>\u2022 compet\u00e8ncia d&#8217;interacci\u00f3 amb el m\u00f3n f\u00edsic<br \/>\u2022 compet\u00e8ncia en tecnologies<\/p>\r\n<p style=\"text-align: justify;\">La durada d&#8217;aquest curs \u00e9s de 429 hores, m\u00e9s una hora setmanal de Tutoria i Orientaci\u00f3.<\/p>\r\n<p style=\"text-align: justify;\"><strong>Acc\u00e9s<\/strong><br \/>Amb car\u00e0cter general, per accedir a l&#8217;educaci\u00f3 d&#8217;adults cal tenir m\u00e9s de 18 anys, o b\u00e9 complir-los durant l&#8217;any natural en qu\u00e8 s&#8217;inicia la formaci\u00f3, per\u00f2 les persones que compleixin com a m\u00ednim 16 anys l&#8217;any natural que inicien la formaci\u00f3 tamb\u00e9 poden accedir a aquest curs.<\/p>\r\n<p style=\"text-align: justify;\">Cal tenir en compte, doncs, que per poder matricular-se al curs es requereix tenir, almenys, setze anys, complerts en l\u2019any d\u2019inici del curs.<\/p>\r\n<h3><span style=\"color: inherit; font-size: 1.56em; font-weight: 600;\">Recursos<\/span><\/h3>\r\n<ul>\r\n<li><a href=\"https:\/\/educacio.gencat.cat\/ca\/serveis-tramits\/proves\/proves-acces\/gm-fp\/\" target=\"_blank\" rel=\"noopener\">Informaci\u00f3 sobre les proves d\u2019acc\u00e9s (GenCat)<\/a><\/li>\r\n<li><a href=\"https:\/\/www.xelu.net\/html\/materials\/materials_fitxa.php?idioma=catala&amp;materials_ID=24\" target=\"_blank\" rel=\"noopener\">Proves i solucions d\u2019anys anteriors (Xelu.net)<\/a><\/li>\r\n<\/ul>\r\n","protected":false},"excerpt":{"rendered":"<p>Descripci\u00f3Aquests estudis preparen per accedir als estudis de Cicles Formatius de Grau Mitj\u00e0, tant als de Formaci\u00f3 professional, com als estudis d&#8217;arts pl\u00e0stiques i disseny, o als estudis d&#8217;ensenyaments esportius.<br \/>\nContingutsLes mat\u00e8ries que oferim en aquest Curs d&#8217;Acc\u00e9s a Cicles Formatius de Grau Mitj\u00e0 s\u00f3n les&hellip;  <a href=\"https:\/\/agora.xtec.cat\/cfa-vallirana\/ensenyaments\/ensenyaments-per-a-la-preparacio-de-proves-dacces\/a-cicles-formatius-de-grau-mitja\/\" title=\"Read A cicles formatius de grau mitj\u00e0\">Llegeix m\u00e9s\u00bb<\/a><\/p>\n","protected":false},"author":1,"featured_media":0,"parent":288,"menu_order":0,"comment_status":"closed","ping_status":"closed","template":"page-templates\/side-menu.php","meta":{"_bbp_topic_count":0,"_bbp_reply_count":0,"_bbp_total_topic_count":0,"_bbp_total_reply_count":0,"_bbp_voice_count":0,"_bbp_anonymous_reply_count":0,"_bbp_topic_count_hidden":0,"_bbp_reply_count_hidden":0,"_bbp_forum_subforum_count":0,"footnotes":""},"class_list":["post-318","page","type-page","status-publish","hentry"],"post_mailing_queue_ids":[],"_links":{"self":[{"href":"https:\/\/agora.xtec.cat\/cfa-vallirana\/wp-json\/wp\/v2\/pages\/318","targetHints":{"allow":["GET"]}}],"collection":[{"href":"https:\/\/agora.xtec.cat\/cfa-vallirana\/wp-json\/wp\/v2\/pages"}],"about":[{"href":"https:\/\/agora.xtec.cat\/cfa-vallirana\/wp-json\/wp\/v2\/types\/page"}],"author":[{"embeddable":true,"href":"https:\/\/agora.xtec.cat\/cfa-vallirana\/wp-json\/wp\/v2\/users\/1"}],"replies":[{"embeddable":true,"href":"https:\/\/agora.xtec.cat\/cfa-vallirana\/wp-json\/wp\/v2\/comments?post=318"}],"version-history":[{"count":5,"href":"https:\/\/agora.xtec.cat\/cfa-vallirana\/wp-json\/wp\/v2\/pages\/318\/revisions"}],"predecessor-version":[{"id":1978,"href":"https:\/\/agora.xtec.cat\/cfa-vallirana\/wp-json\/wp\/v2\/pages\/318\/revisions\/1978"}],"up":[{"embeddable":true,"href":"https:\/\/agora.xtec.cat\/cfa-vallirana\/wp-json\/wp\/v2\/pages\/288"}],"wp:attachment":[{"href":"https:\/\/agora.xtec.cat\/cfa-vallirana\/wp-json\/wp\/v2\/media?parent=318"}],"curies":[{"name":"wp","href":"https:\/\/api.w.org\/{rel}","templated":true}]}}

A cicles formatius de grau mitjà

<p style="text-align: justify;"><strong>Descripció</strong><br />Aquests estudis preparen per accedir als estudis de Cicles Formatius de Grau Mitjà, tant als de Formació professional, com als estudis d&#8217;arts plàstiques i disseny, o als estudis d&#8217;ensenyaments esportius.</p>
<p style="text-align: justify;"><strong>Continguts</strong><br />Les matèries que oferim en aquest Curs d&#8217;Accés a Cicles Formatius de Grau Mitjà són les següents:<br />• competència en llengua catalana i castellana<br />• competència en llengua estrangera<br />• competència social i ciutadana<br />• competència matemàtica<br />• competència d&#8217;interacció amb el món físic<br />• competència en tecnologies</p>
<p style="text-align: justify;">La durada d&#8217;aquest curs és de 429 hores, més una hora setmanal de Tutoria i Orientació.</p>
<p style="text-align: justify;"><strong>Accés</strong><br />Amb caràcter general, per accedir a l&#8217;educació d&#8217;adults cal tenir més de 18 anys, o bé complir-los durant l&#8217;any natural en què s&#8217;inicia la formació, però les persones que compleixin com a mínim 16 anys l&#8217;any natural que inicien la formació també poden accedir a aquest curs.</p>
<p style="text-align: justify;">Cal tenir en compte, doncs, que per poder matricular-se al curs es requereix tenir, almenys, setze anys, complerts en l’any d’inici del curs.</p>
<h3><span style="color: inherit; font-size: 1.56em; font-weight: 600;">Recursos</span></h3>
<ul>
<li><a href="https://educacio.gencat.cat/ca/serveis-tramits/proves/proves-acces/gm-fp/" target="_blank" rel="noopener">Informació sobre les proves d’accés (GenCat)</a></li>
<li><a href="https://www.xelu.net/html/materials/materials_fitxa.php?idioma=catala&amp;materials_ID=24" target="_blank" rel="noopener">Proves i solucions d’anys anteriors (Xelu.net)</a></li>
</ul>

<p>DescripcióAquests estudis preparen per accedir als estudis de Cicles Formatius de Grau Mitjà, tant als de Formació professional, com als estudis d&#8217;arts plàstiques i disseny, o als estudis d&#8217;ensenyaments esportius.<br />
ContingutsLes matèries que oferim en aquest Curs d&#8217;Accés a Cicles Formatius de Grau Mitjà són les&hellip;  <a href="https://agora.xtec.cat/cfa-vallirana/ensenyaments/ensenyaments-per-a-la-preparacio-de-proves-dacces/a-cicles-formatius-de-grau-mitja/" title="Read A cicles formatius de grau mitjà">Llegeix més»</a></p>
