{"id":274,"date":"2015-01-27T17:56:20","date_gmt":"2015-01-27T16:56:20","guid":{"rendered":"http:\/\/agora.xtec.cat\/cfa-vallirana\/?page_id=274"},"modified":"2025-09-20T12:44:42","modified_gmt":"2025-09-20T10:44:42","slug":"ensenyaments","status":"publish","type":"page","link":"https:\/\/agora.xtec.cat\/cfa-vallirana\/ensenyaments\/","title":{"rendered":"Ensenyaments"},"content":{"rendered":"<p>Tot seguit us fem un llistat amb la nostra oferta educativa per aquest nou curs 2025-26.<\/p>\n<h3><span style=\"text-decoration: underline;\">Ensenyaments inicials i formaci\u00f3 b\u00e0sica<\/span><\/h3>\n<ul>\n<li><strong>Llengua Espanyola<\/strong> (Nivells A1 i A2)<\/li>\n<li><strong>Formaci\u00f3 Instrumental<\/strong> (Nivells II, III, i IV)<\/li>\n<li><strong>Graduat en Educaci\u00f3 Secund\u00e0ria<\/strong> (<strong>GES<\/strong>) per a persones adultes a trav\u00e9s de <span style=\"text-decoration: underline;\">l&#8217;Institut Obert de Catalunya<\/span> (<strong>IOC<\/strong>). (Trobareu m\u00e9s informaci\u00f3 sobre aquest curs a: <a href=\"https:\/\/ioc.xtec.cat\/educacio\/ges\" target=\"_blank\" rel=\"noopener\">https:\/\/ioc.xtec.cat\/educacio\/ges<\/a>)<\/li>\n<\/ul>\n<h3><span style=\"text-decoration: underline;\">Ensenyament d&#8217;acc\u00e9s directe a Cicles Formatius de Grau Mitj\u00e0<\/span><\/h3>\n<ul>\n<li><strong>Curs Preparatori<\/strong> per a l\u2019acc\u00e9s a <strong>Cicles Formatius de Grau Mitj\u00e0<\/strong> (<strong>CAM<\/strong>)<\/li>\n<\/ul>\n<p>(Podeu consultar m\u00e9s detalls sobre com funciona aquest curs en el seg\u00fcent enlla\u00e7: <a href=\"https:\/\/projectes.xtec.cat\/xarxadults\/ensenyaments\/preparacio-per-a-les-proves-dacces-i-cam\/curs-dacces-a-grau-mitja-cam\/\" target=\"_blank\" rel=\"noopener\">https:\/\/projectes.xtec.cat\/xarxadults\/ensenyaments\/preparacio-per-a-les-proves-dacces-i-cam\/curs-dacces-a-grau-mitja-cam\/<\/a>)<\/p>\n<h3><span style=\"text-decoration: underline;\">Ensenyaments per a la preparaci\u00f3 de proves d&#8217;acc\u00e9s<\/span><\/h3>\n<ul>\n<li>A <strong>Cicles Formatius de Grau Superior<\/strong><\/li>\n<\/ul>\n<p>Aquest curs <strong data-start=\"339\" data-end=\"397\">no s&#8217;ha pogut obrir grup per manca d\u2019alumnat suficient<\/strong> (tot i que hi havia algunes persones interessades).<br data-start=\"449\" data-end=\"452\" data-is-only-node=\"\" \/>Si t\u2019agradaria fer-lo el curs vinent, <strong>omple el formulari, <\/strong><strong data-start=\"492\" data-end=\"520\">deixa\u2019ns les teves dades<\/strong> i t\u2019avisarem si s\u2019obre un nou grup. Ves a: &#8220;<strong><a href=\"https:\/\/agora.xtec.cat\/cfa-vallirana\/preparacio-prova-acces-cfgs\/\" rel=\"noopener\">Formulari<\/a><\/strong>&#8221;<\/p>\n<ul>\n<li>A la <strong>Universitat<\/strong> per a <strong>majors de 25<\/strong> o <strong>majors de 45 anys<\/strong><\/li>\n<\/ul>\n<p>Aquest curs <strong data-start=\"339\" data-end=\"397\">no s\u2019ha pogut obrir grup per manca d\u2019alumnat suficient<\/strong> (tot i que hi havia algunes persones interessades).<br data-start=\"449\" data-end=\"452\" data-is-only-node=\"\" \/>Si t\u2019agradaria fer-lo el curs vinent, <strong data-start=\"492\" data-end=\"520\">deixa\u2019ns les teves dades<\/strong> i t\u2019avisarem si s\u2019obre un nou grup.<\/p>\n","protected":false},"excerpt":{"rendered":"<p>Tot seguit us fem un llistat amb la nostra oferta educativa per aquest nou curs 2025-26.<br \/>\nEnsenyaments inicials i formaci\u00f3 b\u00e0sica<\/p>\n<ul>\n<li>Llengua Espanyola (Nivells A1 i A2)<\/li>\n<li>Formaci\u00f3 Instrumental (Nivells II, III, i IV)<\/li>\n<li>Graduat en Educaci\u00f3 Secund\u00e0ria (GES) per a persones adultes a trav\u00e9s de l&#8217;Institut Obert de&hellip;  <a href=\"https:\/\/agora.xtec.cat\/cfa-vallirana\/ensenyaments\/\" title=\"Read Ensenyaments\">Llegeix m\u00e9s\u00bb<\/a><br \/>\n","protected":false},"author":1,"featured_media":0,"parent":0,"menu_order":0,"comment_status":"closed","ping_status":"closed","template":"","meta":{"_bbp_topic_count":0,"_bbp_reply_count":0,"_bbp_total_topic_count":0,"_bbp_total_reply_count":0,"_bbp_voice_count":0,"_bbp_anonymous_reply_count":0,"_bbp_topic_count_hidden":0,"_bbp_reply_count_hidden":0,"_bbp_forum_subforum_count":0,"footnotes":""},"class_list":["post-274","page","type-page","status-publish","hentry"],"post_mailing_queue_ids":[],"_links":{"self":[{"href":"https:\/\/agora.xtec.cat\/cfa-vallirana\/wp-json\/wp\/v2\/pages\/274","targetHints":{"allow":["GET"]}}],"collection":[{"href":"https:\/\/agora.xtec.cat\/cfa-vallirana\/wp-json\/wp\/v2\/pages"}],"about":[{"href":"https:\/\/agora.xtec.cat\/cfa-vallirana\/wp-json\/wp\/v2\/types\/page"}],"author":[{"embeddable":true,"href":"https:\/\/agora.xtec.cat\/cfa-vallirana\/wp-json\/wp\/v2\/users\/1"}],"replies":[{"embeddable":true,"href":"https:\/\/agora.xtec.cat\/cfa-vallirana\/wp-json\/wp\/v2\/comments?post=274"}],"version-history":[{"count":6,"href":"https:\/\/agora.xtec.cat\/cfa-vallirana\/wp-json\/wp\/v2\/pages\/274\/revisions"}],"predecessor-version":[{"id":2153,"href":"https:\/\/agora.xtec.cat\/cfa-vallirana\/wp-json\/wp\/v2\/pages\/274\/revisions\/2153"}],"wp:attachment":[{"href":"https:\/\/agora.xtec.cat\/cfa-vallirana\/wp-json\/wp\/v2\/media?parent=274"}],"curies":[{"name":"wp","href":"https:\/\/api.w.org\/{rel}","templated":true}]}}

<p>Tot seguit us fem un llistat amb la nostra oferta educativa per aquest nou curs 2025-26.</p>
<h3><span style="text-decoration: underline;">Ensenyaments inicials i formació bàsica</span></h3>
<ul>
<li><strong>Llengua Espanyola</strong> (Nivells A1 i A2)</li>
<li><strong>Formació Instrumental</strong> (Nivells II, III, i IV)</li>
<li><strong>Graduat en Educació Secundària</strong> (<strong>GES</strong>) per a persones adultes a través de <span style="text-decoration: underline;">l&#8217;Institut Obert de Catalunya</span> (<strong>IOC</strong>). (Trobareu més informació sobre aquest curs a: <a href="https://ioc.xtec.cat/educacio/ges" target="_blank" rel="noopener">https://ioc.xtec.cat/educacio/ges</a>)</li>
</ul>
<h3><span style="text-decoration: underline;">Ensenyament d&#8217;accés directe a Cicles Formatius de Grau Mitjà</span></h3>
<ul>
<li><strong>Curs Preparatori</strong> per a l’accés a <strong>Cicles Formatius de Grau Mitjà</strong> (<strong>CAM</strong>)</li>
</ul>
<p>(Podeu consultar més detalls sobre com funciona aquest curs en el següent enllaç: <a href="https://projectes.xtec.cat/xarxadults/ensenyaments/preparacio-per-a-les-proves-dacces-i-cam/curs-dacces-a-grau-mitja-cam/" target="_blank" rel="noopener">https://projectes.xtec.cat/xarxadults/ensenyaments/preparacio-per-a-les-proves-dacces-i-cam/curs-dacces-a-grau-mitja-cam/</a>)</p>
<h3><span style="text-decoration: underline;">Ensenyaments per a la preparació de proves d&#8217;accés</span></h3>
<ul>
<li>A <strong>Cicles Formatius de Grau Superior</strong></li>
</ul>
<p>Aquest curs <strong data-start="339" data-end="397">no s&#8217;ha pogut obrir grup per manca d’alumnat suficient</strong> (tot i que hi havia algunes persones interessades).<br data-start="449" data-end="452" data-is-only-node="" />Si t’agradaria fer-lo el curs vinent, <strong>omple el formulari, </strong><strong data-start="492" data-end="520">deixa’ns les teves dades</strong> i t’avisarem si s’obre un nou grup. Ves a: &#8220;<strong><a href="https://agora.xtec.cat/cfa-vallirana/preparacio-prova-acces-cfgs/" rel="noopener">Formulari</a></strong>&#8221;</p>
<ul>
<li>A la <strong>Universitat</strong> per a <strong>majors de 25</strong> o <strong>majors de 45 anys</strong></li>
</ul>
<p>Aquest curs <strong data-start="339" data-end="397">no s’ha pogut obrir grup per manca d’alumnat suficient</strong> (tot i que hi havia algunes persones interessades).<br data-start="449" data-end="452" data-is-only-node="" />Si t’agradaria fer-lo el curs vinent, <strong data-start="492" data-end="520">deixa’ns les teves dades</strong> i t’avisarem si s’obre un nou grup.</p>

<p>Tot seguit us fem un llistat amb la nostra oferta educativa per aquest nou curs 2025-26.<br />
Ensenyaments inicials i formació bàsica</p>
<ul>
<li>Llengua Espanyola (Nivells A1 i A2)</li>
<li>Formació Instrumental (Nivells II, III, i IV)</li>
<li>Graduat en Educació Secundària (GES) per a persones adultes a través de l&#8217;Institut Obert de&hellip;  <a href="https://agora.xtec.cat/cfa-vallirana/ensenyaments/" title="Read Ensenyaments">Llegeix més»</a><br />
