{"id":2131,"date":"2025-09-20T11:24:54","date_gmt":"2025-09-20T09:24:54","guid":{"rendered":"https:\/\/agora.xtec.cat\/cfa-vallirana\/?page_id=2131"},"modified":"2025-09-20T12:38:42","modified_gmt":"2025-09-20T10:38:42","slug":"preparacio-prova-acces-cfgs","status":"publish","type":"page","link":"https:\/\/agora.xtec.cat\/cfa-vallirana\/preparacio-prova-acces-cfgs\/","title":{"rendered":"Formulari d&#8217;inter\u00e8s per la Preparaci\u00f3 de la prova d&#8217;acc\u00e9s a CFGS"},"content":{"rendered":"\n<p>\n    Aquest curs <strong>no s\u2019ha pogut obrir grup per manca d\u2019alumnat suficient<\/strong>.<br \/>\n    Si t\u2019interessa fer-lo el curs vinent, deixa\u2019ns les teves dades i t\u2019avisarem quan s\u2019obri un nou grup.<br \/>\nAix\u00f2 ens ajuda a saber quantes persones hi ha interessades i planificar millor el proper curs 2026-2027.\n  <\/p>\n<p><!-- Formulari de Google Forms incrustat --><br \/>\n <iframe loading=\"lazy\" src=\"https:\/\/docs.google.com\/forms\/d\/e\/1FAIpQLSd61iVb5aGWJPiNJqNx6AuJYg7omaR_8xPAGGUL79RhJG-p3g\/viewform?embedded=true\" width=\"640\" height=\"350\" frameborder=\"0\" marginheight=\"0\" marginwidth=\"0\">S&#39;est\u00e0 carregant\u2026<\/iframe><\/p>\n<p>  <!-- Av\u00eds de protecci\u00f3 de dades --><\/p>\n<p style=\"font-size: 0.85rem; color: #555; margin-top: 1rem;\">\n    <strong>Protecci\u00f3 de dades:<\/strong> Les dades recollides en aquest formulari s\u2019utilitzaran \u00fanicament per informar-te sobre l\u2019obertura del curs de preparaci\u00f3 per a la prova d\u2019acc\u00e9s a CFGS. Es conservaran fins al tancament del per\u00edode de preinscripci\u00f3 del proper curs acad\u00e8mic.<br \/>\nPots exercir els teus drets d\u2019acc\u00e9s, rectificaci\u00f3 o supressi\u00f3 escrivint a <a href=\"mailto:vlrn.escolaadults@vallirana.cat\">vlrn.escolaadults@vallirana.cat<\/a><br \/>\n    Consulta la nostra<a href=\"https:\/\/web.gencat.cat\/ca\/ajuda\/avis_legal\/\" target=\"_blank\"> pol\u00edtica de privacitat<\/a>.\n  <\/p>\n<p>  <!-- Contacte per dubtes --><\/p>\n<p style=\"margin-top: 1rem;\">\n    \ud83d\udcde Per a m\u00e9s informaci\u00f3 tamb\u00e9 pots trucar-nos al<a href=\"tel:+34686666415\"> 686 666 415<\/a><br \/>\n    o escriure\u2019ns a<a href=\"mailto:vlrn.escolaadults@vallirana.cat\"> vlrn.escolaadults@vallirana.cat<\/a>.\n  <\/p>\n<\/section>\n","protected":false},"excerpt":{"rendered":"<p>    Aquest curs no s\u2019ha pogut obrir grup per manca d\u2019alumnat suficient.<br \/>\n    Si t\u2019interessa fer-lo el curs vinent, deixa\u2019ns les teves dades i t\u2019avisarem quan s\u2019obri un nou grup.<br \/>\nAix\u00f2 ens ajuda a saber quantes persones hi ha interessades i&hellip;  <a href=\"https:\/\/agora.xtec.cat\/cfa-vallirana\/preparacio-prova-acces-cfgs\/\" title=\"Read Formulari d&#8217;inter\u00e8s per la Preparaci\u00f3 de la prova d&#8217;acc\u00e9s a CFGS\">Llegeix m\u00e9s\u00bb<\/a><\/p>\n","protected":false},"author":1,"featured_media":0,"parent":0,"menu_order":0,"comment_status":"closed","ping_status":"closed","template":"","meta":{"_bbp_topic_count":0,"_bbp_reply_count":0,"_bbp_total_topic_count":0,"_bbp_total_reply_count":0,"_bbp_voice_count":0,"_bbp_anonymous_reply_count":0,"_bbp_topic_count_hidden":0,"_bbp_reply_count_hidden":0,"_bbp_forum_subforum_count":0,"footnotes":""},"class_list":["post-2131","page","type-page","status-publish","hentry"],"post_mailing_queue_ids":[],"_links":{"self":[{"href":"https:\/\/agora.xtec.cat\/cfa-vallirana\/wp-json\/wp\/v2\/pages\/2131","targetHints":{"allow":["GET"]}}],"collection":[{"href":"https:\/\/agora.xtec.cat\/cfa-vallirana\/wp-json\/wp\/v2\/pages"}],"about":[{"href":"https:\/\/agora.xtec.cat\/cfa-vallirana\/wp-json\/wp\/v2\/types\/page"}],"author":[{"embeddable":true,"href":"https:\/\/agora.xtec.cat\/cfa-vallirana\/wp-json\/wp\/v2\/users\/1"}],"replies":[{"embeddable":true,"href":"https:\/\/agora.xtec.cat\/cfa-vallirana\/wp-json\/wp\/v2\/comments?post=2131"}],"version-history":[{"count":6,"href":"https:\/\/agora.xtec.cat\/cfa-vallirana\/wp-json\/wp\/v2\/pages\/2131\/revisions"}],"predecessor-version":[{"id":2151,"href":"https:\/\/agora.xtec.cat\/cfa-vallirana\/wp-json\/wp\/v2\/pages\/2131\/revisions\/2151"}],"wp:attachment":[{"href":"https:\/\/agora.xtec.cat\/cfa-vallirana\/wp-json\/wp\/v2\/media?parent=2131"}],"curies":[{"name":"wp","href":"https:\/\/api.w.org\/{rel}","templated":true}]}}

Formulari d&#8217;interès per la Preparació de la prova d&#8217;accés a CFGS

<p>
    Aquest curs <strong>no s’ha pogut obrir grup per manca d’alumnat suficient</strong>.<br />
    Si t’interessa fer-lo el curs vinent, deixa’ns les teves dades i t’avisarem quan s’obri un nou grup.<br />
Això ens ajuda a saber quantes persones hi ha interessades i planificar millor el proper curs 2026-2027.
  </p>
<p><!-- Formulari de Google Forms incrustat --><br />
 <iframe loading="lazy" src="https://docs.google.com/forms/d/e/1FAIpQLSd61iVb5aGWJPiNJqNx6AuJYg7omaR_8xPAGGUL79RhJG-p3g/viewform?embedded=true" width="640" height="350" frameborder="0" marginheight="0" marginwidth="0">S&#39;està carregant…</iframe></p>
<p>  <!-- Avís de protecció de dades --></p>
<p style="font-size: 0.85rem; color: #555; margin-top: 1rem;">
    <strong>Protecció de dades:</strong> Les dades recollides en aquest formulari s’utilitzaran únicament per informar-te sobre l’obertura del curs de preparació per a la prova d’accés a CFGS. Es conservaran fins al tancament del període de preinscripció del proper curs acadèmic.<br />
Pots exercir els teus drets d’accés, rectificació o supressió escrivint a <a href="mailto:vlrn.escolaadults@vallirana.cat">vlrn.escolaadults@vallirana.cat</a><br />
    Consulta la nostra<a href="https://web.gencat.cat/ca/ajuda/avis_legal/" target="_blank"> política de privacitat</a>.
  </p>
<p>  <!-- Contacte per dubtes --></p>
<p style="margin-top: 1rem;">
    📞 Per a més informació també pots trucar-nos al<a href="tel:+34686666415"> 686 666 415</a><br />
    o escriure’ns a<a href="mailto:vlrn.escolaadults@vallirana.cat"> vlrn.escolaadults@vallirana.cat</a>.
  </p>
</section>

<p>    Aquest curs no s’ha pogut obrir grup per manca d’alumnat suficient.<br />
    Si t’interessa fer-lo el curs vinent, deixa’ns les teves dades i t’avisarem quan s’obri un nou grup.<br />
Això ens ajuda a saber quantes persones hi ha interessades i&hellip;  <a href="https://agora.xtec.cat/cfa-vallirana/preparacio-prova-acces-cfgs/" title="Read Formulari d&#8217;interès per la Preparació de la prova d&#8217;accés a CFGS">Llegeix més»</a></p>
