{"id":1642,"date":"2025-05-26T21:21:26","date_gmt":"2025-05-26T19:21:26","guid":{"rendered":"https:\/\/agora.xtec.cat\/cfa-vallirana\/?page_id=1642"},"modified":"2025-09-06T19:35:15","modified_gmt":"2025-09-06T17:35:15","slug":"ensenyament-dacces-directe","status":"publish","type":"page","link":"https:\/\/agora.xtec.cat\/cfa-vallirana\/ensenyament-dacces-directe\/","title":{"rendered":"Ensenyament d&#8217;acc\u00e9s directe"},"content":{"rendered":"<p>Us presentem el <strong>Curs Preparatori per a l&#8217;Acc\u00e9s a Cicles Formatius de Grau Mitj\u00e0<\/strong> que impartirem a partir d&#8217;aquest curs 2025-2026 a les instal\u00b7lacions del nostre centre.<\/p>\n<p>Es tracta d&#8217;un curs preparatori per acciedir directament a qualsevol cicle formatiu de grau mitj\u00e0.<\/p>\n<p>Podeu accedir a tota la informaci\u00f3 a trav\u00e9s d&#8217;aquesta p\u00e0gina de la Generalitat de Catalunya:<\/p>\n<blockquote class=\"wp-embedded-content\" data-secret=\"Q0S20uW8KE\"><p><a href=\"https:\/\/projectes.xtec.cat\/xarxadults\/ensenyaments\/preparacio-per-a-les-proves-dacces-i-cam\/curs-dacces-a-grau-mitja-cam\/\">Curs de formaci\u00f3 preparatori per a l&#8217;acc\u00e9s a cicles formatius de grau mitj\u00e0 (CAM)<\/a><\/p><\/blockquote>\n<p><iframe loading=\"lazy\" class=\"wp-embedded-content\" sandbox=\"allow-scripts\" security=\"restricted\" style=\"position: absolute; visibility: hidden;\" title=\"&#8220;Curs de formaci\u00f3 preparatori per a l&#8217;acc\u00e9s a cicles formatius de grau mitj\u00e0 (CAM)&#8221; &#8212; Servei d&#039;Educaci\u00f3 al Llarg de la Vida\" src=\"https:\/\/projectes.xtec.cat\/xarxadults\/ensenyaments\/preparacio-per-a-les-proves-dacces-i-cam\/curs-dacces-a-grau-mitja-cam\/embed\/#?secret=ImwUaergIz#?secret=Q0S20uW8KE\" data-secret=\"Q0S20uW8KE\" width=\"500\" height=\"282\" frameborder=\"0\" marginwidth=\"0\" marginheight=\"0\" scrolling=\"no\"><\/iframe><\/p>\n<p>&nbsp;<\/p>\n<p>&nbsp;<\/p>\n","protected":false},"excerpt":{"rendered":"<p>Us presentem el Curs Preparatori per a l&#8217;Acc\u00e9s a Cicles Formatius de Grau Mitj\u00e0 que impartirem a partir d&#8217;aquest curs 2025-2026 a les instal\u00b7lacions del nostre centre.<br \/>\nEs tracta d&#8217;un curs preparatori per acciedir directament a qualsevol cicle formatiu de grau mitj\u00e0.<br \/>\nPodeu accedir a tota la&hellip;  <a href=\"https:\/\/agora.xtec.cat\/cfa-vallirana\/ensenyament-dacces-directe\/\" title=\"Read Ensenyament d&#8217;acc\u00e9s directe\">Llegeix m\u00e9s\u00bb<\/a><\/p>\n","protected":false},"author":1,"featured_media":0,"parent":0,"menu_order":0,"comment_status":"closed","ping_status":"closed","template":"","meta":{"_bbp_topic_count":0,"_bbp_reply_count":0,"_bbp_total_topic_count":0,"_bbp_total_reply_count":0,"_bbp_voice_count":0,"_bbp_anonymous_reply_count":0,"_bbp_topic_count_hidden":0,"_bbp_reply_count_hidden":0,"_bbp_forum_subforum_count":0,"footnotes":""},"class_list":["post-1642","page","type-page","status-publish","hentry"],"post_mailing_queue_ids":[],"_links":{"self":[{"href":"https:\/\/agora.xtec.cat\/cfa-vallirana\/wp-json\/wp\/v2\/pages\/1642","targetHints":{"allow":["GET"]}}],"collection":[{"href":"https:\/\/agora.xtec.cat\/cfa-vallirana\/wp-json\/wp\/v2\/pages"}],"about":[{"href":"https:\/\/agora.xtec.cat\/cfa-vallirana\/wp-json\/wp\/v2\/types\/page"}],"author":[{"embeddable":true,"href":"https:\/\/agora.xtec.cat\/cfa-vallirana\/wp-json\/wp\/v2\/users\/1"}],"replies":[{"embeddable":true,"href":"https:\/\/agora.xtec.cat\/cfa-vallirana\/wp-json\/wp\/v2\/comments?post=1642"}],"version-history":[{"count":4,"href":"https:\/\/agora.xtec.cat\/cfa-vallirana\/wp-json\/wp\/v2\/pages\/1642\/revisions"}],"predecessor-version":[{"id":1980,"href":"https:\/\/agora.xtec.cat\/cfa-vallirana\/wp-json\/wp\/v2\/pages\/1642\/revisions\/1980"}],"wp:attachment":[{"href":"https:\/\/agora.xtec.cat\/cfa-vallirana\/wp-json\/wp\/v2\/media?parent=1642"}],"curies":[{"name":"wp","href":"https:\/\/api.w.org\/{rel}","templated":true}]}}

Ensenyament d&#8217;accés directe

<p>Us presentem el <strong>Curs Preparatori per a l&#8217;Accés a Cicles Formatius de Grau Mitjà</strong> que impartirem a partir d&#8217;aquest curs 2025-2026 a les instal·lacions del nostre centre.</p>
<p>Es tracta d&#8217;un curs preparatori per acciedir directament a qualsevol cicle formatiu de grau mitjà.</p>
<p>Podeu accedir a tota la informació a través d&#8217;aquesta pàgina de la Generalitat de Catalunya:</p>
<blockquote class="wp-embedded-content" data-secret="Q0S20uW8KE"><p><a href="https://projectes.xtec.cat/xarxadults/ensenyaments/preparacio-per-a-les-proves-dacces-i-cam/curs-dacces-a-grau-mitja-cam/">Curs de formació preparatori per a l&#8217;accés a cicles formatius de grau mitjà (CAM)</a></p></blockquote>
<p><iframe loading="lazy" class="wp-embedded-content" sandbox="allow-scripts" security="restricted" style="position: absolute; visibility: hidden;" title="&#8220;Curs de formació preparatori per a l&#8217;accés a cicles formatius de grau mitjà (CAM)&#8221; &#8212; Servei d&#039;Educació al Llarg de la Vida" src="https://projectes.xtec.cat/xarxadults/ensenyaments/preparacio-per-a-les-proves-dacces-i-cam/curs-dacces-a-grau-mitja-cam/embed/#?secret=ImwUaergIz#?secret=Q0S20uW8KE" data-secret="Q0S20uW8KE" width="500" height="282" frameborder="0" marginwidth="0" marginheight="0" scrolling="no"></iframe></p>
<p>&nbsp;</p>
<p>&nbsp;</p>

<p>Us presentem el Curs Preparatori per a l&#8217;Accés a Cicles Formatius de Grau Mitjà que impartirem a partir d&#8217;aquest curs 2025-2026 a les instal·lacions del nostre centre.<br />
Es tracta d&#8217;un curs preparatori per acciedir directament a qualsevol cicle formatiu de grau mitjà.<br />
Podeu accedir a tota la&hellip;  <a href="https://agora.xtec.cat/cfa-vallirana/ensenyament-dacces-directe/" title="Read Ensenyament d&#8217;accés directe">Llegeix més»</a></p>
