{"id":1397,"date":"2024-05-30T13:12:45","date_gmt":"2024-05-30T11:12:45","guid":{"rendered":"https:\/\/agora.xtec.cat\/cfa-vallirana\/?page_id=1397"},"modified":"2025-09-11T21:38:02","modified_gmt":"2025-09-11T19:38:02","slug":"sistema-acreditacio-fpcat","status":"publish","type":"page","link":"https:\/\/agora.xtec.cat\/cfa-vallirana\/sistema-acreditacio-fpcat\/","title":{"rendered":"SISTEMA ACREDITACI\u00d3 FPCAT"},"content":{"rendered":"<p><a href=\"https:\/\/fp.gencat.cat\/ca\/acreditacio\/em-vull-acreditar\/\"><strong>Sistema FPCAT d\u2019acreditaci\u00f3<\/strong><\/a><\/p>\n<p>\u00c9s l\u2019oportunitat d\u2019aconseguir una acreditaci\u00f3 oficial mitjan\u00e7ant la demostraci\u00f3 d\u2019all\u00f2 que la persona usu\u00e0ria \u00e9s capa\u00e7 de fer, a partir de la seva experi\u00e8ncia laboral, dels serveis prestats mitjan\u00e7ant una beca o voluntariat o la seva formaci\u00f3 no reconeguda oficialment.<\/p>\n<p>La persona usu\u00e0ria ha de participar en un seguit d\u2019entrevistes que preferentment s\u00f3n virtuals, en les quals ha de demostrar compet\u00e8ncies professionals que constitueixen part d\u2019un certificat o t\u00edtol professional.<\/p>\n<p>Si la persona demostra que ha adquirit les unitats o est\u00e0ndards de compet\u00e8ncia, obt\u00e9 una certificaci\u00f3 oficial que permet convalidar i completar la formaci\u00f3 d\u2019un certificat professional o t\u00edtol de formaci\u00f3 professional.<\/p>\n<p>L\u2019obtenci\u00f3 d\u2019un certificat d\u2019acreditaci\u00f3 facilita el desenvolupament professional i personal millorant el curr\u00edculum i les possibilitats de trobar feina. A m\u00e9s, quan s\u2019acaba el procediment, la persona usu\u00e0ria rep una orientaci\u00f3 sobre quin itinerari formatiu pot seguir.<\/p>\n<p>Per a les empreses representa l&#8217;oportunitat de promoure el manteniment actualitzat de les compet\u00e8ncies dels seus treballadors i treballadores.<\/p>\n<p>Per a m\u00e9s informaci\u00f3, podeu demanar cita per correu electr\u00f2nic a <a href=\"mailto:vlrnescolaadults@vallirana.cat\">vlrnescolaadults@vallirana.cat<\/a> \/ whatsapp al tel\u00e8fon 686 666 415<\/p>\n<p><a href=\"https:\/\/agora.xtec.cat\/cfa-vallirana\/wp-content\/uploads\/usu2577\/2024\/05\/IMATGE-FPCAT.png\"><img loading=\"lazy\" decoding=\"async\" class=\"alignnone size-full wp-image-1399\" src=\"https:\/\/agora.xtec.cat\/cfa-vallirana\/wp-content\/uploads\/usu2577\/2024\/05\/IMATGE-FPCAT.png\" alt=\"\" width=\"512\" height=\"346\" srcset=\"https:\/\/agora.xtec.cat\/cfa-vallirana\/wp-content\/uploads\/usu2577\/2024\/05\/IMATGE-FPCAT.png 512w, https:\/\/agora.xtec.cat\/cfa-vallirana\/wp-content\/uploads\/usu2577\/2024\/05\/IMATGE-FPCAT-300x203.png 300w\" sizes=\"auto, (max-width: 512px) 100vw, 512px\" \/><\/a><\/p>\n","protected":false},"excerpt":{"rendered":"<p><a href=\"https:\/\/fp.gencat.cat\/ca\/acreditacio\/em-vull-acreditar\/\">Sistema FPCAT d\u2019acreditaci\u00f3<\/a><br \/>\n\u00c9s l\u2019oportunitat d\u2019aconseguir una acreditaci\u00f3 oficial mitjan\u00e7ant la demostraci\u00f3 d\u2019all\u00f2 que la persona usu\u00e0ria \u00e9s capa\u00e7 de fer, a partir de la seva experi\u00e8ncia laboral, dels serveis prestats mitjan\u00e7ant una beca o voluntariat o la seva formaci\u00f3 no reconeguda oficialment.<br \/>\nLa persona usu\u00e0ria&hellip;  <a href=\"https:\/\/agora.xtec.cat\/cfa-vallirana\/sistema-acreditacio-fpcat\/\" title=\"Read SISTEMA ACREDITACI\u00d3 FPCAT\">Llegeix m\u00e9s\u00bb<\/a><\/p>\n","protected":false},"author":1,"featured_media":0,"parent":0,"menu_order":0,"comment_status":"closed","ping_status":"closed","template":"","meta":{"_bbp_topic_count":0,"_bbp_reply_count":0,"_bbp_total_topic_count":0,"_bbp_total_reply_count":0,"_bbp_voice_count":0,"_bbp_anonymous_reply_count":0,"_bbp_topic_count_hidden":0,"_bbp_reply_count_hidden":0,"_bbp_forum_subforum_count":0,"footnotes":""},"class_list":["post-1397","page","type-page","status-publish","hentry"],"post_mailing_queue_ids":[],"_links":{"self":[{"href":"https:\/\/agora.xtec.cat\/cfa-vallirana\/wp-json\/wp\/v2\/pages\/1397","targetHints":{"allow":["GET"]}}],"collection":[{"href":"https:\/\/agora.xtec.cat\/cfa-vallirana\/wp-json\/wp\/v2\/pages"}],"about":[{"href":"https:\/\/agora.xtec.cat\/cfa-vallirana\/wp-json\/wp\/v2\/types\/page"}],"author":[{"embeddable":true,"href":"https:\/\/agora.xtec.cat\/cfa-vallirana\/wp-json\/wp\/v2\/users\/1"}],"replies":[{"embeddable":true,"href":"https:\/\/agora.xtec.cat\/cfa-vallirana\/wp-json\/wp\/v2\/comments?post=1397"}],"version-history":[{"count":4,"href":"https:\/\/agora.xtec.cat\/cfa-vallirana\/wp-json\/wp\/v2\/pages\/1397\/revisions"}],"predecessor-version":[{"id":2022,"href":"https:\/\/agora.xtec.cat\/cfa-vallirana\/wp-json\/wp\/v2\/pages\/1397\/revisions\/2022"}],"wp:attachment":[{"href":"https:\/\/agora.xtec.cat\/cfa-vallirana\/wp-json\/wp\/v2\/media?parent=1397"}],"curies":[{"name":"wp","href":"https:\/\/api.w.org\/{rel}","templated":true}]}}

SISTEMA ACREDITACIÓ FPCAT

<p><a href="https://fp.gencat.cat/ca/acreditacio/em-vull-acreditar/"><strong>Sistema FPCAT d’acreditació</strong></a></p>
<p>És l’oportunitat d’aconseguir una acreditació oficial mitjançant la demostració d’allò que la persona usuària és capaç de fer, a partir de la seva experiència laboral, dels serveis prestats mitjançant una beca o voluntariat o la seva formació no reconeguda oficialment.</p>
<p>La persona usuària ha de participar en un seguit d’entrevistes que preferentment són virtuals, en les quals ha de demostrar competències professionals que constitueixen part d’un certificat o títol professional.</p>
<p>Si la persona demostra que ha adquirit les unitats o estàndards de competència, obté una certificació oficial que permet convalidar i completar la formació d’un certificat professional o títol de formació professional.</p>
<p>L’obtenció d’un certificat d’acreditació facilita el desenvolupament professional i personal millorant el currículum i les possibilitats de trobar feina. A més, quan s’acaba el procediment, la persona usuària rep una orientació sobre quin itinerari formatiu pot seguir.</p>
<p>Per a les empreses representa l&#8217;oportunitat de promoure el manteniment actualitzat de les competències dels seus treballadors i treballadores.</p>
<p>Per a més informació, podeu demanar cita per correu electrònic a <a href="mailto:vlrnescolaadults@vallirana.cat">vlrnescolaadults@vallirana.cat</a> / whatsapp al telèfon 686 666 415</p>
<p><a href="https://agora.xtec.cat/cfa-vallirana/wp-content/uploads/usu2577/2024/05/IMATGE-FPCAT.png"><img loading="lazy" decoding="async" class="alignnone size-full wp-image-1399" src="https://agora.xtec.cat/cfa-vallirana/wp-content/uploads/usu2577/2024/05/IMATGE-FPCAT.png" alt="" width="512" height="346" srcset="https://agora.xtec.cat/cfa-vallirana/wp-content/uploads/usu2577/2024/05/IMATGE-FPCAT.png 512w, https://agora.xtec.cat/cfa-vallirana/wp-content/uploads/usu2577/2024/05/IMATGE-FPCAT-300x203.png 300w" sizes="auto, (max-width: 512px) 100vw, 512px" /></a></p>

<p><a href="https://fp.gencat.cat/ca/acreditacio/em-vull-acreditar/">Sistema FPCAT d’acreditació</a><br />
És l’oportunitat d’aconseguir una acreditació oficial mitjançant la demostració d’allò que la persona usuària és capaç de fer, a partir de la seva experiència laboral, dels serveis prestats mitjançant una beca o voluntariat o la seva formació no reconeguda oficialment.<br />
La persona usuària&hellip;  <a href="https://agora.xtec.cat/cfa-vallirana/sistema-acreditacio-fpcat/" title="Read SISTEMA ACREDITACIÓ FPCAT">Llegeix més»</a></p>
