{"id":1007,"date":"2022-06-02T18:29:58","date_gmt":"2022-06-02T16:29:58","guid":{"rendered":"https:\/\/agora.xtec.cat\/cfa-vallirana\/?page_id=1007"},"modified":"2023-07-05T17:17:55","modified_gmt":"2023-07-05T15:17:55","slug":"part-estrategica","status":"publish","type":"page","link":"https:\/\/agora.xtec.cat\/cfa-vallirana\/normes-dorganitzacio-i-funcionament\/estrategia-digital-de-centre-edc\/part-estrategica\/","title":{"rendered":"Part estrat\u00e8gica"},"content":{"rendered":"\r\n<p>Seguint les indicacions del document definici\u00f3 de l&#8217;EDC, s&#8217;ha estructurat aquesta part en 4 fases: Diagnosi, Objectius, Planificaci\u00f3 i Seguiment, i Avaluaci\u00f3 i millora.<\/p>\r\n\r\n\r\n\r\n<div class=\"wp-block-buttons is-layout-flex wp-block-buttons-is-layout-flex\">\r\n<div class=\"wp-block-button has-custom-width wp-block-button__width-50 is-style-fill\"><a class=\"wp-block-button__link has-white-color has-text-color has-background no-border-radius\" style=\"background-color: #763333;\" href=\"https:\/\/agora.xtec.cat\/cfa-vallirana\/normes-dorganitzacio-i-funcionament\/estrategia-digital-de-centre-edc\/part-estrategica\/diagnosi\/\"><span class=\"tadv-color\" style=\"color: #ffffff;\">DIAGNOSI<\/span><\/a><\/div>\r\n\r\n\r\n\r\n<div class=\"wp-block-button has-custom-width wp-block-button__width-50 is-style-fill\"><a class=\"wp-block-button__link has-white-color has-text-color has-background no-border-radius\" style=\"background-color: #763333;\" href=\"https:\/\/agora.xtec.cat\/cfa-vallirana\/?page_id=1049\"><span class=\"tadv-color\" style=\"color: #ffffff;\">OBJECTIUS<\/span><\/a><\/div>\r\n\r\n\r\n\r\n<div class=\"wp-block-button has-custom-width wp-block-button__width-50 is-style-fill\"><a class=\"wp-block-button__link has-white-color has-text-color has-background no-border-radius\" style=\"background-color: #763333;\" href=\"https:\/\/agora.xtec.cat\/cfa-vallirana\/normes-dorganitzacio-i-funcionament\/estrategia-digital-de-centre-edc\/planificacio-i-seguiment\/\"><span class=\"tadv-color\" style=\"color: #ffffff;\">PLANIFICACI\u00d3 I SEGUIMENT<\/span><\/a><\/div>\r\n\r\n\r\n\r\n<div class=\"wp-block-button has-custom-width wp-block-button__width-50 is-style-fill\"><a class=\"wp-block-button__link has-white-color has-text-color has-background no-border-radius\" style=\"background-color: #763333;\" href=\"https:\/\/agora.xtec.cat\/cfa-vallirana\/normes-dorganitzacio-i-funcionament\/estrategia-digital-de-centre-edc\/%c2%b7-avaluacio\/\"><span class=\"tadv-color\" style=\"color: #ffffff;\">AVALUACI\u00d3 I MILLORA<\/span><\/a><\/div>\r\n<\/div>\r\n\r\n\r\n\r\n<div class=\"wp-block-buttons is-layout-flex wp-block-buttons-is-layout-flex\">\u00a0<\/div>\r\n","protected":false},"excerpt":{"rendered":"<p>Seguint les indicacions del document definici\u00f3 de l&#8217;EDC, s&#8217;ha estructurat aquesta part en 4 fases: Diagnosi, Objectius, Planificaci\u00f3 i Seguiment, i Avaluaci\u00f3 i millora.<\/p>\n<p><a class=\"wp-block-button__link has-white-color has-text-color has-background no-border-radius\" style=\"background-color: #763333;\" href=\"https:\/\/agora.xtec.cat\/cfa-vallirana\/normes-dorganitzacio-i-funcionament\/estrategia-digital-de-centre-edc\/part-estrategica\/diagnosi\/\">DIAGNOSI<\/a><\/p>\n<p><a class=\"wp-block-button__link has-white-color has-text-color has-background no-border-radius\" style=\"background-color: #763333;\" href=\"https:\/\/agora.xtec.cat\/cfa-vallirana\/?page_id=1049\">OBJECTIUS<\/a><\/p>\n<p><a class=\"wp-block-button__link has-white-color has-text-color has-background no-border-radius\"&hellip;  <a href=\"https:\/\/agora.xtec.cat\/cfa-vallirana\/normes-dorganitzacio-i-funcionament\/estrategia-digital-de-centre-edc\/part-estrategica\/\" title=\"Read Part estrat\u00e8gica\">Llegeix m\u00e9s\u00bb<\/a><\/p>\n","protected":false},"author":1,"featured_media":0,"parent":976,"menu_order":10,"comment_status":"closed","ping_status":"closed","template":"page-templates\/side-menu.php","meta":{"_bbp_topic_count":0,"_bbp_reply_count":0,"_bbp_total_topic_count":0,"_bbp_total_reply_count":0,"_bbp_voice_count":0,"_bbp_anonymous_reply_count":0,"_bbp_topic_count_hidden":0,"_bbp_reply_count_hidden":0,"_bbp_forum_subforum_count":0,"footnotes":""},"class_list":["post-1007","page","type-page","status-publish","hentry"],"post_mailing_queue_ids":[],"_links":{"self":[{"href":"https:\/\/agora.xtec.cat\/cfa-vallirana\/wp-json\/wp\/v2\/pages\/1007","targetHints":{"allow":["GET"]}}],"collection":[{"href":"https:\/\/agora.xtec.cat\/cfa-vallirana\/wp-json\/wp\/v2\/pages"}],"about":[{"href":"https:\/\/agora.xtec.cat\/cfa-vallirana\/wp-json\/wp\/v2\/types\/page"}],"author":[{"embeddable":true,"href":"https:\/\/agora.xtec.cat\/cfa-vallirana\/wp-json\/wp\/v2\/users\/1"}],"replies":[{"embeddable":true,"href":"https:\/\/agora.xtec.cat\/cfa-vallirana\/wp-json\/wp\/v2\/comments?post=1007"}],"version-history":[{"count":3,"href":"https:\/\/agora.xtec.cat\/cfa-vallirana\/wp-json\/wp\/v2\/pages\/1007\/revisions"}],"predecessor-version":[{"id":1312,"href":"https:\/\/agora.xtec.cat\/cfa-vallirana\/wp-json\/wp\/v2\/pages\/1007\/revisions\/1312"}],"up":[{"embeddable":true,"href":"https:\/\/agora.xtec.cat\/cfa-vallirana\/wp-json\/wp\/v2\/pages\/976"}],"wp:attachment":[{"href":"https:\/\/agora.xtec.cat\/cfa-vallirana\/wp-json\/wp\/v2\/media?parent=1007"}],"curies":[{"name":"wp","href":"https:\/\/api.w.org\/{rel}","templated":true}]}}

Part estratègica

<p>Seguint les indicacions del document definició de l&#8217;EDC, s&#8217;ha estructurat aquesta part en 4 fases: Diagnosi, Objectius, Planificació i Seguiment, i Avaluació i millora.</p>



<div class="wp-block-buttons is-layout-flex wp-block-buttons-is-layout-flex">
<div class="wp-block-button has-custom-width wp-block-button__width-50 is-style-fill"><a class="wp-block-button__link has-white-color has-text-color has-background no-border-radius" style="background-color: #763333;" href="https://agora.xtec.cat/cfa-vallirana/normes-dorganitzacio-i-funcionament/estrategia-digital-de-centre-edc/part-estrategica/diagnosi/"><span class="tadv-color" style="color: #ffffff;">DIAGNOSI</span></a></div>



<div class="wp-block-button has-custom-width wp-block-button__width-50 is-style-fill"><a class="wp-block-button__link has-white-color has-text-color has-background no-border-radius" style="background-color: #763333;" href="https://agora.xtec.cat/cfa-vallirana/?page_id=1049"><span class="tadv-color" style="color: #ffffff;">OBJECTIUS</span></a></div>



<div class="wp-block-button has-custom-width wp-block-button__width-50 is-style-fill"><a class="wp-block-button__link has-white-color has-text-color has-background no-border-radius" style="background-color: #763333;" href="https://agora.xtec.cat/cfa-vallirana/normes-dorganitzacio-i-funcionament/estrategia-digital-de-centre-edc/planificacio-i-seguiment/"><span class="tadv-color" style="color: #ffffff;">PLANIFICACIÓ I SEGUIMENT</span></a></div>



<div class="wp-block-button has-custom-width wp-block-button__width-50 is-style-fill"><a class="wp-block-button__link has-white-color has-text-color has-background no-border-radius" style="background-color: #763333;" href="https://agora.xtec.cat/cfa-vallirana/normes-dorganitzacio-i-funcionament/estrategia-digital-de-centre-edc/%c2%b7-avaluacio/"><span class="tadv-color" style="color: #ffffff;">AVALUACIÓ I MILLORA</span></a></div>
</div>



<div class="wp-block-buttons is-layout-flex wp-block-buttons-is-layout-flex"> </div>

<p>Seguint les indicacions del document definició de l&#8217;EDC, s&#8217;ha estructurat aquesta part en 4 fases: Diagnosi, Objectius, Planificació i Seguiment, i Avaluació i millora.</p>
<p><a class="wp-block-button__link has-white-color has-text-color has-background no-border-radius" style="background-color: #763333;" href="https://agora.xtec.cat/cfa-vallirana/normes-dorganitzacio-i-funcionament/estrategia-digital-de-centre-edc/part-estrategica/diagnosi/">DIAGNOSI</a></p>
<p><a class="wp-block-button__link has-white-color has-text-color has-background no-border-radius" style="background-color: #763333;" href="https://agora.xtec.cat/cfa-vallirana/?page_id=1049">OBJECTIUS</a></p>
<p><a class="wp-block-button__link has-white-color has-text-color has-background no-border-radius"&hellip;  <a href="https://agora.xtec.cat/cfa-vallirana/normes-dorganitzacio-i-funcionament/estrategia-digital-de-centre-edc/part-estrategica/" title="Read Part estratègica">Llegeix més»</a></p>
